{"id":1515,"date":"2018-01-23T13:13:55","date_gmt":"2018-01-23T15:13:55","guid":{"rendered":"https:\/\/wp.ufpel.edu.br\/ndh\/?page_id=1515"},"modified":"2019-06-12T15:10:47","modified_gmt":"2019-06-12T18:10:47","slug":"hr-numero-3-1997","status":"publish","type":"page","link":"https:\/\/wp.ufpel.edu.br\/ndh\/hr-numero-3-1997\/","title":{"rendered":"HR &#8211; N\u00famero 3 &#8211; 1997"},"content":{"rendered":"<p><strong><img data-recalc-dims=\"1\" loading=\"lazy\" decoding=\"async\" data-attachment-id=\"1526\" data-permalink=\"https:\/\/wp.ufpel.edu.br\/ndh\/hr-numero-3-1997\/capa\/#main\" data-orig-file=\"https:\/\/i0.wp.com\/wp.ufpel.edu.br\/ndh\/files\/2018\/01\/capa.png?fit=630%2C874&amp;ssl=1\" data-orig-size=\"630,874\" data-comments-opened=\"0\" data-image-meta=\"{&quot;aperture&quot;:&quot;0&quot;,&quot;credit&quot;:&quot;&quot;,&quot;camera&quot;:&quot;&quot;,&quot;caption&quot;:&quot;&quot;,&quot;created_timestamp&quot;:&quot;0&quot;,&quot;copyright&quot;:&quot;&quot;,&quot;focal_length&quot;:&quot;0&quot;,&quot;iso&quot;:&quot;0&quot;,&quot;shutter_speed&quot;:&quot;0&quot;,&quot;title&quot;:&quot;&quot;,&quot;orientation&quot;:&quot;0&quot;}\" data-image-title=\"capa\" data-image-description=\"\" data-image-caption=\"\" data-medium-file=\"https:\/\/i0.wp.com\/wp.ufpel.edu.br\/ndh\/files\/2018\/01\/capa.png?fit=229%2C318&amp;ssl=1\" data-large-file=\"https:\/\/i0.wp.com\/wp.ufpel.edu.br\/ndh\/files\/2018\/01\/capa.png?fit=630%2C220&amp;ssl=1\" class=\"alignleft size-medium wp-image-1526\" src=\"https:\/\/i0.wp.com\/wp.ufpel.edu.br\/ndh\/files\/2018\/01\/capa.png?resize=229%2C318&#038;ssl=1\" alt=\"\" width=\"229\" height=\"318\" srcset=\"https:\/\/i0.wp.com\/wp.ufpel.edu.br\/ndh\/files\/2018\/01\/capa.png?resize=229%2C318&amp;ssl=1 229w, https:\/\/i0.wp.com\/wp.ufpel.edu.br\/ndh\/files\/2018\/01\/capa.png?resize=115%2C159&amp;ssl=1 115w, https:\/\/i0.wp.com\/wp.ufpel.edu.br\/ndh\/files\/2018\/01\/capa.png?resize=619%2C859&amp;ssl=1 619w, https:\/\/i0.wp.com\/wp.ufpel.edu.br\/ndh\/files\/2018\/01\/capa.png?w=630&amp;ssl=1 630w\" sizes=\"auto, (max-width: 229px) 100vw, 229px\" \/>Dossi\u00ea: Escravid\u00e3o no Extremo Sul do Brasil<\/strong><\/p>\n<p><strong><a href=\"https:\/\/periodicos.ufpel.edu.br\/ojs2\/index.php\/HistRev\/article\/view\/16025\" target=\"_blank\" rel=\"noopener noreferrer\">O sistema escravista no Rio Grande do Sul: os invent\u00e1rios como fonte para a pesquisa hist\u00f3rica<\/a> <em>[Helga Iracema Landgraf Piccolo]<\/em><\/strong><\/p>\n<p><strong><a href=\"https:\/\/periodicos.ufpel.edu.br\/ojs2\/index.php\/HistRev\/article\/view\/16026\" target=\"_blank\" rel=\"noopener noreferrer\">1887: a revolta que oficialmente n\u00e3o houve ou de como abolicionistas se tornaram zeladores da ordem escravocrata<\/a> <em>[Beatriz Ana Loner]<\/em><\/strong><\/p>\n<p><strong><a href=\"https:\/\/periodicos.ufpel.edu.br\/ojs2\/index.php\/HistRev\/article\/view\/16027\" target=\"_blank\" rel=\"noopener noreferrer\">Negros, brancos e &#8220;pardos&#8221; na constru\u00e7\u00e3o do Novo Mundo, Pelotas 1848-1888<\/a> <em>[Ester J. B. Gutierrez]<\/em><\/strong><\/p>\n<p><strong><a href=\"https:\/\/periodicos.ufpel.edu.br\/ojs2\/index.php\/HistRev\/article\/view\/16028\" target=\"_blank\" rel=\"noopener noreferrer\">Pai Felipe: um epis\u00f3dio de charqueada e\/ou aspectos tem\u00e1ticos da obra de Alberto Coelho da Cunha<\/a> [Eduardo Arriada]<\/strong><\/p>\n<p><strong><a href=\"https:\/\/periodicos.ufpel.edu.br\/ojs2\/index.php\/HistRev\/article\/view\/16029\" target=\"_blank\" rel=\"noopener noreferrer\">O escravismo na regi\u00e3o meridional do Rio Grande do Sul: elementos contextuais e caracter\u00edsticas<\/a> [Agostinho Mario Dalla Vecchia]<\/strong><\/p>\n<p><strong>Instrumento de Trabalho<\/strong><\/p>\n<p><strong><a href=\"https:\/\/periodicos.ufpel.edu.br\/ojs2\/index.php\/HistRev\/article\/view\/16030\" target=\"_blank\" rel=\"noopener noreferrer\">N\u00facleo de Documenta\u00e7\u00e3o Hist\u00f3rica: novos rumos<\/a> [Beatriz Ana Loner e Lorena Almeida Gill]<\/strong><\/p>\n<p><strong>Artigos<\/strong><\/p>\n<p><strong><a href=\"https:\/\/periodicos.ufpel.edu.br\/ojs2\/index.php\/HistRev\/article\/view\/16031\" target=\"_blank\" rel=\"noopener noreferrer\">O fantasma da viol\u00eancia: reflex\u00f5es sobre &#8220;for\u00e7as centr\u00edfugas&#8221; e um objeto em revolu\u00e7\u00e3o<\/a> [Theophilos Rifiotis]<\/strong><\/p>\n<p><strong><a href=\"https:\/\/periodicos.ufpel.edu.br\/ojs2\/index.php\/HistRev\/article\/view\/16032\" target=\"_blank\" rel=\"noopener noreferrer\">A Gripe Espanhola em Pelotas<\/a> [Renata Brauner Ferreira]<\/strong><\/p>\n","protected":false},"excerpt":{"rendered":"<p>Dossi\u00ea: Escravid\u00e3o no Extremo Sul do Brasil O sistema escravista no Rio Grande do Sul: os invent\u00e1rios como fonte para a pesquisa hist\u00f3rica [Helga Iracema Landgraf Piccolo] 1887: a revolta que oficialmente n\u00e3o houve ou de como abolicionistas se tornaram zeladores da ordem escravocrata [Beatriz Ana Loner] Negros, brancos e &#8220;pardos&#8221; na constru\u00e7\u00e3o do Novo [&hellip;]<\/p>\n","protected":false},"author":718,"featured_media":0,"parent":0,"menu_order":0,"comment_status":"closed","ping_status":"closed","template":"","meta":{"jetpack_post_was_ever_published":false,"footnotes":""},"class_list":["post-1515","page","type-page","status-publish","hentry"],"jetpack_sharing_enabled":true,"jetpack_shortlink":"https:\/\/wp.me\/P9qy4R-or","jetpack_likes_enabled":true,"jetpack-related-posts":[],"_links":{"self":[{"href":"https:\/\/wp.ufpel.edu.br\/ndh\/wp-json\/wp\/v2\/pages\/1515","targetHints":{"allow":["GET"]}}],"collection":[{"href":"https:\/\/wp.ufpel.edu.br\/ndh\/wp-json\/wp\/v2\/pages"}],"about":[{"href":"https:\/\/wp.ufpel.edu.br\/ndh\/wp-json\/wp\/v2\/types\/page"}],"author":[{"embeddable":true,"href":"https:\/\/wp.ufpel.edu.br\/ndh\/wp-json\/wp\/v2\/users\/718"}],"replies":[{"embeddable":true,"href":"https:\/\/wp.ufpel.edu.br\/ndh\/wp-json\/wp\/v2\/comments?post=1515"}],"version-history":[{"count":4,"href":"https:\/\/wp.ufpel.edu.br\/ndh\/wp-json\/wp\/v2\/pages\/1515\/revisions"}],"predecessor-version":[{"id":1957,"href":"https:\/\/wp.ufpel.edu.br\/ndh\/wp-json\/wp\/v2\/pages\/1515\/revisions\/1957"}],"wp:attachment":[{"href":"https:\/\/wp.ufpel.edu.br\/ndh\/wp-json\/wp\/v2\/media?parent=1515"}],"curies":[{"name":"wp","href":"https:\/\/api.w.org\/{rel}","templated":true}]}}

HR &#8211; Número 3 &#8211; 1997

<p><strong><img data-recalc-dims="1" loading="lazy" decoding="async" data-attachment-id="1526" data-permalink="https://wp.ufpel.edu.br/ndh/hr-numero-3-1997/capa/#main" data-orig-file="https://i0.wp.com/wp.ufpel.edu.br/ndh/files/2018/01/capa.png?fit=630%2C874&amp;ssl=1" data-orig-size="630,874" data-comments-opened="0" data-image-meta="{&quot;aperture&quot;:&quot;0&quot;,&quot;credit&quot;:&quot;&quot;,&quot;camera&quot;:&quot;&quot;,&quot;caption&quot;:&quot;&quot;,&quot;created_timestamp&quot;:&quot;0&quot;,&quot;copyright&quot;:&quot;&quot;,&quot;focal_length&quot;:&quot;0&quot;,&quot;iso&quot;:&quot;0&quot;,&quot;shutter_speed&quot;:&quot;0&quot;,&quot;title&quot;:&quot;&quot;,&quot;orientation&quot;:&quot;0&quot;}" data-image-title="capa" data-image-description="" data-image-caption="" data-medium-file="https://i0.wp.com/wp.ufpel.edu.br/ndh/files/2018/01/capa.png?fit=229%2C318&amp;ssl=1" data-large-file="https://i0.wp.com/wp.ufpel.edu.br/ndh/files/2018/01/capa.png?fit=630%2C220&amp;ssl=1" class="alignleft size-medium wp-image-1526" src="https://i0.wp.com/wp.ufpel.edu.br/ndh/files/2018/01/capa.png?resize=229%2C318&#038;ssl=1" alt="" width="229" height="318" srcset="https://i0.wp.com/wp.ufpel.edu.br/ndh/files/2018/01/capa.png?resize=229%2C318&amp;ssl=1 229w, https://i0.wp.com/wp.ufpel.edu.br/ndh/files/2018/01/capa.png?resize=115%2C159&amp;ssl=1 115w, https://i0.wp.com/wp.ufpel.edu.br/ndh/files/2018/01/capa.png?resize=619%2C859&amp;ssl=1 619w, https://i0.wp.com/wp.ufpel.edu.br/ndh/files/2018/01/capa.png?w=630&amp;ssl=1 630w" sizes="auto, (max-width: 229px) 100vw, 229px" />Dossiê: Escravidão no Extremo Sul do Brasil</strong></p>
<p><strong><a href="https://periodicos.ufpel.edu.br/ojs2/index.php/HistRev/article/view/16025" target="_blank" rel="noopener noreferrer">O sistema escravista no Rio Grande do Sul: os inventários como fonte para a pesquisa histórica</a> <em>[Helga Iracema Landgraf Piccolo]</em></strong></p>
<p><strong><a href="https://periodicos.ufpel.edu.br/ojs2/index.php/HistRev/article/view/16026" target="_blank" rel="noopener noreferrer">1887: a revolta que oficialmente não houve ou de como abolicionistas se tornaram zeladores da ordem escravocrata</a> <em>[Beatriz Ana Loner]</em></strong></p>
<p><strong><a href="https://periodicos.ufpel.edu.br/ojs2/index.php/HistRev/article/view/16027" target="_blank" rel="noopener noreferrer">Negros, brancos e &#8220;pardos&#8221; na construção do Novo Mundo, Pelotas 1848-1888</a> <em>[Ester J. B. Gutierrez]</em></strong></p>
<p><strong><a href="https://periodicos.ufpel.edu.br/ojs2/index.php/HistRev/article/view/16028" target="_blank" rel="noopener noreferrer">Pai Felipe: um episódio de charqueada e/ou aspectos temáticos da obra de Alberto Coelho da Cunha</a> [Eduardo Arriada]</strong></p>
<p><strong><a href="https://periodicos.ufpel.edu.br/ojs2/index.php/HistRev/article/view/16029" target="_blank" rel="noopener noreferrer">O escravismo na região meridional do Rio Grande do Sul: elementos contextuais e características</a> [Agostinho Mario Dalla Vecchia]</strong></p>
<p><strong>Instrumento de Trabalho</strong></p>
<p><strong><a href="https://periodicos.ufpel.edu.br/ojs2/index.php/HistRev/article/view/16030" target="_blank" rel="noopener noreferrer">Núcleo de Documentação Histórica: novos rumos</a> [Beatriz Ana Loner e Lorena Almeida Gill]</strong></p>
<p><strong>Artigos</strong></p>
<p><strong><a href="https://periodicos.ufpel.edu.br/ojs2/index.php/HistRev/article/view/16031" target="_blank" rel="noopener noreferrer">O fantasma da violência: reflexões sobre &#8220;forças centrífugas&#8221; e um objeto em revolução</a> [Theophilos Rifiotis]</strong></p>
<p><strong><a href="https://periodicos.ufpel.edu.br/ojs2/index.php/HistRev/article/view/16032" target="_blank" rel="noopener noreferrer">A Gripe Espanhola em Pelotas</a> [Renata Brauner Ferreira]</strong></p>

<p>Dossiê: Escravidão no Extremo Sul do Brasil O sistema escravista no Rio Grande do Sul: os inventários como fonte para a pesquisa histórica [Helga Iracema Landgraf Piccolo] 1887: a revolta que oficialmente não houve ou de como abolicionistas se tornaram zeladores da ordem escravocrata [Beatriz Ana Loner] Negros, brancos e &#8220;pardos&#8221; na construção do Novo [&hellip;]</p>
