{"id":88,"date":"2014-04-07T10:24:39","date_gmt":"2014-04-07T13:24:39","guid":{"rendered":"https:\/\/wp.ufpel.edu.br\/nai\/?page_id=88"},"modified":"2017-10-06T16:41:14","modified_gmt":"2017-10-06T19:41:14","slug":"interpretes-de-libras","status":"publish","type":"page","link":"https:\/\/wp.ufpel.edu.br\/nai\/interpretes-de-libras\/","title":{"rendered":"Tradutores Int\u00e9rpretes de Libras"},"content":{"rendered":"<p>&nbsp;<\/p>\n<p><img data-attachment-id=\"1263\" data-permalink=\"https:\/\/wp.ufpel.edu.br\/nai\/interpretes-de-libras\/logo-tils-proposta-nova\/\" data-orig-file=\"https:\/\/wp.ufpel.edu.br\/nai\/files\/2014\/04\/LOGO-TILS-proposta-nova.jpg\" data-orig-size=\"960,720\" data-comments-opened=\"0\" data-image-meta=\"{&quot;aperture&quot;:&quot;0&quot;,&quot;credit&quot;:&quot;&quot;,&quot;camera&quot;:&quot;&quot;,&quot;caption&quot;:&quot;&quot;,&quot;created_timestamp&quot;:&quot;0&quot;,&quot;copyright&quot;:&quot;&quot;,&quot;focal_length&quot;:&quot;0&quot;,&quot;iso&quot;:&quot;0&quot;,&quot;shutter_speed&quot;:&quot;0&quot;,&quot;title&quot;:&quot;&quot;,&quot;orientation&quot;:&quot;0&quot;}\" data-image-title=\"LOGO TILS\" data-image-description=\"\" data-image-caption=\"\" data-medium-file=\"https:\/\/wp.ufpel.edu.br\/nai\/files\/2014\/04\/LOGO-TILS-proposta-nova-400x300.jpg\" data-large-file=\"https:\/\/wp.ufpel.edu.br\/nai\/files\/2014\/04\/LOGO-TILS-proposta-nova.jpg\" class=\"aligncenter wp-image-1263\" src=\"https:\/\/wp.ufpel.edu.br\/nai\/files\/2014\/04\/LOGO-TILS-proposta-nova-400x300.jpg\" alt=\"Marca da Se\u00e7\u00e3o de Tradutores e Int\u00e9rpretes de Libras\" width=\"283\" height=\"212\" srcset=\"https:\/\/wp.ufpel.edu.br\/nai\/files\/2014\/04\/LOGO-TILS-proposta-nova-400x300.jpg 400w, https:\/\/wp.ufpel.edu.br\/nai\/files\/2014\/04\/LOGO-TILS-proposta-nova-768x576.jpg 768w, https:\/\/wp.ufpel.edu.br\/nai\/files\/2014\/04\/LOGO-TILS-proposta-nova.jpg 960w\" sizes=\"(max-width: 283px) 100vw, 283px\" \/><\/p>\n<p>&nbsp;<\/p>\n<p>Nosso site est\u00e1 recebendo melhorias, incluindo a tradu\u00e7\u00e3o para a L\u00edngua Brasileira de Sinais.<\/p>\n<p>&nbsp;<\/p>\n","protected":false},"excerpt":{"rendered":"<p>&nbsp; &nbsp; Nosso site est\u00e1 recebendo melhorias, incluindo a tradu\u00e7\u00e3o para a L\u00edngua Brasileira de Sinais. &nbsp;<\/p>\n","protected":false},"author":359,"featured_media":0,"parent":0,"menu_order":7,"comment_status":"closed","ping_status":"closed","template":"","meta":{"jetpack_post_was_ever_published":false,"footnotes":""},"class_list":["post-88","page","type-page","status-publish","hentry"],"jetpack_sharing_enabled":true,"jetpack_shortlink":"https:\/\/wp.me\/P90IOR-1q","_links":{"self":[{"href":"https:\/\/wp.ufpel.edu.br\/nai\/wp-json\/wp\/v2\/pages\/88","targetHints":{"allow":["GET"]}}],"collection":[{"href":"https:\/\/wp.ufpel.edu.br\/nai\/wp-json\/wp\/v2\/pages"}],"about":[{"href":"https:\/\/wp.ufpel.edu.br\/nai\/wp-json\/wp\/v2\/types\/page"}],"author":[{"embeddable":true,"href":"https:\/\/wp.ufpel.edu.br\/nai\/wp-json\/wp\/v2\/users\/359"}],"replies":[{"embeddable":true,"href":"https:\/\/wp.ufpel.edu.br\/nai\/wp-json\/wp\/v2\/comments?post=88"}],"version-history":[{"count":36,"href":"https:\/\/wp.ufpel.edu.br\/nai\/wp-json\/wp\/v2\/pages\/88\/revisions"}],"predecessor-version":[{"id":1716,"href":"https:\/\/wp.ufpel.edu.br\/nai\/wp-json\/wp\/v2\/pages\/88\/revisions\/1716"}],"wp:attachment":[{"href":"https:\/\/wp.ufpel.edu.br\/nai\/wp-json\/wp\/v2\/media?parent=88"}],"curies":[{"name":"wp","href":"https:\/\/api.w.org\/{rel}","templated":true}]}}

Tradutores Intérpretes de Libras

<p>&nbsp;</p>
<p><img data-attachment-id="1263" data-permalink="https://wp.ufpel.edu.br/nai/interpretes-de-libras/logo-tils-proposta-nova/" data-orig-file="https://wp.ufpel.edu.br/nai/files/2014/04/LOGO-TILS-proposta-nova.jpg" data-orig-size="960,720" data-comments-opened="0" data-image-meta="{&quot;aperture&quot;:&quot;0&quot;,&quot;credit&quot;:&quot;&quot;,&quot;camera&quot;:&quot;&quot;,&quot;caption&quot;:&quot;&quot;,&quot;created_timestamp&quot;:&quot;0&quot;,&quot;copyright&quot;:&quot;&quot;,&quot;focal_length&quot;:&quot;0&quot;,&quot;iso&quot;:&quot;0&quot;,&quot;shutter_speed&quot;:&quot;0&quot;,&quot;title&quot;:&quot;&quot;,&quot;orientation&quot;:&quot;0&quot;}" data-image-title="LOGO TILS" data-image-description="" data-image-caption="" data-medium-file="https://wp.ufpel.edu.br/nai/files/2014/04/LOGO-TILS-proposta-nova-400x300.jpg" data-large-file="https://wp.ufpel.edu.br/nai/files/2014/04/LOGO-TILS-proposta-nova.jpg" class="aligncenter wp-image-1263" src="https://wp.ufpel.edu.br/nai/files/2014/04/LOGO-TILS-proposta-nova-400x300.jpg" alt="Marca da Seção de Tradutores e Intérpretes de Libras" width="283" height="212" srcset="https://wp.ufpel.edu.br/nai/files/2014/04/LOGO-TILS-proposta-nova-400x300.jpg 400w, https://wp.ufpel.edu.br/nai/files/2014/04/LOGO-TILS-proposta-nova-768x576.jpg 768w, https://wp.ufpel.edu.br/nai/files/2014/04/LOGO-TILS-proposta-nova.jpg 960w" sizes="(max-width: 283px) 100vw, 283px" /></p>
<p>&nbsp;</p>
<p>Nosso site está recebendo melhorias, incluindo a tradução para a Língua Brasileira de Sinais.</p>
<p>&nbsp;</p>

<p>&nbsp; &nbsp; Nosso site está recebendo melhorias, incluindo a tradução para a Língua Brasileira de Sinais. &nbsp;</p>
