{"id":639,"date":"2017-04-11T10:53:51","date_gmt":"2017-04-11T13:53:51","guid":{"rendered":"https:\/\/wp.ufpel.edu.br\/nai\/?page_id=639"},"modified":"2018-07-10T16:57:39","modified_gmt":"2018-07-10T19:57:39","slug":"interpretacao-servico-oferecido","status":"publish","type":"page","link":"https:\/\/wp.ufpel.edu.br\/nai\/interpretacao-servico-oferecido\/","title":{"rendered":"INTERPRETA\u00c7\u00c3O"},"content":{"rendered":"<p>&nbsp;<\/p>\n<p style=\"text-align: left\"><span style=\"font-size: 12pt;font-family: verdana, geneva, sans-serif\"><strong>INTERPRETA\u00c7\u00c3O SIMULT\u00c2NEA<\/strong><\/span><\/p>\n<p style=\"text-align: left\"><span style=\"font-family: verdana, geneva, sans-serif;font-size: 12pt\">Interpretar di\u00e1logos realizados entre pessoas que falam idiomas diferentes (Libras e Portugu\u00eas); interpretar discursos, palestras, aulas expositivas, coment\u00e1rios, explica\u00e7\u00f5es, debates, enunciados de quest\u00f5es avaliativas e outras reuni\u00f5es an\u00e1logas; interpretar discuss\u00f5es e negocia\u00e7\u00f5es entre pessoas que falam idiomas diferentes (Libras e Portugu\u00eas).<\/span><\/p>\n<p style=\"text-align: left\"><span style=\"font-family: verdana, geneva, sans-serif;font-size: 12pt\">&#8211; Utilizar recursos de inform\u00e1tica.<\/span><\/p>\n<p style=\"text-align: left\"><span style=\"font-family: verdana, geneva, sans-serif;font-size: 12pt\">&#8211; Executar outras tarefas de mesma natureza e<\/span><br \/>\n<span style=\"font-family: verdana, geneva, sans-serif;font-size: 12pt\"> n\u00edvel de complexidade associadas ao ambiente organizacional.<\/span><\/p>\n<p>&nbsp;<\/p>\n<p><span id=\":4v.co\" class=\"tL8wMe EMoHub\" dir=\"ltr\" style=\"font-family: verdana, geneva, sans-serif;font-size: 12pt\">Trabalhamos em equipe, para garantir a qualidade de interpreta\u00e7\u00e3o e sa\u00fade dos profissionais,( <a href=\"https:\/\/wp.ufpel.edu.br\/nai\/files\/2017\/04\/D_PORTARIA_DUPLA_UFPEL_1668_2016.pdf\">Portaria 1668\/16<\/a> ) o n\u00famero necess\u00e1rio de profissionais envolvidos \u00e9 definido a partir dos detalhes fornecidos pelo solicitante, por isso a import\u00e2ncia dos pedidos serem feitos com anteced\u00eancia.<\/span><\/p>\n","protected":false},"excerpt":{"rendered":"<p>&nbsp; INTERPRETA\u00c7\u00c3O SIMULT\u00c2NEA Interpretar di\u00e1logos realizados entre pessoas que falam idiomas diferentes (Libras e Portugu\u00eas); interpretar discursos, palestras, aulas expositivas, coment\u00e1rios, explica\u00e7\u00f5es, debates, enunciados de quest\u00f5es avaliativas e outras reuni\u00f5es an\u00e1logas; interpretar discuss\u00f5es e negocia\u00e7\u00f5es entre pessoas que falam idiomas diferentes (Libras e Portugu\u00eas). &#8211; Utilizar recursos de inform\u00e1tica. &#8211; Executar outras tarefas de mesma [&hellip;]<\/p>\n","protected":false},"author":359,"featured_media":0,"parent":0,"menu_order":0,"comment_status":"closed","ping_status":"closed","template":"","meta":{"jetpack_post_was_ever_published":false,"footnotes":""},"class_list":["post-639","page","type-page","status-publish","hentry"],"jetpack_sharing_enabled":true,"jetpack_shortlink":"https:\/\/wp.me\/P90IOR-aj","_links":{"self":[{"href":"https:\/\/wp.ufpel.edu.br\/nai\/wp-json\/wp\/v2\/pages\/639","targetHints":{"allow":["GET"]}}],"collection":[{"href":"https:\/\/wp.ufpel.edu.br\/nai\/wp-json\/wp\/v2\/pages"}],"about":[{"href":"https:\/\/wp.ufpel.edu.br\/nai\/wp-json\/wp\/v2\/types\/page"}],"author":[{"embeddable":true,"href":"https:\/\/wp.ufpel.edu.br\/nai\/wp-json\/wp\/v2\/users\/359"}],"replies":[{"embeddable":true,"href":"https:\/\/wp.ufpel.edu.br\/nai\/wp-json\/wp\/v2\/comments?post=639"}],"version-history":[{"count":16,"href":"https:\/\/wp.ufpel.edu.br\/nai\/wp-json\/wp\/v2\/pages\/639\/revisions"}],"predecessor-version":[{"id":889,"href":"https:\/\/wp.ufpel.edu.br\/nai\/wp-json\/wp\/v2\/pages\/639\/revisions\/889"}],"wp:attachment":[{"href":"https:\/\/wp.ufpel.edu.br\/nai\/wp-json\/wp\/v2\/media?parent=639"}],"curies":[{"name":"wp","href":"https:\/\/api.w.org\/{rel}","templated":true}]}}