{"id":5379,"date":"2025-04-04T12:17:56","date_gmt":"2025-04-04T15:17:56","guid":{"rendered":"https:\/\/wp.ufpel.edu.br\/nai\/?page_id=5379"},"modified":"2025-04-15T17:37:24","modified_gmt":"2025-04-15T20:37:24","slug":"tils-em-acao-repositorio-de-sinais","status":"publish","type":"page","link":"https:\/\/wp.ufpel.edu.br\/nai\/tils-em-acao-repositorio-de-sinais\/","title":{"rendered":"TILS EM A\u00c7\u00c3O &#8211; REPOSIT\u00d3RIO DE SINAIS"},"content":{"rendered":"\n<figure class=\"wp-block-image size-full\"><img width=\"815\" height=\"206\" data-attachment-id=\"5365\" data-permalink=\"https:\/\/wp.ufpel.edu.br\/nai\/projeto-tils-em-acao\/nosso-edital-sera-lancado-no-dia-04-de-abril-de-2025\/\" data-orig-file=\"https:\/\/wp.ufpel.edu.br\/nai\/files\/2025\/04\/Nosso-edital-sera-lancado-no-dia-04-de-abril-de-2025.png\" data-orig-size=\"815,206\" data-comments-opened=\"0\" data-image-meta=\"{&quot;aperture&quot;:&quot;0&quot;,&quot;credit&quot;:&quot;&quot;,&quot;camera&quot;:&quot;&quot;,&quot;caption&quot;:&quot;&quot;,&quot;created_timestamp&quot;:&quot;0&quot;,&quot;copyright&quot;:&quot;&quot;,&quot;focal_length&quot;:&quot;0&quot;,&quot;iso&quot;:&quot;0&quot;,&quot;shutter_speed&quot;:&quot;0&quot;,&quot;title&quot;:&quot;&quot;,&quot;orientation&quot;:&quot;0&quot;}\" data-image-title=\"TILS EM A\u00c7\u00c3O\" data-image-description=\"\" data-image-caption=\"\" data-medium-file=\"https:\/\/wp.ufpel.edu.br\/nai\/files\/2025\/04\/Nosso-edital-sera-lancado-no-dia-04-de-abril-de-2025-400x101.png\" data-large-file=\"https:\/\/wp.ufpel.edu.br\/nai\/files\/2025\/04\/Nosso-edital-sera-lancado-no-dia-04-de-abril-de-2025.png\" src=\"https:\/\/wp.ufpel.edu.br\/nai\/files\/2025\/04\/Nosso-edital-sera-lancado-no-dia-04-de-abril-de-2025.png\" alt=\"\" class=\"wp-image-5365\" srcset=\"https:\/\/wp.ufpel.edu.br\/nai\/files\/2025\/04\/Nosso-edital-sera-lancado-no-dia-04-de-abril-de-2025.png 815w, https:\/\/wp.ufpel.edu.br\/nai\/files\/2025\/04\/Nosso-edital-sera-lancado-no-dia-04-de-abril-de-2025-400x101.png 400w, https:\/\/wp.ufpel.edu.br\/nai\/files\/2025\/04\/Nosso-edital-sera-lancado-no-dia-04-de-abril-de-2025-768x194.png 768w\" sizes=\"(max-width: 815px) 100vw, 815px\" \/><\/figure>\n\n\n\n<p><a href=\"https:\/\/drive.google.com\/file\/d\/1Qg3xJA10vng57ITQm5KelIlqE9IAq3Iu\/view?usp=drive_link\">Cliqui aqui e baixe no app para Android<\/a><\/p>\n\n\n<style>.kb-row-layout-id5379_cb753d-47 > .kt-row-column-wrap{align-content:start;}:where(.kb-row-layout-id5379_cb753d-47 > .kt-row-column-wrap) > .wp-block-kadence-column{justify-content:start;}.kb-row-layout-id5379_cb753d-47 > .kt-row-column-wrap{column-gap:var(--global-kb-gap-md, 2rem);row-gap:var(--global-kb-gap-md, 2rem);max-width:1256px;margin-left:auto;margin-right:auto;padding-top:var(--global-kb-spacing-sm, 1.5rem);padding-bottom:var(--global-kb-spacing-5xl, 10rem);grid-template-columns:minmax(0, 1fr);}.kb-row-layout-id5379_cb753d-47 > .kt-row-layout-overlay{opacity:0.30;}@media all and (max-width: 1024px){.kb-row-layout-id5379_cb753d-47 > .kt-row-column-wrap{grid-template-columns:minmax(0, 1fr);}}@media all and (max-width: 767px){.kb-row-layout-id5379_cb753d-47 > .kt-row-column-wrap{grid-template-columns:minmax(0, 1fr);}}<\/style><div class=\"kb-row-layout-wrap kb-row-layout-id5379_cb753d-47 alignnone wp-block-kadence-rowlayout\"><div class=\"kt-row-column-wrap kt-has-1-columns kt-row-layout-equal kt-tab-layout-inherit kt-mobile-layout-row kt-row-valign-top\">\n<style>.kadence-column5379_fce2aa-5b > .kt-inside-inner-col,.kadence-column5379_fce2aa-5b > .kt-inside-inner-col:before{border-top-left-radius:0px;border-top-right-radius:0px;border-bottom-right-radius:0px;border-bottom-left-radius:0px;}.kadence-column5379_fce2aa-5b > .kt-inside-inner-col{column-gap:var(--global-kb-gap-sm, 1rem);}.kadence-column5379_fce2aa-5b > .kt-inside-inner-col{flex-direction:column;}.kadence-column5379_fce2aa-5b > .kt-inside-inner-col > .aligncenter{width:100%;}.kadence-column5379_fce2aa-5b > .kt-inside-inner-col:before{opacity:0.3;}.kadence-column5379_fce2aa-5b{position:relative;}@media all and (max-width: 1024px){.kadence-column5379_fce2aa-5b > .kt-inside-inner-col{flex-direction:column;justify-content:center;}}@media all and (max-width: 767px){.kadence-column5379_fce2aa-5b > .kt-inside-inner-col{flex-direction:column;justify-content:center;}}<\/style>\n<div class=\"wp-block-kadence-column kadence-column5379_fce2aa-5b\"><div class=\"kt-inside-inner-col\">\n<iframe src=\"https:\/\/repositorio-libras.onrender.com\/;widget=true&amp;\nheaders=false\"\nwidth=\"100%\" \nheight=\"600\"\nstyle=\"width: 100%; max-width: 100%; border: none; overflow: hidden;\">\n<\/iframe>\n<\/div><\/div>\n\n<\/div><\/div>\n\n\n<p><\/p>\n","protected":false},"excerpt":{"rendered":"<p>Cliqui aqui e baixe no app para Android<\/p>\n","protected":false},"author":359,"featured_media":0,"parent":0,"menu_order":0,"comment_status":"closed","ping_status":"closed","template":"","meta":{"jetpack_post_was_ever_published":false,"footnotes":""},"class_list":["post-5379","page","type-page","status-publish","hentry"],"jetpack_sharing_enabled":true,"jetpack_shortlink":"https:\/\/wp.me\/P90IOR-1oL","_links":{"self":[{"href":"https:\/\/wp.ufpel.edu.br\/nai\/wp-json\/wp\/v2\/pages\/5379","targetHints":{"allow":["GET"]}}],"collection":[{"href":"https:\/\/wp.ufpel.edu.br\/nai\/wp-json\/wp\/v2\/pages"}],"about":[{"href":"https:\/\/wp.ufpel.edu.br\/nai\/wp-json\/wp\/v2\/types\/page"}],"author":[{"embeddable":true,"href":"https:\/\/wp.ufpel.edu.br\/nai\/wp-json\/wp\/v2\/users\/359"}],"replies":[{"embeddable":true,"href":"https:\/\/wp.ufpel.edu.br\/nai\/wp-json\/wp\/v2\/comments?post=5379"}],"version-history":[{"count":12,"href":"https:\/\/wp.ufpel.edu.br\/nai\/wp-json\/wp\/v2\/pages\/5379\/revisions"}],"predecessor-version":[{"id":5414,"href":"https:\/\/wp.ufpel.edu.br\/nai\/wp-json\/wp\/v2\/pages\/5379\/revisions\/5414"}],"wp:attachment":[{"href":"https:\/\/wp.ufpel.edu.br\/nai\/wp-json\/wp\/v2\/media?parent=5379"}],"curies":[{"name":"wp","href":"https:\/\/api.w.org\/{rel}","templated":true}]}}