{"id":513,"date":"2017-03-13T11:52:05","date_gmt":"2017-03-13T14:52:05","guid":{"rendered":"https:\/\/wp.ufpel.edu.br\/nai\/?page_id=513"},"modified":"2023-02-07T14:29:08","modified_gmt":"2023-02-07T17:29:08","slug":"contato","status":"publish","type":"page","link":"https:\/\/wp.ufpel.edu.br\/nai\/contato\/","title":{"rendered":"Contato"},"content":{"rendered":"<p style=\"text-align: justify; line-height: 15.0pt; background: white; vertical-align: baseline; margin: 3.75pt 0cm 7.5pt 0cm;\"><span style=\"font-size: 11.5pt; font-family: verdana, geneva, sans-serif;\"><span style=\"font-size: 14pt;\"><strong>N\u00daCLEO DE ACESSIBILIDADE E INCLUS\u00c3O &#8211; NAI<\/strong><\/span><br \/>\n<\/span><\/p>\n<p><strong><span style=\"font-family: verdana, geneva, sans-serif;\">Se\u00e7\u00e3o de Atendimento Educacional Especializado (AEE)<\/span><\/strong><\/p>\n<p><strong><span style=\"font-family: verdana, geneva, sans-serif;\">Apoio Pedag\u00f3gico<\/span><\/strong><\/p>\n<p>&nbsp;<\/p>\n<p style=\"text-align: justify; line-height: 15.0pt; background: white; vertical-align: baseline; margin: 3.75pt 0cm 7.5pt 0cm;\"><span style=\"font-family: verdana, geneva, sans-serif; font-size: 12pt;\"><strong>Endere\u00e7o:<\/strong> Rua Gomes Carneiro, n\u00ba 1. Sala B406.\u00a0 \u00a0CEP: 96010-610<br \/>\n<\/span><\/p>\n<p><span style=\"font-family: verdana, geneva, sans-serif;\"><strong>E-mail:<\/strong> <a href=\"mailto:nai@ufpel.edu.br\">nai@ufpel.edu.br<\/a><\/span><\/p>\n<hr \/>\n<p><iframe style=\"border: 0;\" src=\"https:\/\/www.google.com\/maps\/embed?pb=!1m18!1m12!1m3!1d713.0221590356895!2d-52.33618654772739!3d-31.778010197703892!2m3!1f0!2f0!3f0!3m2!1i1024!2i768!4f13.1!3m3!1m2!1s0x9511b5c13c0c7423%3A0xed41e77d4f5348d3!2sR.%20Gomes%20Carneiro%20-%20Centro%2C%20Pelotas%20-%20RS%2C%2096010-610!5e0!3m2!1spt-BR!2sbr!4v1675452591602!5m2!1spt-BR!2sbr\" width=\"600\" height=\"450\" allowfullscreen=\"allowfullscreen\"><\/iframe><\/p>\n","protected":false},"excerpt":{"rendered":"<p>N\u00daCLEO DE ACESSIBILIDADE E INCLUS\u00c3O &#8211; NAI Se\u00e7\u00e3o de Atendimento Educacional Especializado (AEE) Apoio Pedag\u00f3gico &nbsp; Endere\u00e7o: Rua Gomes Carneiro, n\u00ba 1. Sala B406.\u00a0 \u00a0CEP: 96010-610 E-mail: nai@ufpel.edu.br<\/p>\n","protected":false},"author":359,"featured_media":0,"parent":0,"menu_order":14,"comment_status":"closed","ping_status":"closed","template":"","meta":{"jetpack_post_was_ever_published":false,"footnotes":""},"class_list":["post-513","page","type-page","status-publish","hentry"],"jetpack_sharing_enabled":true,"jetpack_shortlink":"https:\/\/wp.me\/P90IOR-8h","_links":{"self":[{"href":"https:\/\/wp.ufpel.edu.br\/nai\/wp-json\/wp\/v2\/pages\/513","targetHints":{"allow":["GET"]}}],"collection":[{"href":"https:\/\/wp.ufpel.edu.br\/nai\/wp-json\/wp\/v2\/pages"}],"about":[{"href":"https:\/\/wp.ufpel.edu.br\/nai\/wp-json\/wp\/v2\/types\/page"}],"author":[{"embeddable":true,"href":"https:\/\/wp.ufpel.edu.br\/nai\/wp-json\/wp\/v2\/users\/359"}],"replies":[{"embeddable":true,"href":"https:\/\/wp.ufpel.edu.br\/nai\/wp-json\/wp\/v2\/comments?post=513"}],"version-history":[{"count":117,"href":"https:\/\/wp.ufpel.edu.br\/nai\/wp-json\/wp\/v2\/pages\/513\/revisions"}],"predecessor-version":[{"id":4704,"href":"https:\/\/wp.ufpel.edu.br\/nai\/wp-json\/wp\/v2\/pages\/513\/revisions\/4704"}],"wp:attachment":[{"href":"https:\/\/wp.ufpel.edu.br\/nai\/wp-json\/wp\/v2\/media?parent=513"}],"curies":[{"name":"wp","href":"https:\/\/api.w.org\/{rel}","templated":true}]}}