{"id":508,"date":"2017-03-13T11:47:12","date_gmt":"2017-03-13T14:47:12","guid":{"rendered":"https:\/\/wp.ufpel.edu.br\/nai\/?page_id=508"},"modified":"2019-01-21T10:49:25","modified_gmt":"2019-01-21T12:49:25","slug":"legislacao","status":"publish","type":"page","link":"https:\/\/wp.ufpel.edu.br\/nai\/legislacao\/","title":{"rendered":"Legisla\u00e7\u00e3o"},"content":{"rendered":"<p><a href=\"https:\/\/wp.ufpel.edu.br\/nai\/files\/2019\/01\/SEI_UFPel-0216861-Resolu\u00e7\u00e3o-03.2018-Consun.pdf\"><strong><span style=\"font-family: verdana, geneva, sans-serif\">SEI_UFPel-0216861-Resolu\u00e7\u00e3o-03.2018-Consun<\/span><\/strong><\/a><\/p>\n<p>&nbsp;<\/p>\n<p><strong><span style=\"font-family: verdana, geneva, sans-serif\">&#8211;\u00a0<a href=\"https:\/\/wp.ufpel.edu.br\/nai\/legislacao\/pdi-plano-de-desenvolvimento-institucional-ufpel_13-2015_rev04\/\" target=\"_blank\" rel=\"attachment wp-att-520 noopener\">PDI-Plano de Desenvolvimento Institucional UFPel_13-2015_rev04<\/a><\/span><\/strong><\/p>\n<p>&nbsp;<\/p>\n<p><strong><span style=\"font-family: verdana, geneva, sans-serif\">&#8211;\u00a0<a href=\"https:\/\/wp.ufpel.edu.br\/nai\/legislacao\/plano-institucional-de-acessibilidade\/\" target=\"_blank\" rel=\"attachment wp-att-517 noopener\">Plano-Institucional-de-Acessibilidade<\/a><\/span><\/strong><\/p>\n<p>&nbsp;<\/p>\n<p><strong><span style=\"font-family: verdana, geneva, sans-serif\">&#8211;\u00a0<a href=\"http:\/\/www.planalto.gov.br\/ccivil_03\/_ato2015-2018\/2016\/lei\/L13409.htm\" target=\"_blank\" rel=\"attachment wp-att-519 noopener\">Lei n\u00ba 13.409, de 28 de dezembro de 2016.<\/a><\/span><\/strong><\/p>\n<p>&nbsp;<\/p>\n<p><strong><span style=\"font-family: verdana, geneva, sans-serif\">&#8211;\u00a0<a href=\"https:\/\/wp.ufpel.edu.br\/nai\/legislacao\/lei-brasileira-de-inclusao-comentada-baixa\/\" target=\"_blank\" rel=\"attachment wp-att-521 noopener\">Lei 13.146, de 06 de julho de 2015 &#8211; Lei Brasileira de Inclus\u00e3o Comentada\u00a0<\/a><\/span><\/strong><\/p>\n<p>&nbsp;<\/p>\n<p style=\"text-align: left\"><span style=\"font-family: verdana, geneva, sans-serif\"><strong>&#8211; <a href=\"http:\/\/www.planalto.gov.br\/ccivil_03\/_Ato2015-2018\/2017\/Decreto\/D9034.htm\" target=\"_blank\" rel=\"noopener\">Decreto publicado no dia 20\/04\/2017 que disp\u00f5e sobre ingresso de\u00a0pessoas com defici\u00eancia\u00a0nas universidades federais e nas Institui\u00e7\u00f5es Federais<\/a><\/strong><\/span><\/p>\n<p>&nbsp;<\/p>\n<p style=\"text-align: left\"><span style=\"font-family: verdana, geneva, sans-serif\"><strong>&#8211; <a href=\"http:\/\/vestibular.brasilescola.uol.com.br\/cotas\/lei-das-cotas.htm\" target=\"_blank\" rel=\"noopener\">Lei de cotas<\/a><\/strong>\u00a0<\/span><\/p>\n<p>&nbsp;<\/p>\n<p style=\"text-align: left\"><span style=\"font-family: verdana, geneva, sans-serif\"><strong>&#8211; <a href=\"http:\/\/www2.camara.leg.br\/responsabilidade-social\/acessibilidade\/legislacao-pdf\/legislacao-brasileira-sobre-pessoas-portadoras-de-deficiencia\" target=\"_blank\" rel=\"noopener\">Legisla\u00e7\u00e3o brasileira sobre pessoas com defici\u00eancia<\/a><\/strong>\u00a0<\/span><\/p>\n<p>&nbsp;<\/p>\n<p style=\"text-align: left\"><span style=\"font-family: verdana, geneva, sans-serif\"><strong>&#8211; <a href=\"http:\/\/www.conede.sc.gov.br\/index.php?option=com_content&amp;view=article&amp;id=22:politica-nacional-de-integracao-da-pessoa-portadora-de-deficiencia&amp;catid=22:propostas-legislativa-em-tramitacao&amp;Itemid=16\" target=\"_blank\" rel=\"noopener\">Pol\u00edtica Nacional de integra\u00e7\u00e3o da pessoa portadora de defici\u00eancia<\/a><\/strong>\u00a0<\/span><\/p>\n<p>&nbsp;<\/p>\n<p style=\"text-align: left\"><span style=\"font-family: verdana, geneva, sans-serif\"><strong>&#8211; <a href=\"http:\/\/vestibular.brasilescola.uol.com.br\/noticias\/pessoas-com-deficiencia-sao-incluidas-entre-os-beneficiarios\/337812.html\" target=\"_blank\" rel=\"noopener\">Pessoas com defici\u00eancia s\u00e3o inclu\u00eddas entre os benefici\u00e1rios da lei de cotas<\/a>\u00a0<\/strong><\/span><\/p>\n<p>&nbsp;<\/p>\n<p style=\"text-align: left\"><span style=\"font-family: verdana, geneva, sans-serif\"><strong>&#8211; <a href=\"http:\/\/vestibular.brasilescola.uol.com.br\/cotas\/cotas-para-deficientes-pne.htm\" target=\"_blank\" rel=\"noopener\">Cotas para portadores de necessidades especiais (PNE)<\/a><\/strong><\/span><\/p>\n<p>&nbsp;<\/p>\n<p style=\"text-align: left\"><span style=\"font-family: verdana, geneva, sans-serif\"><strong>&#8211; <a href=\"http:\/\/www.pessoacomdeficiencia.sp.gov.br\/Content\/uploads\/20162317410_FINAL_SANCIONADALei_Brasileira_de_Inclusao_06julho2015.pdf\" target=\"_blank\" rel=\"noopener\">Lei brasileira de inclus\u00e3o e acessibilidade<\/a><\/strong><\/span><\/p>\n<p>&nbsp;<\/p>\n<p style=\"text-align: left\"><span style=\"font-family: verdana, geneva, sans-serif\"><strong>&#8211; <a href=\"http:\/\/www.planalto.gov.br\/ccivil_03\/_ato2015-2018\/2015\/lei\/l13146.htm\" target=\"_blank\" rel=\"noopener\">Lei brasileira de inclus\u00e3o da pessoa com defici\u00eancia<\/a><\/strong>\u00a0<\/span><\/p>\n<p>&nbsp;<\/p>\n<p style=\"text-align: left\"><span style=\"font-family: verdana, geneva, sans-serif\"><strong>&#8211; <a href=\"http:\/\/www.acessibilidadeinclusao.com.br\/\" target=\"_blank\" rel=\"noopener\">Orienta\u00e7\u00f5es para\u00a0 O Projeto de acessibilidade no Ensino Superior<\/a><\/strong>\u00a0<\/span><\/p>\n<p>&nbsp;<\/p>\n<p style=\"text-align: left\"><span style=\"font-family: verdana, geneva, sans-serif\"><strong>&#8211; <a href=\"https:\/\/inclusaoja.com.br\/2011\/06\/02\/orientacao-para-promocao-de-acessibilidade-nos-exames-nacionais-nota-tecnica-082011-mecseespgab\/\" target=\"_blank\" rel=\"noopener\">Orienta\u00e7\u00e3o para promo\u00e7\u00e3o de acessibilidade nos exames nacionais<\/a><\/strong>\u00a0<\/span><\/p>\n<p>&nbsp;<\/p>\n<p style=\"text-align: left\"><span style=\"font-family: verdana, geneva, sans-serif\"><strong>&#8211; <a href=\"https:\/\/inclusaoja.com.br\/2011\/06\/03\/orientacoes-para-a-organizacao-de-centros-de-aee-nota-tecnica-092010-mecseespgab\/\" target=\"_blank\" rel=\"noopener\">Organiza\u00e7\u00e3o de Centros de Atendimento Educacional Especializado<\/a><\/strong><\/span><\/p>\n<p>&nbsp;<\/p>\n<p style=\"text-align: left\"><span style=\"font-family: verdana, geneva, sans-serif\"><strong>&#8211; <a href=\"http:\/\/www2.camara.leg.br\/responsabilidade-social\/acessibilidade\/pdfs\/politica-de-acessibilidade\" target=\"_blank\" rel=\"noopener\">Pol\u00edtica de acessibilidade<\/a><\/strong><\/span><\/p>\n<p>&nbsp;<\/p>\n<p style=\"text-align: left\"><span style=\"font-family: verdana, geneva, sans-serif\"><strong>&#8211; <a href=\"http:\/\/www.pessoacomdeficiencia.gov.br\/app\/conade\" target=\"_blank\" rel=\"noopener\">Conselho Nacional dos Direitos da Pessoa com Defici\u00eancia (Conade)<\/a><\/strong><\/span><\/p>\n<p>&nbsp;<\/p>\n<p style=\"text-align: left\"><span style=\"font-family: verdana, geneva, sans-serif\"><strong>&#8211; <a href=\"http:\/\/bvsms.saude.gov.br\/bvs\/publicacoes\/politica_nacional_pessoa_com_deficiencia.pdf\" target=\"_blank\" rel=\"noopener\">Pol\u00edtica nacional de sa\u00fade da pessoa com defici\u00eancia<\/a><\/strong>\u00a0<\/span><\/p>\n<p>&nbsp;<\/p>\n<p style=\"text-align: left\"><span style=\"font-family: verdana, geneva, sans-serif\"><strong><span style=\"font-size: 12pt\">&#8211; <a href=\"http:\/\/portal.mec.gov.br\/index.php?option=com_docman&amp;view=download&amp;alias=4793-manual-acessibilidade&amp;category_slug=maio-2010-pdf&amp;Itemid=30192\" target=\"_blank\" rel=\"noopener\">Manual de acessibilidade espacial para escolas<\/a>\u00a0<\/span><\/strong><\/span><\/p>\n<p>&nbsp;<\/p>\n<p style=\"text-align: left\"><span style=\"font-family: verdana, geneva, sans-serif\"><span style=\"font-size: 12pt\"><strong>\u00a0<\/strong><\/span><strong><span style=\"font-size: 12pt\">&#8211; <a href=\"http:\/\/portal.mec.gov.br\/index.php?option=com_docman&amp;view=download&amp;alias=16690-politica-nacional-de-educacao-especial-na-perspectiva-da-educacao-inclusiva-05122014&amp;category_slug=dezembro-2014-pdf&amp;Itemid=30192\" target=\"_blank\" rel=\"noopener\">Pol\u00edtica Nacional de Educa\u00e7\u00e3o Especial na Perspectiva da Educa\u00e7\u00e3o Inclusiva<\/a>\u00a0<\/span><\/strong><\/span><\/p>\n<p>&nbsp;<\/p>\n<p style=\"text-align: left\"><span style=\"font-family: verdana, geneva, sans-serif\"><span style=\"font-size: 14pt\"><span style=\"font-size: 12pt\"><strong>&#8211; <a href=\"http:\/\/portal.mec.gov.br\/seesp\/arquivos\/pdf\/aee_ead.pdf\" target=\"_blank\" rel=\"noopener\">Orienta\u00e7\u00f5es gerais e educa\u00e7\u00e3o \u00e0 dist\u00e2ncia<\/a><\/strong><\/span>\u00a0<\/span><\/span><\/p>\n<p>&nbsp;<\/p>\n<p style=\"text-align: left\"><span style=\"font-family: verdana, geneva, sans-serif\"><strong><span style=\"font-size: 14pt\"><span style=\"font-size: 12pt\">&#8211; <a href=\"http:\/\/portal.mec.gov.br\/seesp\/arquivos\/pdf\/direitoaeducacao.pdf\" target=\"_blank\" rel=\"noopener\">Direito \u00e0 educa\u00e7\u00e3o: Subs\u00eddios para a gest\u00e3o dos sistemas educacionais<\/a>\u00a0<\/span><\/span><\/strong><\/span><\/p>\n<p>&nbsp;<\/p>\n<p style=\"text-align: left\"><span style=\"font-size: 12pt\"><span style=\"font-family: verdana, geneva, sans-serif\"><strong>&#8211; <a href=\"http:\/\/portal.mec.gov.br\/index.php?option=com_docman&amp;view=download&amp;alias=17237-secadi-documento-subsidiario-2015&amp;category_slug=marco-2015-pdf&amp;Itemid=30192\" target=\"_blank\" rel=\"noopener\">Documento subsidi\u00e1rio \u00e0 pol\u00edtica de inclus\u00e3o<\/a>\u00a0<\/strong><\/span><\/span><\/p>\n<p>&nbsp;<\/p>\n<p style=\"text-align: left\"><span style=\"font-size: 18pt\"><span style=\"font-family: verdana, geneva, sans-serif\"><strong>DEFICI\u00caNCIA VISUAL<\/strong><\/span><\/span><\/p>\n<p style=\"text-align: left\"><span style=\"font-family: verdana, geneva, sans-serif\"><strong>&#8211; <a href=\"http:\/\/www.simposioestadopoliticas.ufu.br\/imagens\/anais\/pdf\/BC24.pdf\" target=\"_blank\" rel=\"noopener\">Pol\u00edticas p\u00fablicas para a inclus\u00e3o de deficientes visuais no ensino superior<\/a>\u00a0<\/strong><\/span><\/p>\n<p>&nbsp;<\/p>\n<p style=\"text-align: left\"><span style=\"font-family: verdana, geneva, sans-serif\"><strong>&#8211; <a href=\"http:\/\/portal.mec.gov.br\/seesp\/arquivos\/pdf\/ori_mobi.pdf\" target=\"_blank\" rel=\"noopener\">Orienta\u00e7\u00e3o e mobilidade, conhecimentos b\u00e1sicos para a inclus\u00e3o da pessoa com defici\u00eancia visual<\/a><\/strong>\u00a0<\/span><\/p>\n<p>&nbsp;<\/p>\n<p style=\"text-align: left\"><span style=\"font-size: 18pt\"><span style=\"font-family: verdana, geneva, sans-serif\"><strong>DEFICI\u00caNCIA AUDITIVA<\/strong><\/span><\/span><\/p>\n<p style=\"text-align: left\"><span style=\"font-family: verdana, geneva, sans-serif\"><strong>&#8211; <a href=\"http:\/\/bvsms.saude.gov.br\/bvs\/saudelegis\/gm\/2004\/prt2073_28_09_2004.html\" target=\"_blank\" rel=\"noopener\">Pol\u00edtica Nacional de aten\u00e7\u00e3o a sa\u00fade auditiva<\/a>\u00a0<\/strong><\/span><\/p>\n<p>&nbsp;<\/p>\n<p style=\"text-align: left\"><span style=\"font-family: verdana, geneva, sans-serif\"><strong>&#8211; <a href=\"http:\/\/www.audiologiabrasil.org.br\/portal\/noticias_select.php?xtr=29&amp;\" target=\"_blank\" rel=\"noopener\">Nova Pol\u00edtica Nacional de sa\u00fade auditiva<\/a><\/strong>\u00a0<\/span><\/p>\n<p>&nbsp;<\/p>\n<p style=\"text-align: left\"><span style=\"font-family: verdana, geneva, sans-serif\"><strong>&#8211; <a href=\"http:\/\/www.psiquiatriainfantil.com.br\/congressos\/uel2007\/308.htm\" target=\"_blank\" rel=\"noopener\">Pol\u00edtica P\u00fablica e a Inclus\u00e3o do aluno surdo no Ensino Superior<\/a>\u00a0<\/strong><\/span><\/p>\n<p>&nbsp;<\/p>\n<p style=\"text-align: left\"><span style=\"font-family: verdana, geneva, sans-serif\"><strong>&#8211; <a href=\"http:\/\/www.pgsskroton.com.br\/seer\/index.php\/ensino\/article\/viewFile\/3104\/2880\" target=\"_blank\" rel=\"noopener\">Pol\u00edtica Nacional para a Inclus\u00e3o no Ensino Superior, uma Revis\u00e3o da Legisla\u00e7\u00e3o<\/a><\/strong>\u00a0<\/span><\/p>\n<p>&nbsp;<\/p>\n<p style=\"text-align: left\"><span style=\"font-family: verdana, geneva, sans-serif\"><strong>&#8211; <a href=\"http:\/\/portal.mec.gov.br\/seesp\/arquivos\/pdf\/alunossurdos.pdf\" target=\"_blank\" rel=\"noopener\">Saberes e pr\u00e1ticas da Inclus\u00e3o, conhecendo a surdez<\/a><\/strong><\/span><\/p>\n<p>&nbsp;<\/p>\n<p style=\"text-align: left\"><span style=\"font-size: 18pt\"><span style=\"font-family: verdana, geneva, sans-serif\"><strong>ALTAS HABILIDADES\/SUPERDOTA\u00c7\u00c3O<\/strong><\/span><\/span><\/p>\n<p style=\"text-align: left\"><span style=\"font-family: verdana, geneva, sans-serif\"><strong>&#8211; <a href=\"https:\/\/www.senado.gov.br\/comissoes\/CE\/AP\/AP20080626_superdotados_Cl%C3%A1udiaGriboski.pdf\" target=\"_blank\" rel=\"noopener\">Pol\u00edticas p\u00fablicas para as Altas Habilidades\/Superdota\u00e7\u00e3o<\/a><\/strong>\u00a0<\/span><\/p>\n<p>&nbsp;<\/p>\n<p style=\"text-align: left\"><span style=\"font-family: verdana, geneva, sans-serif\"><strong>&#8211; <a href=\"http:\/\/portal.mec.gov.br\/index.php?option=com_docman&amp;view=download&amp;alias=7122-fasciculo-10-pdf-1&amp;Itemid=30192\" target=\"_blank\" rel=\"noopener\">Altas Habilidades\/Superdota\u00e7\u00e3o MEC<\/a><\/strong><\/span><\/p>\n<p>&nbsp;<\/p>\n<p style=\"text-align: left\"><span style=\"font-size: 18pt\"><span style=\"font-family: verdana, geneva, sans-serif\"><strong>LEIS E DECRETOS SOBRE ACESSIBILIDADE DIGITAL<\/strong><\/span><\/span><\/p>\n<p style=\"text-align: left\"><span style=\"font-family: verdana, geneva, sans-serif\">&#8211;\u00a0<strong><a href=\"http:\/\/www.planalto.gov.br\/ccivil_03\/_Ato2004-2006\/2004\/Decreto\/D5296.htm\">Decreto n\u00ba 5.296 de 02 de dezembro de 2004\u00a0<\/a><\/strong><\/span><\/p>\n<p>&nbsp;<\/p>\n<p style=\"text-align: left\"><span style=\"font-family: verdana, geneva, sans-serif\">&#8211;\u00a0<strong><a href=\"http:\/\/www.planalto.gov.br\/ccivil_03\/_ato2007-2010\/2009\/decreto\/d6949.htm\" target=\"_blank\" rel=\"noopener\">Decreto n\u00ba 6.949, de 25 de agosto de 2009 (Promulga a Conven\u00e7\u00e3o Internacional sobre os Direitos das Pessoas com Defici\u00eancia e seu Protocolo Facultativo, assinados em Nova York, em 30 de mar\u00e7o de 2007\u00a0)<\/a><\/strong><\/span><\/p>\n<p>&nbsp;<\/p>\n<p style=\"text-align: left\"><span style=\"font-family: verdana, geneva, sans-serif\">&#8211;\u00a0<a href=\"http:\/\/www.planalto.gov.br\/ccivil_03\/_ato2011-2014\/2012\/Decreto\/D7724.htm\" target=\"_blank\" rel=\"noopener\"><strong>Decreto n\u00ba 7.724, de 16 de Maio de 2012 (Regulamenta a Lei No 12.527, que disp\u00f5e sobre o acesso a informa\u00e7\u00f5es.)<\/strong><\/a><\/span><\/p>\n<p>&nbsp;<\/p>\n<p style=\"text-align: left\"><span style=\"font-family: verdana, geneva, sans-serif\">&#8211;\u00a0<strong><a href=\"https:\/\/www.governoeletronico.gov.br\/documentos-e-arquivos\/e-MAG%20V3.pdf\" target=\"_blank\" rel=\"noopener\">Modelo de Acessibilidade de Governo Eletr\u00f4nico<\/a><\/strong><\/span><\/p>\n<p>&nbsp;<\/p>\n<p style=\"text-align: left\"><span style=\"font-family: verdana, geneva, sans-serif\">&#8211;\u00a0<a href=\"http:\/\/www.governoeletronico.gov.br\/biblioteca\/arquivos\/portaria-no-03-de-07-05-2007\" target=\"_blank\" rel=\"noopener\"><strong>Portaria n\u00ba 03, de 07 de Maio de 2007 &#8211; formato pdf\u00a0(Institucionaliza o Modelo de Acessibilidade em Governo Eletr\u00f4nico \u2013 e-MAG)<\/strong><\/a><\/span><\/p>\n<p>&nbsp;<\/p>\n<p style=\"text-align: left\"><span style=\"font-size: 18pt\"><span style=\"font-family: verdana, geneva, sans-serif\"><strong>ACESSIBILIDADE DIGITAL<\/strong><\/span><\/span><\/p>\n<p style=\"text-align: left\"><span style=\"font-family: verdana, geneva, sans-serif\"><strong>&#8211; <a href=\"http:\/\/www.planalto.gov.br\/ccivil_03\/_ato2011-2014\/2012\/Decreto\/D7724.htm\" target=\"_blank\" rel=\"noopener\">Regulamenta a Lei No 12.527, que disp\u00f5e sobre o acesso a informa\u00e7\u00f5es<\/a><\/strong>\u00a0<\/span><\/p>\n<p>&nbsp;<\/p>\n<p style=\"text-align: left\"><span style=\"font-family: verdana, geneva, sans-serif\"><strong>&#8211; <a href=\"https:\/\/www.governoeletronico.gov.br\/eixos-de-atuacao\/governo\/acessibilidade\/emag-modelo-de-acessibilidade-em-governo-eletronico\" target=\"_blank\" rel=\"noopener\">Modelo de Acessibilidade em Governo Eletr\u00f4nico<\/a><\/strong><\/span><\/p>\n<p>&nbsp;<\/p>\n<p style=\"text-align: left\"><span style=\"font-family: verdana, geneva, sans-serif\"><strong>&#8211; <a href=\"https:\/\/www.governoeletronico.gov.br\/documentos-e-arquivos\/Cartilha%20versao%201.0.pdf\" target=\"_blank\" rel=\"noopener\">Guia de boas praticas para a acessibilidade digital<\/a><\/strong><\/span><\/p>\n<p>&nbsp;<\/p>\n<p style=\"text-align: left\"><span style=\"font-family: verdana, geneva, sans-serif\"><strong>&#8211; <a href=\"https:\/\/www.governoeletronico.gov.br\/documentos-e-arquivos\/eMAG-Checklist-acessibilidade-DV.pdf\" target=\"_blank\" rel=\"noopener\">Checklist\u00a0de\u00a0Acessibilidade\u00a0Manual\u00a0para\u00a0Deficientes\u00a0Visuais<\/a><\/strong><\/span><\/p>\n<p>&nbsp;<\/p>\n<p style=\"text-align: left\"><span style=\"font-family: verdana, geneva, sans-serif\"><strong>&#8211; <a href=\"https:\/\/www.governoeletronico.gov.br\/documentos-e-arquivos\/O%20uso%20correto%20do%20texto%20alternativo.pdf\" target=\"_blank\" rel=\"noopener\">Uso correto do texto alternativo, utilizado por pessoas portadoras de defici\u00eancia visual<\/a><\/strong><\/span><\/p>\n<p>&nbsp;<\/p>\n<p style=\"text-align: left\"><span style=\"font-family: verdana, geneva, sans-serif\"><strong>&#8211; <a href=\"https:\/\/softwarepublico.gov.br\/social\/ases\/\" target=\"_blank\" rel=\"noopener\">Avaliador e Simulador de Acessibilidade em S\u00edtios (ASES)<\/a><\/strong><\/span><\/p>\n<p>&nbsp;<\/p>\n","protected":false},"excerpt":{"rendered":"<p>SEI_UFPel-0216861-Resolu\u00e7\u00e3o-03.2018-Consun &nbsp; &#8211;\u00a0PDI-Plano de Desenvolvimento Institucional UFPel_13-2015_rev04 &nbsp; &#8211;\u00a0Plano-Institucional-de-Acessibilidade &nbsp; &#8211;\u00a0Lei n\u00ba 13.409, de 28 de dezembro de 2016. &nbsp; &#8211;\u00a0Lei 13.146, de 06 de julho de 2015 &#8211; Lei Brasileira de Inclus\u00e3o Comentada\u00a0 &nbsp; &#8211; Decreto publicado no dia 20\/04\/2017 que disp\u00f5e sobre ingresso de\u00a0pessoas com defici\u00eancia\u00a0nas universidades federais e nas Institui\u00e7\u00f5es Federais &nbsp; [&hellip;]<\/p>\n","protected":false},"author":359,"featured_media":0,"parent":0,"menu_order":10,"comment_status":"closed","ping_status":"closed","template":"","meta":{"jetpack_post_was_ever_published":false,"footnotes":""},"class_list":["post-508","page","type-page","status-publish","hentry"],"jetpack_sharing_enabled":true,"jetpack_shortlink":"https:\/\/wp.me\/P90IOR-8c","_links":{"self":[{"href":"https:\/\/wp.ufpel.edu.br\/nai\/wp-json\/wp\/v2\/pages\/508","targetHints":{"allow":["GET"]}}],"collection":[{"href":"https:\/\/wp.ufpel.edu.br\/nai\/wp-json\/wp\/v2\/pages"}],"about":[{"href":"https:\/\/wp.ufpel.edu.br\/nai\/wp-json\/wp\/v2\/types\/page"}],"author":[{"embeddable":true,"href":"https:\/\/wp.ufpel.edu.br\/nai\/wp-json\/wp\/v2\/users\/359"}],"replies":[{"embeddable":true,"href":"https:\/\/wp.ufpel.edu.br\/nai\/wp-json\/wp\/v2\/comments?post=508"}],"version-history":[{"count":78,"href":"https:\/\/wp.ufpel.edu.br\/nai\/wp-json\/wp\/v2\/pages\/508\/revisions"}],"predecessor-version":[{"id":3063,"href":"https:\/\/wp.ufpel.edu.br\/nai\/wp-json\/wp\/v2\/pages\/508\/revisions\/3063"}],"wp:attachment":[{"href":"https:\/\/wp.ufpel.edu.br\/nai\/wp-json\/wp\/v2\/media?parent=508"}],"curies":[{"name":"wp","href":"https:\/\/api.w.org\/{rel}","templated":true}]}}