{"id":504,"date":"2017-03-13T11:45:16","date_gmt":"2017-03-13T14:45:16","guid":{"rendered":"https:\/\/wp.ufpel.edu.br\/nai\/?page_id=504"},"modified":"2018-06-13T17:51:04","modified_gmt":"2018-06-13T20:51:04","slug":"links-interessantes","status":"publish","type":"page","link":"https:\/\/wp.ufpel.edu.br\/nai\/links-interessantes\/","title":{"rendered":"Links interessantes"},"content":{"rendered":"<p>&nbsp;<\/p>\n<p><span style=\"font-family: verdana, geneva, sans-serif\"><strong>&#8211; <a href=\"http:\/\/portal.mec.gov.br\/dmdocuments\/diversidade_apresentacao.pdf\" target=\"_blank\" rel=\"noopener\">Pesquisa sobre preconceito e descrimina\u00e7\u00e3o no ambiente escolar<\/a><\/strong>\u00a0<\/span><\/p>\n<p>&nbsp;<\/p>\n<p><span style=\"font-family: verdana, geneva, sans-serif\"><strong>&#8211; <a href=\"http:\/\/www.pessoacomdeficiencia.gov.br\/app\/sites\/default\/files\/publicacoes\/livro-avancos-politicas-publicas-pcd.pdf\" target=\"_blank\" rel=\"noopener\">Avan\u00e7o das pol\u00edticas p\u00fablicas para pessoas com defici\u00eancia<\/a>\u00a0<\/strong><\/span><\/p>\n<p>&nbsp;<\/p>\n<p><span style=\"font-family: verdana, geneva, sans-serif\"><strong>&#8211; <a href=\"https:\/\/www1.ufrb.edu.br\/nufordes\/images\/documentos\/programa_curso_acessibilidade.pdf\" target=\"_blank\" rel=\"noopener\">Acessibilidade pedag\u00f3gica: inclus\u00e3o de estudantes com defici\u00eancia no Ensino Superior\u00a0<\/a><\/strong><\/span><\/p>\n<p>&nbsp;<\/p>\n<p><span style=\"font-family: verdana, geneva, sans-serif\"><strong>&#8211; <a href=\"http:\/\/portal.mec.gov.br\/index.php?option=com_docman&amp;view=download&amp;alias=13292-doc-ori-progincl&amp;category_slug=junho-2013-pdf&amp;Itemid=30192\" target=\"_blank\" rel=\"noopener\">Programa incluir: acessibilidade na Educa\u00e7\u00e3o Superior<\/a><\/strong>\u00a0<\/span><\/p>\n<p>&nbsp;<\/p>\n<p><span style=\"font-family: verdana, geneva, sans-serif\"><strong>&#8211; <a href=\"http:\/\/www.gtaedes.pt\/\" target=\"_blank\" rel=\"noopener\">Diret\u00f3rio dos servi\u00e7os de Apoio para Estudantes com defici\u00eancia no Ensino Superior<\/a><\/strong>\u00a0<\/span><\/p>\n<p>&nbsp;<\/p>\n<p><span style=\"font-family: verdana, geneva, sans-serif\"><strong>&#8211; <a href=\"http:\/\/xanpedsul.faed.udesc.br\/arq_pdf\/659-0.pdf\" target=\"_blank\" rel=\"noopener\">Acessibilidade na Educa\u00e7\u00e3o Superior: novos desafios para a universidade<\/a><\/strong>\u00a0<\/span><\/p>\n<p>&nbsp;<\/p>\n<p><span style=\"font-family: verdana, geneva, sans-serif\"><strong>&#8211; <a href=\"http:\/\/www.scielo.br\/scielo.php?script=sci_arttext&amp;pid=S1413-65382013000200011\" target=\"_blank\" rel=\"noopener\">Estudo de caso sobre a inclus\u00e3o de alunos com defici\u00eancia no ensino superior<\/a><\/strong>\u00a0<\/span><\/p>\n<p>&nbsp;<\/p>\n<p><span style=\"font-size: 14pt;font-family: verdana, geneva, sans-serif\"><strong>DEFICI\u00caNCIA VISUAL<\/strong><\/span><\/p>\n<p><span style=\"font-family: verdana, geneva, sans-serif\"><strong>&#8211; <a href=\"http:\/\/site.ucdb.br\/public\/md-dissertacoes\/8200-a-inclusao-da-pessoa-com-deficiencia-visual-na-educacao-superior-e-a-construcao-de-suas-identidades.pdf\" target=\"_blank\" rel=\"noopener\">Disserta\u00e7\u00e3o: A Inclus\u00e3o da pessoa com defici\u00eancia visual na Educa\u00e7\u00e3o Superior e a constru\u00e7\u00e3o de suas identidades<\/a><\/strong>\u00a0<\/span><\/p>\n<p>&nbsp;<\/p>\n<p><span style=\"font-family: verdana, geneva, sans-serif\"><strong>&#8211; <a href=\"http:\/\/www.uel.br\/eventos\/sies\/pages\/arquivos\/011%20-%20NAC.pdf\" target=\"_blank\" rel=\"noopener\">Artigo: Defici\u00eancia Visual no Ensino Superior: capacita\u00e7\u00e3o docente para a inclus\u00e3o<\/a><\/strong>\u00a0<\/span><\/p>\n<p>&nbsp;<\/p>\n<p><span style=\"font-family: verdana, geneva, sans-serif;font-size: 14pt\"><strong>DEFICI\u00caNCIA AUDITIVA<\/strong><\/span><\/p>\n<p><span style=\"font-family: verdana, geneva, sans-serif\"><strong>&#8211; <a href=\"http:\/\/www.abrapso.org.br\/siteprincipal\/images\/Anais_XVENABRAPSO\/432.%20a%20defici%CAncia%20auditiva%20na%20universidade.pdf\" target=\"_blank\" rel=\"noopener\">Artigo: Defici\u00eancia auditiva na universidade: reflex\u00f5es acerca das estrat\u00e9gias metodol\u00f3gicas<\/a><\/strong>\u00a0<\/span><\/p>\n<p>&nbsp;<\/p>\n<p><span style=\"font-family: verdana, geneva, sans-serif\"><strong>&#8211; <a href=\"http:\/\/portal.mec.gov.br\/seesp\/arquivos\/pdf\/aee_da.pdf\" target=\"_blank\" rel=\"noopener\">O atendimento educacional especializado para alunos com surdez: uma proposta inclusiva<\/a><\/strong>\u00a0<\/span><\/p>\n<p>&nbsp;<\/p>\n<p><span style=\"font-family: verdana, geneva, sans-serif\"><strong>&#8211; <a href=\"http:\/\/www.scielo.br\/pdf\/cp\/v40n139\/v40n139a08.pdf\" target=\"_blank\" rel=\"noopener\">Artigo: Estudantes surdos no Ensino Superior, reflex\u00f5es sobre a inclus\u00e3o<\/a>\u00a0<\/strong><\/span><\/p>\n<p>&nbsp;<\/p>\n<p><span style=\"font-family: verdana, geneva, sans-serif\"><strong>&#8211; <a href=\"http:\/\/www.pucpr.br\/eventos\/educere\/educere2008\/anais\/pdf\/253_128.pdf\" target=\"_blank\" rel=\"noopener\">Artigo: Perspectivas de alunos surdos sobre a educa\u00e7\u00e3o a distancia no Ensino Superior<\/a><\/strong><\/span><\/p>\n<p>&nbsp;<\/p>\n<p><span style=\"font-family: verdana, geneva, sans-serif\"><strong>&#8211; <a href=\"http:\/\/www.uel.br\/eventos\/seminariosurdez\/pages\/arquivos\/palestra_mesa_02_01.pdf\" target=\"_blank\" rel=\"noopener\">Artigo: Acesso e perman\u00eancia de estudantes surdos no Ensino Superior<\/a><\/strong><\/span><\/p>\n<p>&nbsp;<\/p>\n<p><span style=\"font-family: verdana, geneva, sans-serif\"><strong>&#8211; <a href=\"http:\/\/www.educadores.diaadia.pr.gov.br\/arquivos\/File\/janeiro2013\/otp_artigos\/sueli_fernandes.pdf\" target=\"_blank\" rel=\"noopener\">Artigo: Avalia\u00e7\u00e3o em l\u00edngua Portuguesa para alunos surdos<\/a><\/strong><\/span><\/p>\n<p>&nbsp;<\/p>\n<p><span style=\"font-family: verdana, geneva, sans-serif\"><strong>&#8211; <a href=\"https:\/\/www.google.com.br\/url?sa=t&amp;rct=j&amp;q=&amp;esrc=s&amp;source=web&amp;cd=10&amp;cad=rja&amp;uact=8&amp;ved=0ahUKEwjo2Myapb3TAhUDW5AKHYpTDisQFghtMAk&amp;url=http%3A%2F%2Fwww.agapasm.com.br%2FArtigos%2FAS-ESPECIFICIDADES-NA-INCLUS%25C3%2583O-DE-SURDOS-UNIVERSIT%25C3%2581RIOS.doc&amp;usg=AFQjCNF8ltGHpA6OmgWruDeYw5U_p5GkyQ&amp;sig2=zXVyRtB3rVjOcP1Ohn-eWA\" target=\"_blank\" rel=\"noopener\">Artigo: As especificidades na inclus\u00e3o de surdos universit\u00e1rios<\/a><\/strong><\/span><\/p>\n<p>&nbsp;<\/p>\n<p><span style=\"font-size: 14pt;font-family: verdana, geneva, sans-serif\"><strong>ALTAS HABILIDADES\/SUPERDOTA\u00c7\u00c3O<\/strong><\/span><\/p>\n<p><span style=\"font-family: verdana, geneva, sans-serif\"><strong>&#8211; <a href=\"http:\/\/www.pucpr.br\/eventos\/educere\/educere2009\/anais\/pdf\/3039_1861.pdf\" target=\"_blank\" rel=\"noopener\">Artigo PUCPR: Pol\u00edticas p\u00fablicas e Altas Habilidades\/Superdota\u00e7\u00e3o<\/a><\/strong><\/span><\/p>\n<p>&nbsp;<\/p>\n<p><span style=\"font-family: verdana, geneva, sans-serif\"><strong>&#8211; <a href=\"http:\/\/www.portaldeacessibilidade.rs.gov.br\/uploads\/1345847258Mapeamento_Pol_Publ_para_Pessoas_com_Altas_Habilidades__Superdotacao._Mara_Regina_Nieckel_da_Costa.pdf\" target=\"_blank\" rel=\"noopener\">Mapeamento da Pol\u00edtica P\u00fablica para Pessoas com Altas Habilidades\/Superdota\u00e7\u00e3o, no Estado do RS<\/a>\u00a0<\/strong><\/span><\/p>\n<p>&nbsp;<\/p>\n<p><span style=\"font-family: verdana, geneva, sans-serif;font-size: 14pt\"><strong>ACESSIBILIDADE DIGITAL<\/strong><\/span><\/p>\n<p><span style=\"font-family: verdana, geneva, sans-serif\"><strong>&#8211; <a href=\"http:\/\/www.pessoacomdeficiencia.gov.br\/app\/\" target=\"_blank\" rel=\"noopener\">Portal da pessoa com defici\u00eancia<\/a><\/strong><\/span><\/p>\n<p>&nbsp;<\/p>\n<p><span style=\"font-family: verdana, geneva, sans-serif\"><strong>&#8211; <a href=\"http:\/\/acessibilidadelegal.com\/\" target=\"_blank\" rel=\"noopener\">Acessibilidade digital<\/a><\/strong><\/span><\/p>\n<p>&nbsp;<\/p>\n<p><span style=\"font-family: verdana, geneva, sans-serif\"><strong>&#8211; <a href=\"http:\/\/acessodigital.net\/links.html\" target=\"_blank\" rel=\"noopener\">Links para acessibilidade na web<\/a><\/strong><\/span><\/p>\n<p>&nbsp;<\/p>\n<p><span style=\"font-family: verdana, geneva, sans-serif\"><strong>&#8211; <a href=\"https:\/\/www.governoeletronico.gov.br\/eixos-de-atuacao\/governo\/acessibilidade\/recursos-de-acessibilidade\" target=\"_blank\" rel=\"noopener\">Extens\u00f5es para navegadores<\/a><\/strong><\/span><\/p>\n<p>&nbsp;<\/p>\n<p><span style=\"font-family: verdana, geneva, sans-serif\">&#8211;\u00a0<strong><a href=\"https:\/\/helpx.adobe.com\/br\/acrobat\/using\/create-verify-pdf-accessibility.html\">Verificar a acessibilidade no PDF<\/a><\/strong><\/span><\/p>\n<p>&nbsp;<\/p>\n<p><span style=\"font-family: verdana, geneva, sans-serif;font-size: 14pt\"><strong>NOT\u00cdCIAS SOBRE ACESSIBILIDADE DIGITAL<\/strong><\/span><\/p>\n<p><span style=\"font-family: verdana, geneva, sans-serif\"><strong>&#8211; <a href=\"https:\/\/www.governoeletronico.gov.br\/noticias\/governo-apresenta-regras-de-acessibilidade-digital-em-feira-tematica\" target=\"_blank\" rel=\"noopener\">Governo apresenta regras de acessibilidade\u00a0 digital<\/a><\/strong><\/span><\/p>\n<p>&nbsp;<\/p>\n<p><span style=\"font-family: verdana, geneva, sans-serif\"><strong>&#8211; <a href=\"https:\/\/www.governoeletronico.gov.br\/noticias\/ministerio-do-planejamento-e-secretaria-de-direitos-humanos-promovem-evento-no-dia-nacional-da-luta-da-pessoa-com-deficiencia\" target=\"_blank\" rel=\"noopener\">Minist\u00e9rio do planejamento e secretaria de direitos humanos promovem evento no dia Nacional da Luta da Pessoa com \u00a0Defici\u00eancia<\/a><\/strong><\/span><\/p>\n<p>&nbsp;<\/p>\n<p><span style=\"font-family: verdana, geneva, sans-serif\"><strong>&#8211; <a href=\"https:\/\/www.governoeletronico.gov.br\/noticias\/planejamento-participa-de-debate-sobre-acessibilidade-digital-1\" target=\"_blank\" rel=\"noopener\">Planejamento participa de debate sobre acessibilidade digital<\/a><\/strong><\/span><\/p>\n<p>&nbsp;<\/p>\n<p><span style=\"font-family: verdana, geneva, sans-serif\"><strong>&#8211; <a href=\"https:\/\/www.governoeletronico.gov.br\/noticias\/slti-amplia-o-acesso-de-deficientes-a-sites-do-governo\" target=\"_blank\" rel=\"noopener\">SLTI amplia o acesso de deficientes a sites do governo<\/a><\/strong><\/span><\/p>\n<p>&nbsp;<\/p>\n<p><span style=\"font-family: verdana, geneva, sans-serif\"><strong>&#8211; <a href=\"https:\/\/www.governoeletronico.gov.br\/documentos-e-arquivos\/A%20Convencao%20sobre%20os%20Direitos%20das%20Pessoas%20com%20Deficiencia%20Comentada.pdf\" target=\"_blank\" rel=\"noopener\">Conven\u00e7\u00e3o sobre o direito das pessoas com defici\u00eancia<\/a><\/strong><\/span><\/p>\n<p>&nbsp;<\/p>\n<p>&nbsp;<\/p>\n","protected":false},"excerpt":{"rendered":"<p>&nbsp; &#8211; Pesquisa sobre preconceito e descrimina\u00e7\u00e3o no ambiente escolar\u00a0 &nbsp; &#8211; Avan\u00e7o das pol\u00edticas p\u00fablicas para pessoas com defici\u00eancia\u00a0 &nbsp; &#8211; Acessibilidade pedag\u00f3gica: inclus\u00e3o de estudantes com defici\u00eancia no Ensino Superior\u00a0 &nbsp; &#8211; Programa incluir: acessibilidade na Educa\u00e7\u00e3o Superior\u00a0 &nbsp; &#8211; Diret\u00f3rio dos servi\u00e7os de Apoio para Estudantes com defici\u00eancia no Ensino Superior\u00a0 &nbsp; [&hellip;]<\/p>\n","protected":false},"author":359,"featured_media":0,"parent":0,"menu_order":9,"comment_status":"closed","ping_status":"closed","template":"","meta":{"jetpack_post_was_ever_published":false,"footnotes":""},"class_list":["post-504","page","type-page","status-publish","hentry"],"jetpack_sharing_enabled":true,"jetpack_shortlink":"https:\/\/wp.me\/P90IOR-88","_links":{"self":[{"href":"https:\/\/wp.ufpel.edu.br\/nai\/wp-json\/wp\/v2\/pages\/504","targetHints":{"allow":["GET"]}}],"collection":[{"href":"https:\/\/wp.ufpel.edu.br\/nai\/wp-json\/wp\/v2\/pages"}],"about":[{"href":"https:\/\/wp.ufpel.edu.br\/nai\/wp-json\/wp\/v2\/types\/page"}],"author":[{"embeddable":true,"href":"https:\/\/wp.ufpel.edu.br\/nai\/wp-json\/wp\/v2\/users\/359"}],"replies":[{"embeddable":true,"href":"https:\/\/wp.ufpel.edu.br\/nai\/wp-json\/wp\/v2\/comments?post=504"}],"version-history":[{"count":25,"href":"https:\/\/wp.ufpel.edu.br\/nai\/wp-json\/wp\/v2\/pages\/504\/revisions"}],"predecessor-version":[{"id":1888,"href":"https:\/\/wp.ufpel.edu.br\/nai\/wp-json\/wp\/v2\/pages\/504\/revisions\/1888"}],"wp:attachment":[{"href":"https:\/\/wp.ufpel.edu.br\/nai\/wp-json\/wp\/v2\/media?parent=504"}],"curies":[{"name":"wp","href":"https:\/\/api.w.org\/{rel}","templated":true}]}}

<p>&nbsp;</p>
<p><span style="font-family: verdana, geneva, sans-serif"><strong>&#8211; <a href="http://portal.mec.gov.br/dmdocuments/diversidade_apresentacao.pdf" target="_blank" rel="noopener">Pesquisa sobre preconceito e descriminação no ambiente escolar</a></strong> </span></p>
<p>&nbsp;</p>
<p><span style="font-family: verdana, geneva, sans-serif"><strong>&#8211; <a href="http://www.pessoacomdeficiencia.gov.br/app/sites/default/files/publicacoes/livro-avancos-politicas-publicas-pcd.pdf" target="_blank" rel="noopener">Avanço das políticas públicas para pessoas com deficiência</a> </strong></span></p>
<p>&nbsp;</p>
<p><span style="font-family: verdana, geneva, sans-serif"><strong>&#8211; <a href="https://www1.ufrb.edu.br/nufordes/images/documentos/programa_curso_acessibilidade.pdf" target="_blank" rel="noopener">Acessibilidade pedagógica: inclusão de estudantes com deficiência no Ensino Superior </a></strong></span></p>
<p>&nbsp;</p>
<p><span style="font-family: verdana, geneva, sans-serif"><strong>&#8211; <a href="http://portal.mec.gov.br/index.php?option=com_docman&amp;view=download&amp;alias=13292-doc-ori-progincl&amp;category_slug=junho-2013-pdf&amp;Itemid=30192" target="_blank" rel="noopener">Programa incluir: acessibilidade na Educação Superior</a></strong> </span></p>
<p>&nbsp;</p>
<p><span style="font-family: verdana, geneva, sans-serif"><strong>&#8211; <a href="http://www.gtaedes.pt/" target="_blank" rel="noopener">Diretório dos serviços de Apoio para Estudantes com deficiência no Ensino Superior</a></strong> </span></p>
<p>&nbsp;</p>
<p><span style="font-family: verdana, geneva, sans-serif"><strong>&#8211; <a href="http://xanpedsul.faed.udesc.br/arq_pdf/659-0.pdf" target="_blank" rel="noopener">Acessibilidade na Educação Superior: novos desafios para a universidade</a></strong> </span></p>
<p>&nbsp;</p>
<p><span style="font-family: verdana, geneva, sans-serif"><strong>&#8211; <a href="http://www.scielo.br/scielo.php?script=sci_arttext&amp;pid=S1413-65382013000200011" target="_blank" rel="noopener">Estudo de caso sobre a inclusão de alunos com deficiência no ensino superior</a></strong> </span></p>
<p>&nbsp;</p>
<p><span style="font-size: 14pt;font-family: verdana, geneva, sans-serif"><strong>DEFICIÊNCIA VISUAL</strong></span></p>
<p><span style="font-family: verdana, geneva, sans-serif"><strong>&#8211; <a href="http://site.ucdb.br/public/md-dissertacoes/8200-a-inclusao-da-pessoa-com-deficiencia-visual-na-educacao-superior-e-a-construcao-de-suas-identidades.pdf" target="_blank" rel="noopener">Dissertação: A Inclusão da pessoa com deficiência visual na Educação Superior e a construção de suas identidades</a></strong> </span></p>
<p>&nbsp;</p>
<p><span style="font-family: verdana, geneva, sans-serif"><strong>&#8211; <a href="http://www.uel.br/eventos/sies/pages/arquivos/011%20-%20NAC.pdf" target="_blank" rel="noopener">Artigo: Deficiência Visual no Ensino Superior: capacitação docente para a inclusão</a></strong> </span></p>
<p>&nbsp;</p>
<p><span style="font-family: verdana, geneva, sans-serif;font-size: 14pt"><strong>DEFICIÊNCIA AUDITIVA</strong></span></p>
<p><span style="font-family: verdana, geneva, sans-serif"><strong>&#8211; <a href="http://www.abrapso.org.br/siteprincipal/images/Anais_XVENABRAPSO/432.%20a%20defici%CAncia%20auditiva%20na%20universidade.pdf" target="_blank" rel="noopener">Artigo: Deficiência auditiva na universidade: reflexões acerca das estratégias metodológicas</a></strong> </span></p>
<p>&nbsp;</p>
<p><span style="font-family: verdana, geneva, sans-serif"><strong>&#8211; <a href="http://portal.mec.gov.br/seesp/arquivos/pdf/aee_da.pdf" target="_blank" rel="noopener">O atendimento educacional especializado para alunos com surdez: uma proposta inclusiva</a></strong> </span></p>
<p>&nbsp;</p>
<p><span style="font-family: verdana, geneva, sans-serif"><strong>&#8211; <a href="http://www.scielo.br/pdf/cp/v40n139/v40n139a08.pdf" target="_blank" rel="noopener">Artigo: Estudantes surdos no Ensino Superior, reflexões sobre a inclusão</a> </strong></span></p>
<p>&nbsp;</p>
<p><span style="font-family: verdana, geneva, sans-serif"><strong>&#8211; <a href="http://www.pucpr.br/eventos/educere/educere2008/anais/pdf/253_128.pdf" target="_blank" rel="noopener">Artigo: Perspectivas de alunos surdos sobre a educação a distancia no Ensino Superior</a></strong></span></p>
<p>&nbsp;</p>
<p><span style="font-family: verdana, geneva, sans-serif"><strong>&#8211; <a href="http://www.uel.br/eventos/seminariosurdez/pages/arquivos/palestra_mesa_02_01.pdf" target="_blank" rel="noopener">Artigo: Acesso e permanência de estudantes surdos no Ensino Superior</a></strong></span></p>
<p>&nbsp;</p>
<p><span style="font-family: verdana, geneva, sans-serif"><strong>&#8211; <a href="http://www.educadores.diaadia.pr.gov.br/arquivos/File/janeiro2013/otp_artigos/sueli_fernandes.pdf" target="_blank" rel="noopener">Artigo: Avaliação em língua Portuguesa para alunos surdos</a></strong></span></p>
<p>&nbsp;</p>
<p><span style="font-family: verdana, geneva, sans-serif"><strong>&#8211; <a href="https://www.google.com.br/url?sa=t&amp;rct=j&amp;q=&amp;esrc=s&amp;source=web&amp;cd=10&amp;cad=rja&amp;uact=8&amp;ved=0ahUKEwjo2Myapb3TAhUDW5AKHYpTDisQFghtMAk&amp;url=http%3A%2F%2Fwww.agapasm.com.br%2FArtigos%2FAS-ESPECIFICIDADES-NA-INCLUS%25C3%2583O-DE-SURDOS-UNIVERSIT%25C3%2581RIOS.doc&amp;usg=AFQjCNF8ltGHpA6OmgWruDeYw5U_p5GkyQ&amp;sig2=zXVyRtB3rVjOcP1Ohn-eWA" target="_blank" rel="noopener">Artigo: As especificidades na inclusão de surdos universitários</a></strong></span></p>
<p>&nbsp;</p>
<p><span style="font-size: 14pt;font-family: verdana, geneva, sans-serif"><strong>ALTAS HABILIDADES/SUPERDOTAÇÃO</strong></span></p>
<p><span style="font-family: verdana, geneva, sans-serif"><strong>&#8211; <a href="http://www.pucpr.br/eventos/educere/educere2009/anais/pdf/3039_1861.pdf" target="_blank" rel="noopener">Artigo PUCPR: Políticas públicas e Altas Habilidades/Superdotação</a></strong></span></p>
<p>&nbsp;</p>
<p><span style="font-family: verdana, geneva, sans-serif"><strong>&#8211; <a href="http://www.portaldeacessibilidade.rs.gov.br/uploads/1345847258Mapeamento_Pol_Publ_para_Pessoas_com_Altas_Habilidades__Superdotacao._Mara_Regina_Nieckel_da_Costa.pdf" target="_blank" rel="noopener">Mapeamento da Política Pública para Pessoas com Altas Habilidades/Superdotação, no Estado do RS</a> </strong></span></p>
<p>&nbsp;</p>
<p><span style="font-family: verdana, geneva, sans-serif;font-size: 14pt"><strong>ACESSIBILIDADE DIGITAL</strong></span></p>
<p><span style="font-family: verdana, geneva, sans-serif"><strong>&#8211; <a href="http://www.pessoacomdeficiencia.gov.br/app/" target="_blank" rel="noopener">Portal da pessoa com deficiência</a></strong></span></p>
<p>&nbsp;</p>
<p><span style="font-family: verdana, geneva, sans-serif"><strong>&#8211; <a href="http://acessibilidadelegal.com/" target="_blank" rel="noopener">Acessibilidade digital</a></strong></span></p>
<p>&nbsp;</p>
<p><span style="font-family: verdana, geneva, sans-serif"><strong>&#8211; <a href="http://acessodigital.net/links.html" target="_blank" rel="noopener">Links para acessibilidade na web</a></strong></span></p>
<p>&nbsp;</p>
<p><span style="font-family: verdana, geneva, sans-serif"><strong>&#8211; <a href="https://www.governoeletronico.gov.br/eixos-de-atuacao/governo/acessibilidade/recursos-de-acessibilidade" target="_blank" rel="noopener">Extensões para navegadores</a></strong></span></p>
<p>&nbsp;</p>
<p><span style="font-family: verdana, geneva, sans-serif">&#8211; <strong><a href="https://helpx.adobe.com/br/acrobat/using/create-verify-pdf-accessibility.html">Verificar a acessibilidade no PDF</a></strong></span></p>
<p>&nbsp;</p>
<p><span style="font-family: verdana, geneva, sans-serif;font-size: 14pt"><strong>NOTÍCIAS SOBRE ACESSIBILIDADE DIGITAL</strong></span></p>
<p><span style="font-family: verdana, geneva, sans-serif"><strong>&#8211; <a href="https://www.governoeletronico.gov.br/noticias/governo-apresenta-regras-de-acessibilidade-digital-em-feira-tematica" target="_blank" rel="noopener">Governo apresenta regras de acessibilidade  digital</a></strong></span></p>
<p>&nbsp;</p>
<p><span style="font-family: verdana, geneva, sans-serif"><strong>&#8211; <a href="https://www.governoeletronico.gov.br/noticias/ministerio-do-planejamento-e-secretaria-de-direitos-humanos-promovem-evento-no-dia-nacional-da-luta-da-pessoa-com-deficiencia" target="_blank" rel="noopener">Ministério do planejamento e secretaria de direitos humanos promovem evento no dia Nacional da Luta da Pessoa com  Deficiência</a></strong></span></p>
<p>&nbsp;</p>
<p><span style="font-family: verdana, geneva, sans-serif"><strong>&#8211; <a href="https://www.governoeletronico.gov.br/noticias/planejamento-participa-de-debate-sobre-acessibilidade-digital-1" target="_blank" rel="noopener">Planejamento participa de debate sobre acessibilidade digital</a></strong></span></p>
<p>&nbsp;</p>
<p><span style="font-family: verdana, geneva, sans-serif"><strong>&#8211; <a href="https://www.governoeletronico.gov.br/noticias/slti-amplia-o-acesso-de-deficientes-a-sites-do-governo" target="_blank" rel="noopener">SLTI amplia o acesso de deficientes a sites do governo</a></strong></span></p>
<p>&nbsp;</p>
<p><span style="font-family: verdana, geneva, sans-serif"><strong>&#8211; <a href="https://www.governoeletronico.gov.br/documentos-e-arquivos/A%20Convencao%20sobre%20os%20Direitos%20das%20Pessoas%20com%20Deficiencia%20Comentada.pdf" target="_blank" rel="noopener">Convenção sobre o direito das pessoas com deficiência</a></strong></span></p>
<p>&nbsp;</p>
<p>&nbsp;</p>

<p>&nbsp; &#8211; Pesquisa sobre preconceito e descriminação no ambiente escolar  &nbsp; &#8211; Avanço das políticas públicas para pessoas com deficiência  &nbsp; &#8211; Acessibilidade pedagógica: inclusão de estudantes com deficiência no Ensino Superior  &nbsp; &#8211; Programa incluir: acessibilidade na Educação Superior  &nbsp; &#8211; Diretório dos serviços de Apoio para Estudantes com deficiência no Ensino Superior  &nbsp; [&hellip;]</p>
