{"id":4307,"date":"2022-05-03T15:05:14","date_gmt":"2022-05-03T18:05:14","guid":{"rendered":"https:\/\/wp.ufpel.edu.br\/nai\/?page_id=4307"},"modified":"2023-02-03T15:54:27","modified_gmt":"2023-02-03T18:54:27","slug":"2020-2","status":"publish","type":"page","link":"https:\/\/wp.ufpel.edu.br\/nai\/2020-2\/","title":{"rendered":"Relat\u00f3rio de Cotas &#8211; 2020"},"content":{"rendered":"<p><span style=\"font-family: verdana, geneva, sans-serif;\"><b>2020\/01<\/b><\/span><\/p>\n<p>&nbsp;<\/p>\n<p><span style=\"font-family: verdana, geneva, sans-serif;\"><b>Processo Seletivo &#8211; PAVE<\/b><\/span><\/p>\n<p><span style=\"font-weight: 400; font-family: verdana, geneva, sans-serif;\">Processo Seletivo PAVE &#8211; 2020\/01 &#8211; Chamada Regular<\/span><\/p>\n<p><span style=\"font-family: verdana, geneva, sans-serif;\"><a href=\"https:\/\/wp.ufpel.edu.br\/nai\/files\/2020\/01\/relat%C3%B3rio_parecer_cotas_Definitivo-1.pdf\" target=\"_blank\" rel=\"noopener\"><span style=\"font-weight: 400;\">Relat\u00f3rio Parecer Cotas Definitivo<\/span><\/a><\/span><\/p>\n<p>&nbsp;<\/p>\n<p><span style=\"font-family: verdana, geneva, sans-serif;\"><b>Processo Seletivo &#8211; SISU<\/b><\/span><\/p>\n<p><span style=\"font-weight: 400; font-family: verdana, geneva, sans-serif;\">Processo Seletivo SISU &#8211; 2020\/01 &#8211; Chamada Regular<\/span><\/p>\n<p><span style=\"font-family: verdana, geneva, sans-serif;\"><a href=\"https:\/\/wp.ufpel.edu.br\/nai\/files\/2020\/02\/relat%C3%B3rio_parecer_cotas_Definitivo-32.pdf\" target=\"_blank\" rel=\"noopener\"><span style=\"font-weight: 400;\">Relat\u00f3rio Parecer Cotas Definitivo<\/span><\/a><\/span><\/p>\n<p><span style=\"font-weight: 400; font-family: verdana, geneva, sans-serif;\">Processo Seletivo SISU &#8211; 2020\/01 &#8211; 1\u00aa Convoca\u00e7\u00e3o<\/span><\/p>\n<p><span style=\"font-family: verdana, geneva, sans-serif;\"><a href=\"https:\/\/wp.ufpel.edu.br\/nai\/files\/2020\/03\/relat%C3%B3rio_parecer_cotas_Definitivo-34.pdf\" target=\"_blank\" rel=\"noopener\"><span style=\"font-weight: 400;\">Relat\u00f3rio Parecer Cotas Definitivo<\/span><\/a><\/span><\/p>\n<p><span style=\"font-weight: 400; font-family: verdana, geneva, sans-serif;\">Processo Seletivo SISU &#8211; 2020\/01 &#8211; 2\u00aa Convoca\u00e7\u00e3o<\/span><\/p>\n<p><span style=\"font-family: verdana, geneva, sans-serif;\"><a href=\"https:\/\/wp.ufpel.edu.br\/nai\/files\/2020\/03\/relat%C3%B3rio_parecer_cotas_Definitivo-35.pdf\" target=\"_blank\" rel=\"noopener\"><span style=\"font-weight: 400;\">Relat\u00f3rio Parecer Cotas Definitivo<\/span><\/a><\/span><\/p>\n<p><span style=\"font-weight: 400; font-family: verdana, geneva, sans-serif;\">Processo Seletivo SISU &#8211; 2020\/01 &#8211; 8\u00aa Convoca\u00e7\u00e3o<\/span><\/p>\n<p><span style=\"font-family: verdana, geneva, sans-serif;\"><a href=\"https:\/\/wp.ufpel.edu.br\/nai\/files\/2020\/10\/relatorio_parecer_cotas_Definitivo.pdf\" target=\"_blank\" rel=\"noopener\"><span style=\"font-weight: 400;\">Relat\u00f3rio Parecer Cotas Definitivo<\/span><\/a><\/span><\/p>\n<p>&nbsp;<\/p>\n<hr \/>\n<p><span style=\"font-family: verdana, geneva, sans-serif;\"><b>2020\/02<\/b><\/span><\/p>\n<p><span style=\"font-family: verdana, geneva, sans-serif;\"><b>Processo Seletivo &#8211; PAVE\u00a0<\/b><\/span><\/p>\n<p><span style=\"font-weight: 400; font-family: verdana, geneva, sans-serif;\">Processo Seletivo PAVE &#8211; 2020\/02 &#8211; Chamada Regular<\/span><\/p>\n<p><span style=\"font-family: verdana, geneva, sans-serif;\"><a href=\"https:\/\/wp.ufpel.edu.br\/nai\/files\/2020\/11\/relatorio_parecer_cotas_Definitivo-1.pdf\" target=\"_blank\" rel=\"noopener\"><span style=\"font-weight: 400;\">Relat\u00f3rio Parecer Cotas Definitivo<\/span><\/a><\/span><\/p>\n<p>&nbsp;<\/p>\n<p><span style=\"font-family: verdana, geneva, sans-serif;\"><strong>Processo Seletivo &#8211; SISU\u00a0<\/strong><\/span><\/p>\n<p><span style=\"font-weight: 400; font-family: verdana, geneva, sans-serif;\">Processo Seletivo SISU &#8211; 2020\/02 &#8211; Chamada Regular<\/span><\/p>\n<p><span style=\"font-family: verdana, geneva, sans-serif;\"><a href=\"https:\/\/wp.ufpel.edu.br\/nai\/files\/2020\/08\/relat%C3%B3rio_parecer_cotas_Definitivo-2.pdf\" target=\"_blank\" rel=\"noopener\"><span style=\"font-weight: 400;\">Relat\u00f3rio Parecer Cotas Definitivo\u00a0<\/span><\/a><\/span><\/p>\n<p><span style=\"font-weight: 400; font-family: verdana, geneva, sans-serif;\">Processo Seletivo SISU &#8211; 2020\/02 &#8211; 1\u00aa Convoca\u00e7\u00e3o<\/span><\/p>\n<p><span style=\"font-family: verdana, geneva, sans-serif;\"><a href=\"https:\/\/wp.ufpel.edu.br\/nai\/files\/2020\/08\/relatorio_parecer_cotas_Definitivo-3.pdf\" target=\"_blank\" rel=\"noopener\"><span style=\"font-weight: 400;\">Relat\u00f3rio Parecer Cotas Definitivo<\/span><\/a><\/span><\/p>\n<p><span style=\"font-weight: 400; font-family: verdana, geneva, sans-serif;\">Processo Seletivo SISU &#8211; 2020\/2 &#8211; 2\u00aa Convoca\u00e7\u00e3o\u00a0<\/span><\/p>\n<p><span style=\"font-family: verdana, geneva, sans-serif;\"><a href=\"https:\/\/wp.ufpel.edu.br\/nai\/files\/2020\/09\/relatorio_parecer_cotas_Definitivo-4.pdf\" target=\"_blank\" rel=\"noopener\"><span style=\"font-weight: 400;\">Relat\u00f3rio Parecer Cotas Definitivo<\/span><\/a><\/span><\/p>\n<p>&nbsp;<\/p>\n<p><span style=\"font-family: verdana, geneva, sans-serif;\"><b>VESTIBULAR UAB &#8211; 2020\/2\u00a0<\/b><\/span><\/p>\n<p><span style=\"font-weight: 400; font-family: verdana, geneva, sans-serif;\">Vestibular UAB &#8211; 2020\/02- Chamada Regular\u00a0<\/span><\/p>\n<p><span style=\"font-family: verdana, geneva, sans-serif;\"><a href=\"https:\/\/wp.ufpel.edu.br\/nai\/files\/2021\/01\/relatorio_parecer_cotas_Definitivo-2-UAB.pdf\" target=\"_blank\" rel=\"noopener\"><span style=\"font-weight: 400;\">Relat\u00f3rio Parecer Cotas Definitivo<\/span><\/a><\/span><\/p>\n<p><span style=\"font-weight: 400; font-family: verdana, geneva, sans-serif;\">Vestibular UAB &#8211; 2020\/02 &#8211; 1\u00aa Convoca\u00e7\u00e3o\u00a0<\/span><\/p>\n<p><span style=\"font-family: verdana, geneva, sans-serif;\"><a href=\"https:\/\/wp.ufpel.edu.br\/nai\/files\/2021\/02\/relatorio_parecer_cotas_Definitivo-5.pdf\" target=\"_blank\" rel=\"noopener\"><span style=\"font-weight: 400;\">Relat\u00f3rio Parecer Cotas Definitivo<\/span><\/a><\/span><\/p>\n<p>&nbsp;<\/p>\n<p>&nbsp;<\/p>\n","protected":false},"excerpt":{"rendered":"<p>2020\/01 &nbsp; Processo Seletivo &#8211; PAVE Processo Seletivo PAVE &#8211; 2020\/01 &#8211; Chamada Regular Relat\u00f3rio Parecer Cotas Definitivo &nbsp; Processo Seletivo &#8211; SISU Processo Seletivo SISU &#8211; 2020\/01 &#8211; Chamada Regular Relat\u00f3rio Parecer Cotas Definitivo Processo Seletivo SISU &#8211; 2020\/01 &#8211; 1\u00aa Convoca\u00e7\u00e3o Relat\u00f3rio Parecer Cotas Definitivo Processo Seletivo SISU &#8211; 2020\/01 &#8211; 2\u00aa Convoca\u00e7\u00e3o [&hellip;]<\/p>\n","protected":false},"author":359,"featured_media":0,"parent":0,"menu_order":0,"comment_status":"closed","ping_status":"closed","template":"","meta":{"jetpack_post_was_ever_published":false,"footnotes":""},"class_list":["post-4307","page","type-page","status-publish","hentry"],"jetpack_sharing_enabled":true,"jetpack_shortlink":"https:\/\/wp.me\/P90IOR-17t","_links":{"self":[{"href":"https:\/\/wp.ufpel.edu.br\/nai\/wp-json\/wp\/v2\/pages\/4307","targetHints":{"allow":["GET"]}}],"collection":[{"href":"https:\/\/wp.ufpel.edu.br\/nai\/wp-json\/wp\/v2\/pages"}],"about":[{"href":"https:\/\/wp.ufpel.edu.br\/nai\/wp-json\/wp\/v2\/types\/page"}],"author":[{"embeddable":true,"href":"https:\/\/wp.ufpel.edu.br\/nai\/wp-json\/wp\/v2\/users\/359"}],"replies":[{"embeddable":true,"href":"https:\/\/wp.ufpel.edu.br\/nai\/wp-json\/wp\/v2\/comments?post=4307"}],"version-history":[{"count":5,"href":"https:\/\/wp.ufpel.edu.br\/nai\/wp-json\/wp\/v2\/pages\/4307\/revisions"}],"predecessor-version":[{"id":4614,"href":"https:\/\/wp.ufpel.edu.br\/nai\/wp-json\/wp\/v2\/pages\/4307\/revisions\/4614"}],"wp:attachment":[{"href":"https:\/\/wp.ufpel.edu.br\/nai\/wp-json\/wp\/v2\/media?parent=4307"}],"curies":[{"name":"wp","href":"https:\/\/api.w.org\/{rel}","templated":true}]}}

Relatório de Cotas &#8211; 2020

<p><span style="font-family: verdana, geneva, sans-serif;"><b>2020/01</b></span></p>
<p>&nbsp;</p>
<p><span style="font-family: verdana, geneva, sans-serif;"><b>Processo Seletivo &#8211; PAVE</b></span></p>
<p><span style="font-weight: 400; font-family: verdana, geneva, sans-serif;">Processo Seletivo PAVE &#8211; 2020/01 &#8211; Chamada Regular</span></p>
<p><span style="font-family: verdana, geneva, sans-serif;"><a href="https://wp.ufpel.edu.br/nai/files/2020/01/relat%C3%B3rio_parecer_cotas_Definitivo-1.pdf" target="_blank" rel="noopener"><span style="font-weight: 400;">Relatório Parecer Cotas Definitivo</span></a></span></p>
<p>&nbsp;</p>
<p><span style="font-family: verdana, geneva, sans-serif;"><b>Processo Seletivo &#8211; SISU</b></span></p>
<p><span style="font-weight: 400; font-family: verdana, geneva, sans-serif;">Processo Seletivo SISU &#8211; 2020/01 &#8211; Chamada Regular</span></p>
<p><span style="font-family: verdana, geneva, sans-serif;"><a href="https://wp.ufpel.edu.br/nai/files/2020/02/relat%C3%B3rio_parecer_cotas_Definitivo-32.pdf" target="_blank" rel="noopener"><span style="font-weight: 400;">Relatório Parecer Cotas Definitivo</span></a></span></p>
<p><span style="font-weight: 400; font-family: verdana, geneva, sans-serif;">Processo Seletivo SISU &#8211; 2020/01 &#8211; 1ª Convocação</span></p>
<p><span style="font-family: verdana, geneva, sans-serif;"><a href="https://wp.ufpel.edu.br/nai/files/2020/03/relat%C3%B3rio_parecer_cotas_Definitivo-34.pdf" target="_blank" rel="noopener"><span style="font-weight: 400;">Relatório Parecer Cotas Definitivo</span></a></span></p>
<p><span style="font-weight: 400; font-family: verdana, geneva, sans-serif;">Processo Seletivo SISU &#8211; 2020/01 &#8211; 2ª Convocação</span></p>
<p><span style="font-family: verdana, geneva, sans-serif;"><a href="https://wp.ufpel.edu.br/nai/files/2020/03/relat%C3%B3rio_parecer_cotas_Definitivo-35.pdf" target="_blank" rel="noopener"><span style="font-weight: 400;">Relatório Parecer Cotas Definitivo</span></a></span></p>
<p><span style="font-weight: 400; font-family: verdana, geneva, sans-serif;">Processo Seletivo SISU &#8211; 2020/01 &#8211; 8ª Convocação</span></p>
<p><span style="font-family: verdana, geneva, sans-serif;"><a href="https://wp.ufpel.edu.br/nai/files/2020/10/relatorio_parecer_cotas_Definitivo.pdf" target="_blank" rel="noopener"><span style="font-weight: 400;">Relatório Parecer Cotas Definitivo</span></a></span></p>
<p>&nbsp;</p>
<hr />
<p><span style="font-family: verdana, geneva, sans-serif;"><b>2020/02</b></span></p>
<p><span style="font-family: verdana, geneva, sans-serif;"><b>Processo Seletivo &#8211; PAVE </b></span></p>
<p><span style="font-weight: 400; font-family: verdana, geneva, sans-serif;">Processo Seletivo PAVE &#8211; 2020/02 &#8211; Chamada Regular</span></p>
<p><span style="font-family: verdana, geneva, sans-serif;"><a href="https://wp.ufpel.edu.br/nai/files/2020/11/relatorio_parecer_cotas_Definitivo-1.pdf" target="_blank" rel="noopener"><span style="font-weight: 400;">Relatório Parecer Cotas Definitivo</span></a></span></p>
<p>&nbsp;</p>
<p><span style="font-family: verdana, geneva, sans-serif;"><strong>Processo Seletivo &#8211; SISU </strong></span></p>
<p><span style="font-weight: 400; font-family: verdana, geneva, sans-serif;">Processo Seletivo SISU &#8211; 2020/02 &#8211; Chamada Regular</span></p>
<p><span style="font-family: verdana, geneva, sans-serif;"><a href="https://wp.ufpel.edu.br/nai/files/2020/08/relat%C3%B3rio_parecer_cotas_Definitivo-2.pdf" target="_blank" rel="noopener"><span style="font-weight: 400;">Relatório Parecer Cotas Definitivo </span></a></span></p>
<p><span style="font-weight: 400; font-family: verdana, geneva, sans-serif;">Processo Seletivo SISU &#8211; 2020/02 &#8211; 1ª Convocação</span></p>
<p><span style="font-family: verdana, geneva, sans-serif;"><a href="https://wp.ufpel.edu.br/nai/files/2020/08/relatorio_parecer_cotas_Definitivo-3.pdf" target="_blank" rel="noopener"><span style="font-weight: 400;">Relatório Parecer Cotas Definitivo</span></a></span></p>
<p><span style="font-weight: 400; font-family: verdana, geneva, sans-serif;">Processo Seletivo SISU &#8211; 2020/2 &#8211; 2ª Convocação </span></p>
<p><span style="font-family: verdana, geneva, sans-serif;"><a href="https://wp.ufpel.edu.br/nai/files/2020/09/relatorio_parecer_cotas_Definitivo-4.pdf" target="_blank" rel="noopener"><span style="font-weight: 400;">Relatório Parecer Cotas Definitivo</span></a></span></p>
<p>&nbsp;</p>
<p><span style="font-family: verdana, geneva, sans-serif;"><b>VESTIBULAR UAB &#8211; 2020/2 </b></span></p>
<p><span style="font-weight: 400; font-family: verdana, geneva, sans-serif;">Vestibular UAB &#8211; 2020/02- Chamada Regular </span></p>
<p><span style="font-family: verdana, geneva, sans-serif;"><a href="https://wp.ufpel.edu.br/nai/files/2021/01/relatorio_parecer_cotas_Definitivo-2-UAB.pdf" target="_blank" rel="noopener"><span style="font-weight: 400;">Relatório Parecer Cotas Definitivo</span></a></span></p>
<p><span style="font-weight: 400; font-family: verdana, geneva, sans-serif;">Vestibular UAB &#8211; 2020/02 &#8211; 1ª Convocação </span></p>
<p><span style="font-family: verdana, geneva, sans-serif;"><a href="https://wp.ufpel.edu.br/nai/files/2021/02/relatorio_parecer_cotas_Definitivo-5.pdf" target="_blank" rel="noopener"><span style="font-weight: 400;">Relatório Parecer Cotas Definitivo</span></a></span></p>
<p>&nbsp;</p>
<p>&nbsp;</p>

<p>2020/01 &nbsp; Processo Seletivo &#8211; PAVE Processo Seletivo PAVE &#8211; 2020/01 &#8211; Chamada Regular Relatório Parecer Cotas Definitivo &nbsp; Processo Seletivo &#8211; SISU Processo Seletivo SISU &#8211; 2020/01 &#8211; Chamada Regular Relatório Parecer Cotas Definitivo Processo Seletivo SISU &#8211; 2020/01 &#8211; 1ª Convocação Relatório Parecer Cotas Definitivo Processo Seletivo SISU &#8211; 2020/01 &#8211; 2ª Convocação [&hellip;]</p>
