{"id":3211,"date":"2019-04-18T15:16:15","date_gmt":"2019-04-18T18:16:15","guid":{"rendered":"https:\/\/wp.ufpel.edu.br\/nai\/?page_id=3211"},"modified":"2019-06-04T10:44:47","modified_gmt":"2019-06-04T13:44:47","slug":"obalibras","status":"publish","type":"page","link":"https:\/\/wp.ufpel.edu.br\/nai\/obalibras\/","title":{"rendered":"Obalibras"},"content":{"rendered":"<p><img data-attachment-id=\"2963\" data-permalink=\"https:\/\/wp.ufpel.edu.br\/nai\/libras-2\/\" data-orig-file=\"https:\/\/wp.ufpel.edu.br\/nai\/files\/2018\/10\/libras-e1541596773614.png\" data-orig-size=\"30,30\" data-comments-opened=\"0\" data-image-meta=\"{&quot;aperture&quot;:&quot;0&quot;,&quot;credit&quot;:&quot;&quot;,&quot;camera&quot;:&quot;&quot;,&quot;caption&quot;:&quot;&quot;,&quot;created_timestamp&quot;:&quot;0&quot;,&quot;copyright&quot;:&quot;&quot;,&quot;focal_length&quot;:&quot;0&quot;,&quot;iso&quot;:&quot;0&quot;,&quot;shutter_speed&quot;:&quot;0&quot;,&quot;title&quot;:&quot;&quot;,&quot;orientation&quot;:&quot;0&quot;}\" data-image-title=\"Acessibilidade em Libras libras\" data-image-description=\"\" data-image-caption=\"&lt;p&gt;Link tradu\u00e7\u00e3o em Libras&lt;\/p&gt;\n\" data-medium-file=\"https:\/\/wp.ufpel.edu.br\/nai\/files\/2018\/10\/libras-e1541596773614.png\" data-large-file=\"https:\/\/wp.ufpel.edu.br\/nai\/files\/2018\/10\/libras-e1541596773614.png\" class=\"size-full wp-image-2963 alignleft\" src=\"https:\/\/wp.ufpel.edu.br\/nai\/files\/2018\/10\/libras-e1541596773614.png\" alt=\"simbolo libras\" width=\"30\" height=\"30\" \/><\/p>\n<p>&nbsp;<\/p>\n<p><a href=\"https:\/\/drive.google.com\/open?id=1xAx2qAkKB4rFbyIWB30MisV_Ptmj-6jZ\" target=\"_blank\" rel=\"noopener noreferrer\"><span style=\"font-family: verdana, geneva, sans-serif\">Texto em Libras \u2013 Clique Aqui<\/span><\/a><\/p>\n<p><span style=\"font-size: 14pt;font-family: verdana, geneva, sans-serif\"><strong>Projeto Obalibras<\/strong><\/span><\/p>\n<p>&nbsp;<\/p>\n<p><span style=\"font-family: verdana, geneva, sans-serif\">\u00a0\u00a0\u00a0\u00a0\u00a0\u00a0\u00a0\u00a0\u00a0\u00a0 O projeto Obalibras (Objetos de Aprendizagem para o Ensino de Libras) est\u00e1 vinculado a um projeto de pesquisa maior, denominado\u00a0<strong>ABORDAGEM COMUNICATIVA, OBJETOS DE APRENDIZAGEM PARA O ENSINO DE L\u00cdNGUAS E O LUGAR DA CULTURA NO ENSINO DE L\u00cdNGUAS DE SINAIS.\u00a0<\/strong>A pesquisa, iniciada em 2015, desenvolve, atualmente, duas linhas de a\u00e7\u00e3o. Uma delas \u00e9 a produ\u00e7\u00e3o de um aplicativo denominado Sinalibras e, a outra, o Obalibras, que produz v\u00eddeos para o ensino comunicativo\u00a0de Libras. O processo de produ\u00e7\u00e3o de v\u00eddeos iniciou com pesquisa te\u00f3rica e an\u00e1lise de v\u00eddeos j\u00e1 produzidos, disponibilizados na Internet. Como n\u00e3o existem par\u00e2metros para o ensino de Libras como L2 nas disciplinas dos Cursos de Gradua\u00e7\u00e3o, a proposta do\u00a0Obalibras\u00a0foi baseada nos cursos de British Sign Language (BSL). Os cursos de BSL seguem um curr\u00edculo comum determinado pelo UK Occupational Language Standards. Esse curr\u00edculo foi desenvolvido para ensinar habilidades e conhecimentos de l\u00edngua necess\u00e1rios em ambientes de trabalho, e possui uma equival\u00eancia com o Quadro Europeu Comum de Refer\u00eancia para as L\u00ednguas. Foram produzidos 14 roteiros j\u00e1 filmados e em processo de edi\u00e7\u00e3o. Acompanha, cada roteiro, um gloss\u00e1rio.<\/span><\/p>\n<p>&nbsp;<\/p>\n<p><span style=\"font-family: verdana, geneva, sans-serif\">O material j\u00e1 est\u00e1 dispon\u00edvel no Youtube.\u00a0\u00a0<a href=\"https:\/\/www.youtube.com\/channel\/UCvd4qQ4_OR3w7kIgUSO-UpA\" data-saferedirecturl=\"https:\/\/www.google.com\/url?q=https:\/\/www.youtube.com\/channel\/UCvd4qQ4_OR3w7kIgUSO-UpA&amp;source=gmail&amp;ust=1555694495325000&amp;usg=AFQjCNGSwjzBkwY-IrhmbsW1YPaUPdQiEQ\">https:\/\/www.youtube.com\/channel\/UCvd4qQ4_OR3w7kIgUSO-UpA<\/a><\/span><\/p>\n<p><span style=\"font-family: verdana, geneva, sans-serif\">Os v\u00eddeos tem como pressuposto situa\u00e7\u00f5es comunicativas para que ouvintes possam interagir com surdos, pensando na inclus\u00e3o das pessoas surdas na Universidade.\u00a0<\/span><\/p>\n<p>&nbsp;<\/p>\n<p><span style=\"font-family: verdana, geneva, sans-serif\">TILS participante: Joseane Maciel Viana<\/span><\/p>\n","protected":false},"excerpt":{"rendered":"<p>&nbsp; Texto em Libras \u2013 Clique Aqui Projeto Obalibras &nbsp; \u00a0\u00a0\u00a0\u00a0\u00a0\u00a0\u00a0\u00a0\u00a0\u00a0 O projeto Obalibras (Objetos de Aprendizagem para o Ensino de Libras) est\u00e1 vinculado a um projeto de pesquisa maior, denominado\u00a0ABORDAGEM COMUNICATIVA, OBJETOS DE APRENDIZAGEM PARA O ENSINO DE L\u00cdNGUAS E O LUGAR DA CULTURA NO ENSINO DE L\u00cdNGUAS DE SINAIS.\u00a0A pesquisa, iniciada em 2015, [&hellip;]<\/p>\n","protected":false},"author":359,"featured_media":0,"parent":0,"menu_order":0,"comment_status":"closed","ping_status":"closed","template":"","meta":{"jetpack_post_was_ever_published":false,"footnotes":""},"class_list":["post-3211","page","type-page","status-publish","hentry"],"jetpack_sharing_enabled":true,"jetpack_shortlink":"https:\/\/wp.me\/P90IOR-PN","_links":{"self":[{"href":"https:\/\/wp.ufpel.edu.br\/nai\/wp-json\/wp\/v2\/pages\/3211","targetHints":{"allow":["GET"]}}],"collection":[{"href":"https:\/\/wp.ufpel.edu.br\/nai\/wp-json\/wp\/v2\/pages"}],"about":[{"href":"https:\/\/wp.ufpel.edu.br\/nai\/wp-json\/wp\/v2\/types\/page"}],"author":[{"embeddable":true,"href":"https:\/\/wp.ufpel.edu.br\/nai\/wp-json\/wp\/v2\/users\/359"}],"replies":[{"embeddable":true,"href":"https:\/\/wp.ufpel.edu.br\/nai\/wp-json\/wp\/v2\/comments?post=3211"}],"version-history":[{"count":6,"href":"https:\/\/wp.ufpel.edu.br\/nai\/wp-json\/wp\/v2\/pages\/3211\/revisions"}],"predecessor-version":[{"id":3362,"href":"https:\/\/wp.ufpel.edu.br\/nai\/wp-json\/wp\/v2\/pages\/3211\/revisions\/3362"}],"wp:attachment":[{"href":"https:\/\/wp.ufpel.edu.br\/nai\/wp-json\/wp\/v2\/media?parent=3211"}],"curies":[{"name":"wp","href":"https:\/\/api.w.org\/{rel}","templated":true}]}}