{"id":2338,"date":"2018-05-26T20:26:18","date_gmt":"2018-05-26T23:26:18","guid":{"rendered":"https:\/\/wp.ufpel.edu.br\/nai\/?page_id=2338"},"modified":"2019-01-10T08:57:25","modified_gmt":"2019-01-10T10:57:25","slug":"equipe-revaies","status":"publish","type":"page","link":"https:\/\/wp.ufpel.edu.br\/nai\/equipe-revaies\/","title":{"rendered":"equipe editorial"},"content":{"rendered":"<p style=\"text-align: right\"><a href=\"https:\/\/wp.ufpel.edu.br\/nai\/revaies\/\"><span style=\"font-family: verdana,geneva,sans-serif;font-size: 10pt\"><img data-attachment-id=\"2315\" data-permalink=\"https:\/\/wp.ufpel.edu.br\/nai\/marcas\/\" data-orig-file=\"https:\/\/wp.ufpel.edu.br\/nai\/files\/2018\/05\/marcas.png\" data-orig-size=\"839,359\" data-comments-opened=\"0\" data-image-meta=\"{&quot;aperture&quot;:&quot;0&quot;,&quot;credit&quot;:&quot;&quot;,&quot;camera&quot;:&quot;&quot;,&quot;caption&quot;:&quot;&quot;,&quot;created_timestamp&quot;:&quot;0&quot;,&quot;copyright&quot;:&quot;&quot;,&quot;focal_length&quot;:&quot;0&quot;,&quot;iso&quot;:&quot;0&quot;,&quot;shutter_speed&quot;:&quot;0&quot;,&quot;title&quot;:&quot;&quot;,&quot;orientation&quot;:&quot;0&quot;}\" data-image-title=\"marcas\" data-image-description=\"\" data-image-caption=\"\" data-medium-file=\"https:\/\/wp.ufpel.edu.br\/nai\/files\/2018\/05\/marcas-400x171.png\" data-large-file=\"https:\/\/wp.ufpel.edu.br\/nai\/files\/2018\/05\/marcas.png\" class=\"wp-image-2315 alignleft\" src=\"https:\/\/wp.ufpel.edu.br\/nai\/files\/2018\/05\/marcas.png\" alt=\" \" width=\"222\" height=\"95\" srcset=\"https:\/\/wp.ufpel.edu.br\/nai\/files\/2018\/05\/marcas.png 839w, https:\/\/wp.ufpel.edu.br\/nai\/files\/2018\/05\/marcas-400x171.png 400w, https:\/\/wp.ufpel.edu.br\/nai\/files\/2018\/05\/marcas-768x329.png 768w\" sizes=\"(max-width: 222px) 100vw, 222px\" \/>P\u00e1gina Inicial<\/span><\/a><\/p>\n<p>&nbsp;<\/p>\n<p>&nbsp;<\/p>\n<p>&nbsp;<\/p>\n<p>&nbsp;<\/p>\n<p><span style=\"font-family: verdana,geneva,sans-serif;font-size: 14pt\"><b>Equipe editorial<\/b><\/span><\/p>\n<p><span style=\"font-family: verdana,geneva,sans-serif\"><strong>\u00a0<\/strong><\/span><\/p>\n<p><span style=\"font-family: verdana,geneva,sans-serif\"><strong>Editora-chefe<\/strong><\/span><\/p>\n<p><span style=\"font-family: verdana,geneva,sans-serif\">Dra. Magda Floriana Damiani<\/span><\/p>\n<hr \/>\n<p><span style=\"font-family: verdana,geneva,sans-serif\"><strong>Assistente de edi\u00e7\u00e3o\/Designer<\/strong><\/span><\/p>\n<p><span style=\"font-family: verdana,geneva,sans-serif\">Me. Felipe Foerstnow Szczepaniak<\/span><\/p>\n<hr \/>\n<p><span style=\"font-family: verdana,geneva,sans-serif\"><strong>Conselho editorial<\/strong> <\/span><\/p>\n<p><span style=\"font-family: verdana,geneva,sans-serif\">Dra. Rita de C\u00e1ssia Morem C\u00f3ssio Rodriguez<\/span><\/p>\n<p><span style=\"font-family: verdana,geneva,sans-serif\">Dr. Cl\u00e1udio Baptista Carle<\/span><\/p>\n<p><span style=\"font-family: verdana,geneva,sans-serif\">Ma. Lisandra Berni Os\u00f3rio<\/span><\/p>\n<p><span style=\"font-family: verdana,geneva,sans-serif\">Dnda. Ane Cristina Thurow<\/span><\/p>\n<p><span style=\"font-family: verdana,geneva,sans-serif\">Dra. Gilsenira de Alcino Rangel<\/span><\/p>\n<p><span style=\"font-family: verdana,geneva,sans-serif\">Dra. Francele de Abreu Carlan<\/span><\/p>\n<hr \/>\n<p><strong><span style=\"font-family: verdana,geneva,sans-serif\">Conselho de Acessibilidade<\/span><\/strong><\/p>\n<p><em><span style=\"font-family: verdana,geneva,sans-serif\">Tradu\u00e7\u00e3o\/Interpreta\u00e7\u00e3o da L\u00edngua Brasileira de Sinais:<\/span><\/em><\/p>\n<p><span style=\"font-family: verdana,geneva,sans-serif\">Doutoranda Daiana San Martins Goulart<\/span><\/p>\n<p><span style=\"font-family: verdana,geneva,sans-serif\">Mestranda Crisiane de Freitas Soares<\/span><\/p>\n<p><span style=\"font-family: verdana,geneva,sans-serif\">Mestranda N\u00e1dia dos Santos Gon\u00e7alves Porto<\/span><\/p>\n<p>&nbsp;<\/p>\n<p><span style=\"font-family: verdana,geneva,sans-serif\"><em>Consultor:<\/em><\/span><\/p>\n<p><span style=\"font-family: verdana,geneva,sans-serif\">Dr. Fabiano Souto Rosa<\/span><\/p>\n<p>&nbsp;<\/p>\n<p><em><span style=\"font-family: verdana,geneva,sans-serif\">Audiodescri\u00e7\u00e3o:<\/span><\/em><\/p>\n<p><span style=\"font-family: verdana,geneva,sans-serif\">Mestranda Desir\u00e9e Nobre Salasar<\/span><\/p>\n<p>&nbsp;<\/p>\n<p><span style=\"font-family: verdana,geneva,sans-serif\"><em>Consultor:<\/em><\/span><\/p>\n<p><span style=\"font-family: verdana,geneva,sans-serif\">Dr. Felipe Mianes<\/span><\/p>\n<hr \/>\n<p><span style=\"font-family: verdana,geneva,sans-serif\"><strong>Conselho cient\u00edfico nacional e internacional<\/strong> (em processo de composi\u00e7\u00e3o)<\/span><\/p>\n<p><span style=\"font-family: verdana,geneva,sans-serif\">Helena Isabel Silva Reis &#8211; Instituto Polit\u00e9cnico de Leiria, Portugal<\/span><br \/>\n<span style=\"font-family: verdana,geneva,sans-serif\">Felipe Mianes &#8211;\u00a0UFRGS<\/span><br \/>\n<span style=\"font-family: verdana,geneva,sans-serif\">Veronice Camargo da Silva &#8211;\u00a0UERGS<\/span><br \/>\n<span style=\"font-family: verdana,geneva,sans-serif\">Madalena Klein &#8211;\u00a0UFPEL<\/span><br \/>\n<span style=\"font-family: verdana,geneva,sans-serif\">Vanessa Goulart Dorneles &#8211;\u00a0UFSM<\/span><br \/>\n<span style=\"font-family: verdana,geneva,sans-serif\">Angelina Dias Le\u00e3o Costa &#8211;\u00a0UFPB<\/span><br \/>\n<span style=\"font-family: verdana,geneva,sans-serif\">Geovana Lunardi &#8211;\u00a0UDESC<\/span><br \/>\n<span style=\"font-family: verdana,geneva,sans-serif\">Erm\u00ednia Attinese &#8211;\u00a0Universidade de N\u00e1poles Frederico II, It\u00e1lia<\/span><br \/>\n<span style=\"font-family: verdana,geneva,sans-serif\">Gilbero Rangel Oliveira &#8211;\u00a0UFRJ<\/span><\/p>\n","protected":false},"excerpt":{"rendered":"<p>P\u00e1gina Inicial &nbsp; &nbsp; &nbsp; &nbsp; Equipe editorial \u00a0 Editora-chefe Dra. Magda Floriana Damiani Assistente de edi\u00e7\u00e3o\/Designer Me. Felipe Foerstnow Szczepaniak Conselho editorial Dra. Rita de C\u00e1ssia Morem C\u00f3ssio Rodriguez Dr. Cl\u00e1udio Baptista Carle Ma. Lisandra Berni Os\u00f3rio Dnda. Ane Cristina Thurow Dra. Gilsenira de Alcino Rangel Dra. Francele de Abreu Carlan Conselho de Acessibilidade [&hellip;]<\/p>\n","protected":false},"author":359,"featured_media":0,"parent":0,"menu_order":0,"comment_status":"closed","ping_status":"closed","template":"","meta":{"jetpack_post_was_ever_published":false,"footnotes":""},"class_list":["post-2338","page","type-page","status-publish","hentry"],"jetpack_sharing_enabled":true,"jetpack_shortlink":"https:\/\/wp.me\/P90IOR-BI","_links":{"self":[{"href":"https:\/\/wp.ufpel.edu.br\/nai\/wp-json\/wp\/v2\/pages\/2338","targetHints":{"allow":["GET"]}}],"collection":[{"href":"https:\/\/wp.ufpel.edu.br\/nai\/wp-json\/wp\/v2\/pages"}],"about":[{"href":"https:\/\/wp.ufpel.edu.br\/nai\/wp-json\/wp\/v2\/types\/page"}],"author":[{"embeddable":true,"href":"https:\/\/wp.ufpel.edu.br\/nai\/wp-json\/wp\/v2\/users\/359"}],"replies":[{"embeddable":true,"href":"https:\/\/wp.ufpel.edu.br\/nai\/wp-json\/wp\/v2\/comments?post=2338"}],"version-history":[{"count":8,"href":"https:\/\/wp.ufpel.edu.br\/nai\/wp-json\/wp\/v2\/pages\/2338\/revisions"}],"predecessor-version":[{"id":3037,"href":"https:\/\/wp.ufpel.edu.br\/nai\/wp-json\/wp\/v2\/pages\/2338\/revisions\/3037"}],"wp:attachment":[{"href":"https:\/\/wp.ufpel.edu.br\/nai\/wp-json\/wp\/v2\/media?parent=2338"}],"curies":[{"name":"wp","href":"https:\/\/api.w.org\/{rel}","templated":true}]}}

<p style="text-align: right"><a href="https://wp.ufpel.edu.br/nai/revaies/"><span style="font-family: verdana,geneva,sans-serif;font-size: 10pt"><img data-attachment-id="2315" data-permalink="https://wp.ufpel.edu.br/nai/marcas/" data-orig-file="https://wp.ufpel.edu.br/nai/files/2018/05/marcas.png" data-orig-size="839,359" data-comments-opened="0" data-image-meta="{&quot;aperture&quot;:&quot;0&quot;,&quot;credit&quot;:&quot;&quot;,&quot;camera&quot;:&quot;&quot;,&quot;caption&quot;:&quot;&quot;,&quot;created_timestamp&quot;:&quot;0&quot;,&quot;copyright&quot;:&quot;&quot;,&quot;focal_length&quot;:&quot;0&quot;,&quot;iso&quot;:&quot;0&quot;,&quot;shutter_speed&quot;:&quot;0&quot;,&quot;title&quot;:&quot;&quot;,&quot;orientation&quot;:&quot;0&quot;}" data-image-title="marcas" data-image-description="" data-image-caption="" data-medium-file="https://wp.ufpel.edu.br/nai/files/2018/05/marcas-400x171.png" data-large-file="https://wp.ufpel.edu.br/nai/files/2018/05/marcas.png" class="wp-image-2315 alignleft" src="https://wp.ufpel.edu.br/nai/files/2018/05/marcas.png" alt=" " width="222" height="95" srcset="https://wp.ufpel.edu.br/nai/files/2018/05/marcas.png 839w, https://wp.ufpel.edu.br/nai/files/2018/05/marcas-400x171.png 400w, https://wp.ufpel.edu.br/nai/files/2018/05/marcas-768x329.png 768w" sizes="(max-width: 222px) 100vw, 222px" />Página Inicial</span></a></p>
<p>&nbsp;</p>
<p>&nbsp;</p>
<p>&nbsp;</p>
<p>&nbsp;</p>
<p><span style="font-family: verdana,geneva,sans-serif;font-size: 14pt"><b>Equipe editorial</b></span></p>
<p><span style="font-family: verdana,geneva,sans-serif"><strong> </strong></span></p>
<p><span style="font-family: verdana,geneva,sans-serif"><strong>Editora-chefe</strong></span></p>
<p><span style="font-family: verdana,geneva,sans-serif">Dra. Magda Floriana Damiani</span></p>
<hr />
<p><span style="font-family: verdana,geneva,sans-serif"><strong>Assistente de edição/Designer</strong></span></p>
<p><span style="font-family: verdana,geneva,sans-serif">Me. Felipe Foerstnow Szczepaniak</span></p>
<hr />
<p><span style="font-family: verdana,geneva,sans-serif"><strong>Conselho editorial</strong> </span></p>
<p><span style="font-family: verdana,geneva,sans-serif">Dra. Rita de Cássia Morem Cóssio Rodriguez</span></p>
<p><span style="font-family: verdana,geneva,sans-serif">Dr. Cláudio Baptista Carle</span></p>
<p><span style="font-family: verdana,geneva,sans-serif">Ma. Lisandra Berni Osório</span></p>
<p><span style="font-family: verdana,geneva,sans-serif">Dnda. Ane Cristina Thurow</span></p>
<p><span style="font-family: verdana,geneva,sans-serif">Dra. Gilsenira de Alcino Rangel</span></p>
<p><span style="font-family: verdana,geneva,sans-serif">Dra. Francele de Abreu Carlan</span></p>
<hr />
<p><strong><span style="font-family: verdana,geneva,sans-serif">Conselho de Acessibilidade</span></strong></p>
<p><em><span style="font-family: verdana,geneva,sans-serif">Tradução/Interpretação da Língua Brasileira de Sinais:</span></em></p>
<p><span style="font-family: verdana,geneva,sans-serif">Doutoranda Daiana San Martins Goulart</span></p>
<p><span style="font-family: verdana,geneva,sans-serif">Mestranda Crisiane de Freitas Soares</span></p>
<p><span style="font-family: verdana,geneva,sans-serif">Mestranda Nádia dos Santos Gonçalves Porto</span></p>
<p>&nbsp;</p>
<p><span style="font-family: verdana,geneva,sans-serif"><em>Consultor:</em></span></p>
<p><span style="font-family: verdana,geneva,sans-serif">Dr. Fabiano Souto Rosa</span></p>
<p>&nbsp;</p>
<p><em><span style="font-family: verdana,geneva,sans-serif">Audiodescrição:</span></em></p>
<p><span style="font-family: verdana,geneva,sans-serif">Mestranda Desirée Nobre Salasar</span></p>
<p>&nbsp;</p>
<p><span style="font-family: verdana,geneva,sans-serif"><em>Consultor:</em></span></p>
<p><span style="font-family: verdana,geneva,sans-serif">Dr. Felipe Mianes</span></p>
<hr />
<p><span style="font-family: verdana,geneva,sans-serif"><strong>Conselho científico nacional e internacional</strong> (em processo de composição)</span></p>
<p><span style="font-family: verdana,geneva,sans-serif">Helena Isabel Silva Reis &#8211; Instituto Politécnico de Leiria, Portugal</span><br />
<span style="font-family: verdana,geneva,sans-serif">Felipe Mianes &#8211; UFRGS</span><br />
<span style="font-family: verdana,geneva,sans-serif">Veronice Camargo da Silva &#8211; UERGS</span><br />
<span style="font-family: verdana,geneva,sans-serif">Madalena Klein &#8211; UFPEL</span><br />
<span style="font-family: verdana,geneva,sans-serif">Vanessa Goulart Dorneles &#8211; UFSM</span><br />
<span style="font-family: verdana,geneva,sans-serif">Angelina Dias Leão Costa &#8211; UFPB</span><br />
<span style="font-family: verdana,geneva,sans-serif">Geovana Lunardi &#8211; UDESC</span><br />
<span style="font-family: verdana,geneva,sans-serif">Ermínia Attinese &#8211; Universidade de Nápoles Frederico II, Itália</span><br />
<span style="font-family: verdana,geneva,sans-serif">Gilbero Rangel Oliveira &#8211; UFRJ</span></p>

<p>Página Inicial &nbsp; &nbsp; &nbsp; &nbsp; Equipe editorial   Editora-chefe Dra. Magda Floriana Damiani Assistente de edição/Designer Me. Felipe Foerstnow Szczepaniak Conselho editorial Dra. Rita de Cássia Morem Cóssio Rodriguez Dr. Cláudio Baptista Carle Ma. Lisandra Berni Osório Dnda. Ane Cristina Thurow Dra. Gilsenira de Alcino Rangel Dra. Francele de Abreu Carlan Conselho de Acessibilidade [&hellip;]</p>
