{"id":2327,"date":"2018-05-26T19:48:35","date_gmt":"2018-05-26T22:48:35","guid":{"rendered":"https:\/\/wp.ufpel.edu.br\/nai\/?page_id=2327"},"modified":"2018-06-05T14:06:01","modified_gmt":"2018-06-05T17:06:01","slug":"chamada-revaies","status":"publish","type":"page","link":"https:\/\/wp.ufpel.edu.br\/nai\/chamada-revaies\/","title":{"rendered":"chamada de trabalhos"},"content":{"rendered":"<p style=\"text-align: right\"><a href=\"https:\/\/wp.ufpel.edu.br\/nai\/revaies\/\"><span style=\"font-family: verdana,geneva,sans-serif;font-size: 10pt\">P\u00e1gina Inicial<\/span><\/a><\/p>\n<p>&nbsp;<\/p>\n<p><img data-attachment-id=\"2321\" data-permalink=\"https:\/\/wp.ufpel.edu.br\/nai\/cartaz-chamada\/\" data-orig-file=\"https:\/\/wp.ufpel.edu.br\/nai\/files\/2018\/05\/CARTAZ-CHAMADA-FELIPE-SZ-ok.jpg\" data-orig-size=\"1434,1596\" data-comments-opened=\"0\" data-image-meta=\"{&quot;aperture&quot;:&quot;0&quot;,&quot;credit&quot;:&quot;&quot;,&quot;camera&quot;:&quot;&quot;,&quot;caption&quot;:&quot;&quot;,&quot;created_timestamp&quot;:&quot;0&quot;,&quot;copyright&quot;:&quot;&quot;,&quot;focal_length&quot;:&quot;0&quot;,&quot;iso&quot;:&quot;0&quot;,&quot;shutter_speed&quot;:&quot;0&quot;,&quot;title&quot;:&quot;CARTAZ CHAMADA&quot;,&quot;orientation&quot;:&quot;1&quot;}\" data-image-title=\"CARTAZ CHAMADA\" data-image-description=\"&lt;p&gt;Banner de fundo azul. Na parte superior, alinhado \u00e0 direita, um ret\u00e2ngulo branco destaca o nome da revista: RevAIES \u2013 Revista Acessibilidade e Inclus\u00e3o no Ensino Superior. Ao lado os logotipos da Universidade Federal de Pelotas e do N\u00facleo de Acessibilidade e Inclus\u00e3o. Ao centro, em caixa alta e letras brancas se l\u00ea: CHAMADA PARA PUBLICA\u00c7\u00d5ES. Revista Cient\u00edfica com Acessibilidade. Abaixo, alinhado \u00e0 esquerda, outro ret\u00e2ngulo lil\u00e1s destaca m\u00e3os que sinalizam o nome da revista.  Ao lado est\u00e1 a imagem de um v\u00eddeo com uma tradutora\/int\u00e9rprete sinalizando. Na parte inferior encontra-se o link: wp.ufpel.edu.br\/nai\/revaies&lt;\/p&gt;\n\" data-image-caption=\"&lt;p&gt;#PraCegoVer &amp;#8211; Banner de fundo azul. Na parte superior, alinhado \u00e0 direita, um ret\u00e2ngulo branco destaca o nome da revista: RevAIES \u2013 Revista Acessibilidade e Inclus\u00e3o no Ensino Superior. Ao lado os logotipos da Universidade Federal de Pelotas e do N\u00facleo de Acessibilidade e Inclus\u00e3o. Ao centro, em caixa alta e letras brancas se l\u00ea: CHAMADA PARA PUBLICA\u00c7\u00d5ES. Revista Cient\u00edfica com Acessibilidade. Abaixo, alinhado \u00e0 esquerda, outro ret\u00e2ngulo lil\u00e1s destaca m\u00e3os que sinalizam o nome da revista.  Ao lado est\u00e1 a imagem de um v\u00eddeo com uma tradutora\/int\u00e9rprete sinalizando. Na parte inferior encontra-se o link: wp.ufpel.edu.br\/nai\/revaies&lt;\/p&gt;\n\" data-medium-file=\"https:\/\/wp.ufpel.edu.br\/nai\/files\/2018\/05\/CARTAZ-CHAMADA-FELIPE-SZ-ok-359x400.jpg\" data-large-file=\"https:\/\/wp.ufpel.edu.br\/nai\/files\/2018\/05\/CARTAZ-CHAMADA-FELIPE-SZ-ok-920x1024.jpg\" class=\"wp-image-2321 alignleft\" src=\"https:\/\/wp.ufpel.edu.br\/nai\/files\/2018\/05\/CARTAZ-CHAMADA-FELIPE-SZ-ok.jpg\" alt=\"Cartaz chamada de trabalhos\" width=\"394\" height=\"439\" srcset=\"https:\/\/wp.ufpel.edu.br\/nai\/files\/2018\/05\/CARTAZ-CHAMADA-FELIPE-SZ-ok.jpg 1434w, https:\/\/wp.ufpel.edu.br\/nai\/files\/2018\/05\/CARTAZ-CHAMADA-FELIPE-SZ-ok-359x400.jpg 359w, https:\/\/wp.ufpel.edu.br\/nai\/files\/2018\/05\/CARTAZ-CHAMADA-FELIPE-SZ-ok-768x855.jpg 768w, https:\/\/wp.ufpel.edu.br\/nai\/files\/2018\/05\/CARTAZ-CHAMADA-FELIPE-SZ-ok-920x1024.jpg 920w\" sizes=\"(max-width: 394px) 100vw, 394px\" \/><\/p>\n<p style=\"text-align: justify\"><span style=\"font-family: verdana,geneva,sans-serif;font-size: 8pt\"><strong>Descri\u00e7\u00e3o do cartaz #pracegover:<\/strong> Banner de fundo azul. Na parte superior, alinhado \u00e0 direita, um ret\u00e2ngulo branco destaca o nome da revista: RevAIES \u2013 Revista Acessibilidade e Inclus\u00e3o no Ensino Superior. Ao lado os logotipos da Universidade Federal de Pelotas e do N\u00facleo de Acessibilidade e Inclus\u00e3o. Ao centro, em caixa alta e letras brancas se l\u00ea: CHAMADA PARA PUBLICA\u00c7\u00d5ES. Revista Cient\u00edfica com Acessibilidade. Abaixo, alinhado \u00e0 esquerda, outro ret\u00e2ngulo lil\u00e1s destaca m\u00e3os que sinalizam o nome da revista.\u00a0 Ao lado est\u00e1 a imagem de um v\u00eddeo com uma tradutora\/int\u00e9rprete sinalizando. Na parte inferior encontra-se o link: <a href=\"http:\/\/wp.ufpel.edu.br\/nai\/revaies\">wp.ufpel.edu.br\/nai\/revaies<\/a><\/span><\/p>\n<p>&nbsp;<\/p>\n<p>&nbsp;<\/p>\n<p>&nbsp;<\/p>\n<p>&nbsp;<\/p>\n<p>&nbsp;<\/p>\n<p>&nbsp;<\/p>\n<p>&nbsp;<\/p>\n<p style=\"text-align: justify\"><span style=\"font-family: verdana,geneva,sans-serif;font-size: 14pt\"><strong>Prezados profissionais que trabalham na \u00e1rea da acessibilidade e da inclus\u00e3o na Educa\u00e7\u00e3o,<\/strong> <\/span><\/p>\n<p style=\"text-align: justify\"><span style=\"font-family: verdana,geneva,sans-serif;font-size: 10pt\"><a href=\"https:\/\/drive.google.com\/open?id=1t-qW4_4vszj4Cmnh9ksr8oqSJ8t_OE7G\" target=\"_blank\" rel=\"noopener\">Texto em Libras\u00a0&#8211;\u00a0Clique\u00a0aqui\u00a0\u00a0<\/a><a href=\"https:\/\/wp.ufpel.edu.br\/nai\/files\/2018\/05\/libras.gif\">\u00a0<img data-attachment-id=\"2432\" data-permalink=\"https:\/\/wp.ufpel.edu.br\/nai\/chamada-revaies\/libras\/\" data-orig-file=\"https:\/\/wp.ufpel.edu.br\/nai\/files\/2018\/05\/libras.gif\" data-orig-size=\"91,109\" data-comments-opened=\"0\" data-image-meta=\"{&quot;aperture&quot;:&quot;0&quot;,&quot;credit&quot;:&quot;&quot;,&quot;camera&quot;:&quot;&quot;,&quot;caption&quot;:&quot;&quot;,&quot;created_timestamp&quot;:&quot;0&quot;,&quot;copyright&quot;:&quot;&quot;,&quot;focal_length&quot;:&quot;0&quot;,&quot;iso&quot;:&quot;0&quot;,&quot;shutter_speed&quot;:&quot;0&quot;,&quot;title&quot;:&quot;&quot;,&quot;orientation&quot;:&quot;0&quot;}\" data-image-title=\"libras\" data-image-description=\"\" data-image-caption=\"\" data-medium-file=\"https:\/\/wp.ufpel.edu.br\/nai\/files\/2018\/05\/libras.gif\" data-large-file=\"https:\/\/wp.ufpel.edu.br\/nai\/files\/2018\/05\/libras.gif\" class=\"alignnone wp-image-2432\" src=\"https:\/\/wp.ufpel.edu.br\/nai\/files\/2018\/05\/libras.gif\" alt=\" \" width=\"24\" height=\"29\" \/><\/a><\/span><\/p>\n<p style=\"text-align: justify\"><span style=\"font-family: verdana,geneva,sans-serif\">\u00c9 com prazer que comunicamos o lan\u00e7amento da <b>Revista Acessibilidade e Inclus\u00e3o no Ensino Superior (RevAIES)<\/b>, previsto, inicialmente, para o m\u00eas de\u00a0abril de 2019. Ser\u00e1 uma publica\u00e7\u00e3o eletr\u00f4nica semestral do N\u00facleo de Acessibilidade e Inclus\u00e3o (NAI) da Universidade Federal de Pelotas (UFPel), que buscar\u00e1 promover a socializa\u00e7\u00e3o de conhecimentos te\u00f3ricos e pr\u00e1ticos multidisciplinares, produzidos em n\u00edvel local, nacional e internacional, nas \u00e1reas de acessibilidade e inclus\u00e3o. A <b>RevAIES <\/b>visa a dialogar, com interlocutores(as) provenientes de diferentes \u00e1reas do conhecimento &#8211; social, educa\u00e7\u00e3o, sa\u00fade e assist\u00eancia -, acerca da <b>acessibilidade, da perman\u00eancia e do acompanhamento dos(as) estudantes com defici\u00eancias, altas habilidades e transtorno do espectro autista, que frequentam as institui\u00e7\u00f5es de ensino superior<\/b>, de modo a contribuir para uma pr\u00e1tica que lhes permita uma forma\u00e7\u00e3o qualificada. <\/span><\/p>\n<p style=\"text-align: justify\"><span style=\"font-family: verdana,geneva,sans-serif\">A <b>RevAIES <\/b>propiciar\u00e1 livre acesso ao p\u00fablico e avalia\u00e7\u00e3o cega por pares dos trabalhos a ela submetidos. Receber\u00e1 trabalhos em fluxo cont\u00ednuo e tem como meta a indexa\u00e7\u00e3o em bases de dados e no DOI. A publica\u00e7\u00e3o ter\u00e1 compromisso com a qualidade cient\u00edfica e a acessibilidade de suas publica\u00e7\u00f5es. <\/span><\/p>\n<p style=\"text-align: justify\"><span style=\"font-family: verdana,geneva,sans-serif\">\u00a0<\/span><\/p>\n<p style=\"text-align: justify\"><span style=\"font-family: verdana,geneva,sans-serif\">Interessados em submeter trabalhos para o primeiro n\u00famero da <b>RevAIES <\/b>dever\u00e3o consultar o s\u00edtio do NAI (<b><a href=\"http:\/\/wp.ufpel.edu.br\/nai\/revaies\/\" target=\"_blank\" rel=\"noopener\">wp.ufpel.edu.br\/nai\/revaies\/<\/a><\/b>) para maiores informa\u00e7\u00f5es.<\/span><\/p>\n<p style=\"text-align: justify\"><span style=\"font-family: verdana,geneva,sans-serif\">\u00a0<\/span><\/p>\n<p style=\"text-align: justify\"><span style=\"font-family: verdana,geneva,sans-serif\">Atenciosamente, <\/span><\/p>\n<p style=\"text-align: justify\"><span style=\"font-family: verdana,geneva,sans-serif\">Conselho Editorial<\/span><\/p>\n<p>&nbsp;<\/p>\n","protected":false},"excerpt":{"rendered":"<p>P\u00e1gina Inicial &nbsp; Descri\u00e7\u00e3o do cartaz #pracegover: Banner de fundo azul. Na parte superior, alinhado \u00e0 direita, um ret\u00e2ngulo branco destaca o nome da revista: RevAIES \u2013 Revista Acessibilidade e Inclus\u00e3o no Ensino Superior. Ao lado os logotipos da Universidade Federal de Pelotas e do N\u00facleo de Acessibilidade e Inclus\u00e3o. Ao centro, em caixa alta [&hellip;]<\/p>\n","protected":false},"author":359,"featured_media":0,"parent":0,"menu_order":0,"comment_status":"closed","ping_status":"closed","template":"","meta":{"jetpack_post_was_ever_published":false,"footnotes":""},"class_list":["post-2327","page","type-page","status-publish","hentry"],"jetpack_sharing_enabled":true,"jetpack_shortlink":"https:\/\/wp.me\/P90IOR-Bx","_links":{"self":[{"href":"https:\/\/wp.ufpel.edu.br\/nai\/wp-json\/wp\/v2\/pages\/2327","targetHints":{"allow":["GET"]}}],"collection":[{"href":"https:\/\/wp.ufpel.edu.br\/nai\/wp-json\/wp\/v2\/pages"}],"about":[{"href":"https:\/\/wp.ufpel.edu.br\/nai\/wp-json\/wp\/v2\/types\/page"}],"author":[{"embeddable":true,"href":"https:\/\/wp.ufpel.edu.br\/nai\/wp-json\/wp\/v2\/users\/359"}],"replies":[{"embeddable":true,"href":"https:\/\/wp.ufpel.edu.br\/nai\/wp-json\/wp\/v2\/comments?post=2327"}],"version-history":[{"count":13,"href":"https:\/\/wp.ufpel.edu.br\/nai\/wp-json\/wp\/v2\/pages\/2327\/revisions"}],"predecessor-version":[{"id":2445,"href":"https:\/\/wp.ufpel.edu.br\/nai\/wp-json\/wp\/v2\/pages\/2327\/revisions\/2445"}],"wp:attachment":[{"href":"https:\/\/wp.ufpel.edu.br\/nai\/wp-json\/wp\/v2\/media?parent=2327"}],"curies":[{"name":"wp","href":"https:\/\/api.w.org\/{rel}","templated":true}]}}

<p style="text-align: right"><a href="https://wp.ufpel.edu.br/nai/revaies/"><span style="font-family: verdana,geneva,sans-serif;font-size: 10pt">Página Inicial</span></a></p>
<p>&nbsp;</p>
<p><img data-attachment-id="2321" data-permalink="https://wp.ufpel.edu.br/nai/cartaz-chamada/" data-orig-file="https://wp.ufpel.edu.br/nai/files/2018/05/CARTAZ-CHAMADA-FELIPE-SZ-ok.jpg" data-orig-size="1434,1596" data-comments-opened="0" data-image-meta="{&quot;aperture&quot;:&quot;0&quot;,&quot;credit&quot;:&quot;&quot;,&quot;camera&quot;:&quot;&quot;,&quot;caption&quot;:&quot;&quot;,&quot;created_timestamp&quot;:&quot;0&quot;,&quot;copyright&quot;:&quot;&quot;,&quot;focal_length&quot;:&quot;0&quot;,&quot;iso&quot;:&quot;0&quot;,&quot;shutter_speed&quot;:&quot;0&quot;,&quot;title&quot;:&quot;CARTAZ CHAMADA&quot;,&quot;orientation&quot;:&quot;1&quot;}" data-image-title="CARTAZ CHAMADA" data-image-description="&lt;p&gt;Banner de fundo azul. Na parte superior, alinhado à direita, um retângulo branco destaca o nome da revista: RevAIES – Revista Acessibilidade e Inclusão no Ensino Superior. Ao lado os logotipos da Universidade Federal de Pelotas e do Núcleo de Acessibilidade e Inclusão. Ao centro, em caixa alta e letras brancas se lê: CHAMADA PARA PUBLICAÇÕES. Revista Científica com Acessibilidade. Abaixo, alinhado à esquerda, outro retângulo lilás destaca mãos que sinalizam o nome da revista.  Ao lado está a imagem de um vídeo com uma tradutora/intérprete sinalizando. Na parte inferior encontra-se o link: wp.ufpel.edu.br/nai/revaies&lt;/p&gt;
" data-image-caption="&lt;p&gt;#PraCegoVer &amp;#8211; Banner de fundo azul. Na parte superior, alinhado à direita, um retângulo branco destaca o nome da revista: RevAIES – Revista Acessibilidade e Inclusão no Ensino Superior. Ao lado os logotipos da Universidade Federal de Pelotas e do Núcleo de Acessibilidade e Inclusão. Ao centro, em caixa alta e letras brancas se lê: CHAMADA PARA PUBLICAÇÕES. Revista Científica com Acessibilidade. Abaixo, alinhado à esquerda, outro retângulo lilás destaca mãos que sinalizam o nome da revista.  Ao lado está a imagem de um vídeo com uma tradutora/intérprete sinalizando. Na parte inferior encontra-se o link: wp.ufpel.edu.br/nai/revaies&lt;/p&gt;
" data-medium-file="https://wp.ufpel.edu.br/nai/files/2018/05/CARTAZ-CHAMADA-FELIPE-SZ-ok-359x400.jpg" data-large-file="https://wp.ufpel.edu.br/nai/files/2018/05/CARTAZ-CHAMADA-FELIPE-SZ-ok-920x1024.jpg" class="wp-image-2321 alignleft" src="https://wp.ufpel.edu.br/nai/files/2018/05/CARTAZ-CHAMADA-FELIPE-SZ-ok.jpg" alt="Cartaz chamada de trabalhos" width="394" height="439" srcset="https://wp.ufpel.edu.br/nai/files/2018/05/CARTAZ-CHAMADA-FELIPE-SZ-ok.jpg 1434w, https://wp.ufpel.edu.br/nai/files/2018/05/CARTAZ-CHAMADA-FELIPE-SZ-ok-359x400.jpg 359w, https://wp.ufpel.edu.br/nai/files/2018/05/CARTAZ-CHAMADA-FELIPE-SZ-ok-768x855.jpg 768w, https://wp.ufpel.edu.br/nai/files/2018/05/CARTAZ-CHAMADA-FELIPE-SZ-ok-920x1024.jpg 920w" sizes="(max-width: 394px) 100vw, 394px" /></p>
<p style="text-align: justify"><span style="font-family: verdana,geneva,sans-serif;font-size: 8pt"><strong>Descrição do cartaz #pracegover:</strong> Banner de fundo azul. Na parte superior, alinhado à direita, um retângulo branco destaca o nome da revista: RevAIES – Revista Acessibilidade e Inclusão no Ensino Superior. Ao lado os logotipos da Universidade Federal de Pelotas e do Núcleo de Acessibilidade e Inclusão. Ao centro, em caixa alta e letras brancas se lê: CHAMADA PARA PUBLICAÇÕES. Revista Científica com Acessibilidade. Abaixo, alinhado à esquerda, outro retângulo lilás destaca mãos que sinalizam o nome da revista.  Ao lado está a imagem de um vídeo com uma tradutora/intérprete sinalizando. Na parte inferior encontra-se o link: <a href="http://wp.ufpel.edu.br/nai/revaies">wp.ufpel.edu.br/nai/revaies</a></span></p>
<p>&nbsp;</p>
<p>&nbsp;</p>
<p>&nbsp;</p>
<p>&nbsp;</p>
<p>&nbsp;</p>
<p>&nbsp;</p>
<p>&nbsp;</p>
<p style="text-align: justify"><span style="font-family: verdana,geneva,sans-serif;font-size: 14pt"><strong>Prezados profissionais que trabalham na área da acessibilidade e da inclusão na Educação,</strong> </span></p>
<p style="text-align: justify"><span style="font-family: verdana,geneva,sans-serif;font-size: 10pt"><a href="https://drive.google.com/open?id=1t-qW4_4vszj4Cmnh9ksr8oqSJ8t_OE7G" target="_blank" rel="noopener">Texto em Libras &#8211; Clique aqui  </a><a href="https://wp.ufpel.edu.br/nai/files/2018/05/libras.gif"> <img data-attachment-id="2432" data-permalink="https://wp.ufpel.edu.br/nai/chamada-revaies/libras/" data-orig-file="https://wp.ufpel.edu.br/nai/files/2018/05/libras.gif" data-orig-size="91,109" data-comments-opened="0" data-image-meta="{&quot;aperture&quot;:&quot;0&quot;,&quot;credit&quot;:&quot;&quot;,&quot;camera&quot;:&quot;&quot;,&quot;caption&quot;:&quot;&quot;,&quot;created_timestamp&quot;:&quot;0&quot;,&quot;copyright&quot;:&quot;&quot;,&quot;focal_length&quot;:&quot;0&quot;,&quot;iso&quot;:&quot;0&quot;,&quot;shutter_speed&quot;:&quot;0&quot;,&quot;title&quot;:&quot;&quot;,&quot;orientation&quot;:&quot;0&quot;}" data-image-title="libras" data-image-description="" data-image-caption="" data-medium-file="https://wp.ufpel.edu.br/nai/files/2018/05/libras.gif" data-large-file="https://wp.ufpel.edu.br/nai/files/2018/05/libras.gif" class="alignnone wp-image-2432" src="https://wp.ufpel.edu.br/nai/files/2018/05/libras.gif" alt=" " width="24" height="29" /></a></span></p>
<p style="text-align: justify"><span style="font-family: verdana,geneva,sans-serif">É com prazer que comunicamos o lançamento da <b>Revista Acessibilidade e Inclusão no Ensino Superior (RevAIES)</b>, previsto, inicialmente, para o mês de abril de 2019. Será uma publicação eletrônica semestral do Núcleo de Acessibilidade e Inclusão (NAI) da Universidade Federal de Pelotas (UFPel), que buscará promover a socialização de conhecimentos teóricos e práticos multidisciplinares, produzidos em nível local, nacional e internacional, nas áreas de acessibilidade e inclusão. A <b>RevAIES </b>visa a dialogar, com interlocutores(as) provenientes de diferentes áreas do conhecimento &#8211; social, educação, saúde e assistência -, acerca da <b>acessibilidade, da permanência e do acompanhamento dos(as) estudantes com deficiências, altas habilidades e transtorno do espectro autista, que frequentam as instituições de ensino superior</b>, de modo a contribuir para uma prática que lhes permita uma formação qualificada. </span></p>
<p style="text-align: justify"><span style="font-family: verdana,geneva,sans-serif">A <b>RevAIES </b>propiciará livre acesso ao público e avaliação cega por pares dos trabalhos a ela submetidos. Receberá trabalhos em fluxo contínuo e tem como meta a indexação em bases de dados e no DOI. A publicação terá compromisso com a qualidade científica e a acessibilidade de suas publicações. </span></p>
<p style="text-align: justify"><span style="font-family: verdana,geneva,sans-serif"> </span></p>
<p style="text-align: justify"><span style="font-family: verdana,geneva,sans-serif">Interessados em submeter trabalhos para o primeiro número da <b>RevAIES </b>deverão consultar o sítio do NAI (<b><a href="http://wp.ufpel.edu.br/nai/revaies/" target="_blank" rel="noopener">wp.ufpel.edu.br/nai/revaies/</a></b>) para maiores informações.</span></p>
<p style="text-align: justify"><span style="font-family: verdana,geneva,sans-serif"> </span></p>
<p style="text-align: justify"><span style="font-family: verdana,geneva,sans-serif">Atenciosamente, </span></p>
<p style="text-align: justify"><span style="font-family: verdana,geneva,sans-serif">Conselho Editorial</span></p>
<p>&nbsp;</p>

<p>Página Inicial &nbsp; Descrição do cartaz #pracegover: Banner de fundo azul. Na parte superior, alinhado à direita, um retângulo branco destaca o nome da revista: RevAIES – Revista Acessibilidade e Inclusão no Ensino Superior. Ao lado os logotipos da Universidade Federal de Pelotas e do Núcleo de Acessibilidade e Inclusão. Ao centro, em caixa alta [&hellip;]</p>
