{"id":2305,"date":"2018-05-24T01:12:26","date_gmt":"2018-05-24T04:12:26","guid":{"rendered":"https:\/\/wp.ufpel.edu.br\/nai\/?page_id=2305"},"modified":"2018-06-13T17:53:56","modified_gmt":"2018-06-13T20:53:56","slug":"interesses","status":"publish","type":"page","link":"https:\/\/wp.ufpel.edu.br\/nai\/interesses\/","title":{"rendered":"Interesses"},"content":{"rendered":"<p><span style=\"font-family: verdana, geneva, sans-serif;font-size: 14pt\">Em constru\u00e7\u00e3o !<\/span><\/p>\n<p><span style=\"font-family: verdana, geneva, sans-serif\">Clique nos links abaixo para acessar as paginas com os interesses.<\/span><\/p>\n<p><a href=\"https:\/\/wp.me\/P90IOR-88\"><span style=\"font-family: verdana, geneva, sans-serif\">Links interessantes<\/span><\/a><\/p>\n<p><a href=\"https:\/\/wp.ufpel.edu.br\/nai\/software-para-acessibilidade\/\"><span style=\"font-family: verdana, geneva, sans-serif\">Softwares e equipamentos<\/span><\/a><\/p>\n<p><a href=\"https:\/\/wp.ufpel.edu.br\/nai\/aplicativos\/\"><span style=\"font-family: verdana, geneva, sans-serif\">Aplicativos<\/span><\/a><\/p>\n<p><a href=\"https:\/\/wp.ufpel.edu.br\/nai\/perguntas-frequentes\/\"><span style=\"font-family: verdana, geneva, sans-serif\">Perguntas Frequentes<\/span><\/a><\/p>\n<p><a href=\"https:\/\/wp.me\/P90IOR-8c\"><span style=\"font-family: verdana, geneva, sans-serif\">Legisla\u00e7\u00e3o<\/span><\/a><\/p>\n<p><a href=\"https:\/\/wp.ufpel.edu.br\/nai\/sugestoes\/\"><span style=\"font-family: verdana, geneva, sans-serif\">Sugest\u00f5es<\/span><\/a><\/p>\n<p>&nbsp;<\/p>\n","protected":false},"excerpt":{"rendered":"<p>Em constru\u00e7\u00e3o ! Clique nos links abaixo para acessar as paginas com os interesses. Links interessantes Softwares e equipamentos Aplicativos Perguntas Frequentes Legisla\u00e7\u00e3o Sugest\u00f5es &nbsp;<\/p>\n","protected":false},"author":359,"featured_media":0,"parent":0,"menu_order":0,"comment_status":"closed","ping_status":"closed","template":"","meta":{"jetpack_post_was_ever_published":false,"footnotes":""},"class_list":["post-2305","page","type-page","status-publish","hentry"],"jetpack_sharing_enabled":true,"jetpack_shortlink":"https:\/\/wp.me\/P90IOR-Bb","_links":{"self":[{"href":"https:\/\/wp.ufpel.edu.br\/nai\/wp-json\/wp\/v2\/pages\/2305","targetHints":{"allow":["GET"]}}],"collection":[{"href":"https:\/\/wp.ufpel.edu.br\/nai\/wp-json\/wp\/v2\/pages"}],"about":[{"href":"https:\/\/wp.ufpel.edu.br\/nai\/wp-json\/wp\/v2\/types\/page"}],"author":[{"embeddable":true,"href":"https:\/\/wp.ufpel.edu.br\/nai\/wp-json\/wp\/v2\/users\/359"}],"replies":[{"embeddable":true,"href":"https:\/\/wp.ufpel.edu.br\/nai\/wp-json\/wp\/v2\/comments?post=2305"}],"version-history":[{"count":5,"href":"https:\/\/wp.ufpel.edu.br\/nai\/wp-json\/wp\/v2\/pages\/2305\/revisions"}],"predecessor-version":[{"id":2543,"href":"https:\/\/wp.ufpel.edu.br\/nai\/wp-json\/wp\/v2\/pages\/2305\/revisions\/2543"}],"wp:attachment":[{"href":"https:\/\/wp.ufpel.edu.br\/nai\/wp-json\/wp\/v2\/media?parent=2305"}],"curies":[{"name":"wp","href":"https:\/\/api.w.org\/{rel}","templated":true}]}}