{"id":1820,"date":"2017-10-26T15:33:45","date_gmt":"2017-10-26T17:33:45","guid":{"rendered":"https:\/\/wp.ufpel.edu.br\/nai\/?page_id=1820"},"modified":"2017-12-19T14:25:01","modified_gmt":"2017-12-19T16:25:01","slug":"relatos-e-pesquisas-do-nai","status":"publish","type":"page","link":"https:\/\/wp.ufpel.edu.br\/nai\/sobreonucleo\/relatos-e-pesquisas-do-nai\/","title":{"rendered":"Relatos e Pesquisas do NAI"},"content":{"rendered":"<h3><span style=\"font-size: 18pt\"><strong><span style=\"font-family: verdana, geneva, sans-serif\">Publica\u00e7\u00f5es dos\u00a0<\/span><\/strong><\/span><span style=\"font-size: 18pt\"><strong><span style=\"font-family: verdana, geneva, sans-serif\">servidores, bolsistas e tutores do NAI<\/span><\/strong><\/span><\/h3>\n<p>&nbsp;<\/p>\n<h4><span style=\"font-family: helvetica, arial, sans-serif;color: #800000\">NAI na 3a. Semana Integrada da UFPEL<\/span><\/h4>\n<p>&nbsp;<\/p>\n<p style=\"text-align: left\"><a href=\"https:\/\/wp.ufpel.edu.br\/nai\/files\/2017\/12\/Robson_Polvora_CEG2017.pdf\"><span style=\"font-family: verdana, geneva, sans-serif\">Breve estudo dos caminhos que levaram \u00e0 implementa\u00e7\u00e3o do N\u00facleo de Acessibilidade e Inclus\u00e3o e Inclus\u00e3o (NAI) da Universidade Federal de Pelotas<\/span><\/a><\/p>\n<p>&nbsp;<\/p>\n<p><a href=\"https:\/\/wp.ufpel.edu.br\/nai\/files\/2017\/11\/ARTIGO.pdf\"><span style=\"font-family: verdana, geneva, sans-serif\">Considera\u00e7\u00f5es acerca da evolu\u00e7\u00e3o da inclus\u00e3o de alunos com defici\u00eancia no ensino superior<\/span><\/a><\/p>\n<p>&nbsp;<\/p>\n<p><a href=\"https:\/\/wp.ufpel.edu.br\/nai\/files\/2017\/11\/Semana-Integrada-CEG-2017.pdf\"><span style=\"font-family: verdana, geneva, sans-serif\">O N\u00facleo de Acessibilidade e Inclus\u00e3o na UFPel e a experi\u00eancia da tutoria<\/span><\/a><\/p>\n<p>&nbsp;<\/p>\n<p><a href=\"https:\/\/wp.ufpel.edu.br\/nai\/files\/2017\/11\/Carolina-CEG-final-NAI.pdf\"><span style=\"font-family: verdana, geneva, sans-serif\">A tutoria como experi\u00eancia na gradua\u00e7\u00e3o<\/span><\/a><\/p>\n<p>&nbsp;<\/p>\n<p><span style=\"font-family: verdana, geneva, sans-serif\"><a href=\"https:\/\/wp.ufpel.edu.br\/nai\/files\/2017\/12\/web-design-acessibilidade-wordpress-NAI-CIC.pdf\">Web design e acessibilidade: estudo do site em wordpress do N\u00facleo de Acessibilidade e Inclus\u00e3o &#8211; NAI da UFPEL<\/a><\/span><\/p>\n<p>&nbsp;<\/p>\n<p><a href=\"https:\/\/wp.ufpel.edu.br\/nai\/files\/2017\/11\/CEG-Alison.pdf\"><span style=\"font-family: verdana, geneva, sans-serif\">Educa\u00e7\u00e3o inclusiva: o emprego de materiais alternativos para o ensino de bioqu\u00edmica<\/span><\/a><\/p>\n<p>&nbsp;<\/p>\n<p><a href=\"https:\/\/wp.ufpel.edu.br\/nai\/files\/2017\/11\/RESUMO-CEG-JULIA-E-LARISSA.pdf\"><span style=\"font-family: verdana, geneva, sans-serif\">O NAI na ufpel e a tutoria acad\u00eamica<\/span><\/a><\/p>\n<p>&nbsp;<\/p>\n<p><a href=\"https:\/\/wp.ufpel.edu.br\/nai\/files\/2017\/12\/W-Pamela-ultimooo-.pdf\"><span style=\"font-family: verdana, geneva, sans-serif\">Tutoria universit\u00e1ria com pessoa com defici\u00eancia: entre limites e possibilidades<\/span><\/a><\/p>\n<p>&nbsp;<\/p>\n<p><a href=\"https:\/\/wp.ufpel.edu.br\/nai\/files\/2017\/11\/siiepe.pdf\"><span style=\"font-family: verdana, geneva, sans-serif\">Defici\u00eancia visual e a experi\u00eancia na gradua\u00e7\u00e3o: rela\u00e7\u00e3o entre tutor e tutorado<\/span><\/a><\/p>\n<p>&nbsp;<\/p>\n<p style=\"text-align: left\"><span style=\"font-family: verdana, geneva, sans-serif\"><a href=\"https:\/\/wp.ufpel.edu.br\/nai\/files\/2017\/12\/guaracy-TUTORIA-COM-ACAD\u00caMICO-COM-DEFICI\u00caNCIA.pdf\">Tutoria com acad\u00eamico com defici\u00eancia<\/a><\/span><\/p>\n<p>&nbsp;<\/p>\n<p><a href=\"https:\/\/wp.ufpel.edu.br\/nai\/files\/2017\/12\/marta-CEG-2017-texto.pdf\"><span style=\"font-family: verdana, geneva, sans-serif\">Diversidade e dificuldades: perspectivas e desafios de discentes tutores e seus tutorados no N\u00facleo de Acessibilidade e Inclus\u00e3o\/ NAI UFPEL<\/span><\/a><\/p>\n<p style=\"text-align: left\"><span style=\"font-family: verdana, geneva, sans-serif\">\u00a0<\/span><\/p>\n<p>&nbsp;<\/p>\n<p>&nbsp;<\/p>\n<p>&nbsp;<\/p>\n","protected":false},"excerpt":{"rendered":"<p>Publica\u00e7\u00f5es dos\u00a0servidores, bolsistas e tutores do NAI &nbsp; NAI na 3a. Semana Integrada da UFPEL &nbsp; Breve estudo dos caminhos que levaram \u00e0 implementa\u00e7\u00e3o do N\u00facleo de Acessibilidade e Inclus\u00e3o e Inclus\u00e3o (NAI) da Universidade Federal de Pelotas &nbsp; Considera\u00e7\u00f5es acerca da evolu\u00e7\u00e3o da inclus\u00e3o de alunos com defici\u00eancia no ensino superior &nbsp; O N\u00facleo [&hellip;]<\/p>\n","protected":false},"author":359,"featured_media":0,"parent":2,"menu_order":0,"comment_status":"closed","ping_status":"closed","template":"","meta":{"jetpack_post_was_ever_published":false,"footnotes":""},"class_list":["post-1820","page","type-page","status-publish","hentry"],"jetpack_sharing_enabled":true,"jetpack_shortlink":"https:\/\/wp.me\/P90IOR-tm","_links":{"self":[{"href":"https:\/\/wp.ufpel.edu.br\/nai\/wp-json\/wp\/v2\/pages\/1820","targetHints":{"allow":["GET"]}}],"collection":[{"href":"https:\/\/wp.ufpel.edu.br\/nai\/wp-json\/wp\/v2\/pages"}],"about":[{"href":"https:\/\/wp.ufpel.edu.br\/nai\/wp-json\/wp\/v2\/types\/page"}],"author":[{"embeddable":true,"href":"https:\/\/wp.ufpel.edu.br\/nai\/wp-json\/wp\/v2\/users\/359"}],"replies":[{"embeddable":true,"href":"https:\/\/wp.ufpel.edu.br\/nai\/wp-json\/wp\/v2\/comments?post=1820"}],"version-history":[{"count":31,"href":"https:\/\/wp.ufpel.edu.br\/nai\/wp-json\/wp\/v2\/pages\/1820\/revisions"}],"predecessor-version":[{"id":2013,"href":"https:\/\/wp.ufpel.edu.br\/nai\/wp-json\/wp\/v2\/pages\/1820\/revisions\/2013"}],"up":[{"embeddable":true,"href":"https:\/\/wp.ufpel.edu.br\/nai\/wp-json\/wp\/v2\/pages\/2"}],"wp:attachment":[{"href":"https:\/\/wp.ufpel.edu.br\/nai\/wp-json\/wp\/v2\/media?parent=1820"}],"curies":[{"name":"wp","href":"https:\/\/api.w.org\/{rel}","templated":true}]}}

<h3><span style="font-size: 18pt"><strong><span style="font-family: verdana, geneva, sans-serif">Publicações dos </span></strong></span><span style="font-size: 18pt"><strong><span style="font-family: verdana, geneva, sans-serif">servidores, bolsistas e tutores do NAI</span></strong></span></h3>
<p>&nbsp;</p>
<h4><span style="font-family: helvetica, arial, sans-serif;color: #800000">NAI na 3a. Semana Integrada da UFPEL</span></h4>
<p>&nbsp;</p>
<p style="text-align: left"><a href="https://wp.ufpel.edu.br/nai/files/2017/12/Robson_Polvora_CEG2017.pdf"><span style="font-family: verdana, geneva, sans-serif">Breve estudo dos caminhos que levaram à implementação do Núcleo de Acessibilidade e Inclusão e Inclusão (NAI) da Universidade Federal de Pelotas</span></a></p>
<p>&nbsp;</p>
<p><a href="https://wp.ufpel.edu.br/nai/files/2017/11/ARTIGO.pdf"><span style="font-family: verdana, geneva, sans-serif">Considerações acerca da evolução da inclusão de alunos com deficiência no ensino superior</span></a></p>
<p>&nbsp;</p>
<p><a href="https://wp.ufpel.edu.br/nai/files/2017/11/Semana-Integrada-CEG-2017.pdf"><span style="font-family: verdana, geneva, sans-serif">O Núcleo de Acessibilidade e Inclusão na UFPel e a experiência da tutoria</span></a></p>
<p>&nbsp;</p>
<p><a href="https://wp.ufpel.edu.br/nai/files/2017/11/Carolina-CEG-final-NAI.pdf"><span style="font-family: verdana, geneva, sans-serif">A tutoria como experiência na graduação</span></a></p>
<p>&nbsp;</p>
<p><span style="font-family: verdana, geneva, sans-serif"><a href="https://wp.ufpel.edu.br/nai/files/2017/12/web-design-acessibilidade-wordpress-NAI-CIC.pdf">Web design e acessibilidade: estudo do site em wordpress do Núcleo de Acessibilidade e Inclusão &#8211; NAI da UFPEL</a></span></p>
<p>&nbsp;</p>
<p><a href="https://wp.ufpel.edu.br/nai/files/2017/11/CEG-Alison.pdf"><span style="font-family: verdana, geneva, sans-serif">Educação inclusiva: o emprego de materiais alternativos para o ensino de bioquímica</span></a></p>
<p>&nbsp;</p>
<p><a href="https://wp.ufpel.edu.br/nai/files/2017/11/RESUMO-CEG-JULIA-E-LARISSA.pdf"><span style="font-family: verdana, geneva, sans-serif">O NAI na ufpel e a tutoria acadêmica</span></a></p>
<p>&nbsp;</p>
<p><a href="https://wp.ufpel.edu.br/nai/files/2017/12/W-Pamela-ultimooo-.pdf"><span style="font-family: verdana, geneva, sans-serif">Tutoria universitária com pessoa com deficiência: entre limites e possibilidades</span></a></p>
<p>&nbsp;</p>
<p><a href="https://wp.ufpel.edu.br/nai/files/2017/11/siiepe.pdf"><span style="font-family: verdana, geneva, sans-serif">Deficiência visual e a experiência na graduação: relação entre tutor e tutorado</span></a></p>
<p>&nbsp;</p>
<p style="text-align: left"><span style="font-family: verdana, geneva, sans-serif"><a href="https://wp.ufpel.edu.br/nai/files/2017/12/guaracy-TUTORIA-COM-ACADÊMICO-COM-DEFICIÊNCIA.pdf">Tutoria com acadêmico com deficiência</a></span></p>
<p>&nbsp;</p>
<p><a href="https://wp.ufpel.edu.br/nai/files/2017/12/marta-CEG-2017-texto.pdf"><span style="font-family: verdana, geneva, sans-serif">Diversidade e dificuldades: perspectivas e desafios de discentes tutores e seus tutorados no Núcleo de Acessibilidade e Inclusão/ NAI UFPEL</span></a></p>
<p style="text-align: left"><span style="font-family: verdana, geneva, sans-serif"> </span></p>
<p>&nbsp;</p>
<p>&nbsp;</p>
<p>&nbsp;</p>

<p>Publicações dos servidores, bolsistas e tutores do NAI &nbsp; NAI na 3a. Semana Integrada da UFPEL &nbsp; Breve estudo dos caminhos que levaram à implementação do Núcleo de Acessibilidade e Inclusão e Inclusão (NAI) da Universidade Federal de Pelotas &nbsp; Considerações acerca da evolução da inclusão de alunos com deficiência no ensino superior &nbsp; O Núcleo [&hellip;]</p>
