{"id":1783,"date":"2017-10-20T15:28:02","date_gmt":"2017-10-20T17:28:02","guid":{"rendered":"https:\/\/wp.ufpel.edu.br\/nai\/?page_id=1783"},"modified":"2017-10-25T14:40:36","modified_gmt":"2017-10-25T16:40:36","slug":"contrato-emergencial-tils-2017","status":"publish","type":"page","link":"https:\/\/wp.ufpel.edu.br\/nai\/como-realiza-as-traducoesinterpretacoes-na-ufpel\/contrato-emergencial-tils-2017\/","title":{"rendered":"Contrato emergencial TILS &#8211; 2017"},"content":{"rendered":"<h2 style=\"text-align: right\"><span style=\"color: #800000\"><strong><span style=\"font-family: verdana, geneva, sans-serif\">Inscri\u00e7\u00f5es encerradas!<\/span><\/strong><\/span><\/h2>\n<h3><a href=\"https:\/\/wp.ufpel.edu.br\/nai\/files\/2017\/10\/HOMOLOGA\u00c7\u00c3O-RESULTADO-FINAL-25-10-1.pdf\"><span style=\"font-family: verdana, geneva, sans-serif\">HOMOLOGA\u00c7\u00c3O &#8211; RESULTADO FINAL<\/span><\/a><\/h3>\n<h5><span style=\"font-family: verdana, geneva, sans-serif;color: #000080\"><em>Publicado em 25\/10\/2017<\/em><\/span><\/h5>\n<p>&nbsp;<\/p>\n<h3><span style=\"font-family: verdana, geneva, sans-serif\"><a href=\"https:\/\/wp.ufpel.edu.br\/nai\/files\/2017\/10\/RESULTADOS-DAS-APROVADAS-NA-ENTREVISTA-03-2017.doc\">RESULTADOS DAS APROVADAS NA ENTREVISTA<\/a><\/span><\/h3>\n<h5><em><span style=\"font-family: verdana, geneva, sans-serif;color: #000080\">Publicado em 19\/10\/2017<\/span><\/em><\/h5>\n<p>&nbsp;<\/p>\n<h3><span style=\"font-family: verdana, geneva, sans-serif\"><a href=\"https:\/\/wp.ufpel.edu.br\/nai\/files\/2017\/10\/ENTREVISTAS-COM-HORA-E-DATA.doc\">HOR\u00c1RIO E DATA DAS ENTREVISTAS<\/a><\/span><\/h3>\n<h5><em><span style=\"font-family: verdana, geneva, sans-serif;color: #000080\">Publicado em 17\/10\/2017<\/span><\/em><\/h5>\n<p>&nbsp;<\/p>\n<h3><span style=\"font-family: verdana, geneva, sans-serif\"><a href=\"https:\/\/wp.ufpel.edu.br\/nai\/files\/2017\/10\/HOMOLOGA%C3%87%C3%83O-DAS-INSCRI%C3%87%C3%95ES.doc\">HOMOLOGA\u00c7\u00c3O DAS INSCRI\u00c7\u00d5ES<\/a><\/span><\/h3>\n<h5><em><span style=\"font-family: verdana, geneva, sans-serif;color: #000080\">Publicado em 16\/10\/2017<\/span><\/em><\/h5>\n<p>&nbsp;<\/p>\n<h3><span style=\"font-family: verdana, geneva, sans-serif\"><a href=\"https:\/\/wp.ufpel.edu.br\/nai\/files\/2017\/10\/Contrato-Emergencial-TILS-inscri%C3%A7ao-10-e-11-out.pdf\">CONTRATO EMERGENCIAL TILS &#8211; NOVO EDITAL<\/a><\/span><\/h3>\n<h5><em><span style=\"font-family: verdana, geneva, sans-serif;color: #000080\">Publicado em 09\/10\/2017<\/span><\/em><\/h5>\n<p>&nbsp;<\/p>\n","protected":false},"excerpt":{"rendered":"<p>Inscri\u00e7\u00f5es encerradas! HOMOLOGA\u00c7\u00c3O &#8211; RESULTADO FINAL Publicado em 25\/10\/2017 &nbsp; RESULTADOS DAS APROVADAS NA ENTREVISTA Publicado em 19\/10\/2017 &nbsp; HOR\u00c1RIO E DATA DAS ENTREVISTAS Publicado em 17\/10\/2017 &nbsp; HOMOLOGA\u00c7\u00c3O DAS INSCRI\u00c7\u00d5ES Publicado em 16\/10\/2017 &nbsp; CONTRATO EMERGENCIAL TILS &#8211; NOVO EDITAL Publicado em 09\/10\/2017 &nbsp;<\/p>\n","protected":false},"author":359,"featured_media":0,"parent":623,"menu_order":0,"comment_status":"closed","ping_status":"closed","template":"","meta":{"jetpack_post_was_ever_published":false,"footnotes":""},"class_list":["post-1783","page","type-page","status-publish","hentry"],"jetpack_sharing_enabled":true,"jetpack_shortlink":"https:\/\/wp.me\/P90IOR-sL","_links":{"self":[{"href":"https:\/\/wp.ufpel.edu.br\/nai\/wp-json\/wp\/v2\/pages\/1783","targetHints":{"allow":["GET"]}}],"collection":[{"href":"https:\/\/wp.ufpel.edu.br\/nai\/wp-json\/wp\/v2\/pages"}],"about":[{"href":"https:\/\/wp.ufpel.edu.br\/nai\/wp-json\/wp\/v2\/types\/page"}],"author":[{"embeddable":true,"href":"https:\/\/wp.ufpel.edu.br\/nai\/wp-json\/wp\/v2\/users\/359"}],"replies":[{"embeddable":true,"href":"https:\/\/wp.ufpel.edu.br\/nai\/wp-json\/wp\/v2\/comments?post=1783"}],"version-history":[{"count":5,"href":"https:\/\/wp.ufpel.edu.br\/nai\/wp-json\/wp\/v2\/pages\/1783\/revisions"}],"predecessor-version":[{"id":1815,"href":"https:\/\/wp.ufpel.edu.br\/nai\/wp-json\/wp\/v2\/pages\/1783\/revisions\/1815"}],"up":[{"embeddable":true,"href":"https:\/\/wp.ufpel.edu.br\/nai\/wp-json\/wp\/v2\/pages\/623"}],"wp:attachment":[{"href":"https:\/\/wp.ufpel.edu.br\/nai\/wp-json\/wp\/v2\/media?parent=1783"}],"curies":[{"name":"wp","href":"https:\/\/api.w.org\/{rel}","templated":true}]}}

<h2 style="text-align: right"><span style="color: #800000"><strong><span style="font-family: verdana, geneva, sans-serif">Inscrições encerradas!</span></strong></span></h2>
<h3><a href="https://wp.ufpel.edu.br/nai/files/2017/10/HOMOLOGAÇÃO-RESULTADO-FINAL-25-10-1.pdf"><span style="font-family: verdana, geneva, sans-serif">HOMOLOGAÇÃO &#8211; RESULTADO FINAL</span></a></h3>
<h5><span style="font-family: verdana, geneva, sans-serif;color: #000080"><em>Publicado em 25/10/2017</em></span></h5>
<p>&nbsp;</p>
<h3><span style="font-family: verdana, geneva, sans-serif"><a href="https://wp.ufpel.edu.br/nai/files/2017/10/RESULTADOS-DAS-APROVADAS-NA-ENTREVISTA-03-2017.doc">RESULTADOS DAS APROVADAS NA ENTREVISTA</a></span></h3>
<h5><em><span style="font-family: verdana, geneva, sans-serif;color: #000080">Publicado em 19/10/2017</span></em></h5>
<p>&nbsp;</p>
<h3><span style="font-family: verdana, geneva, sans-serif"><a href="https://wp.ufpel.edu.br/nai/files/2017/10/ENTREVISTAS-COM-HORA-E-DATA.doc">HORÁRIO E DATA DAS ENTREVISTAS</a></span></h3>
<h5><em><span style="font-family: verdana, geneva, sans-serif;color: #000080">Publicado em 17/10/2017</span></em></h5>
<p>&nbsp;</p>
<h3><span style="font-family: verdana, geneva, sans-serif"><a href="https://wp.ufpel.edu.br/nai/files/2017/10/HOMOLOGA%C3%87%C3%83O-DAS-INSCRI%C3%87%C3%95ES.doc">HOMOLOGAÇÃO DAS INSCRIÇÕES</a></span></h3>
<h5><em><span style="font-family: verdana, geneva, sans-serif;color: #000080">Publicado em 16/10/2017</span></em></h5>
<p>&nbsp;</p>
<h3><span style="font-family: verdana, geneva, sans-serif"><a href="https://wp.ufpel.edu.br/nai/files/2017/10/Contrato-Emergencial-TILS-inscri%C3%A7ao-10-e-11-out.pdf">CONTRATO EMERGENCIAL TILS &#8211; NOVO EDITAL</a></span></h3>
<h5><em><span style="font-family: verdana, geneva, sans-serif;color: #000080">Publicado em 09/10/2017</span></em></h5>
<p>&nbsp;</p>

<p>Inscrições encerradas! HOMOLOGAÇÃO &#8211; RESULTADO FINAL Publicado em 25/10/2017 &nbsp; RESULTADOS DAS APROVADAS NA ENTREVISTA Publicado em 19/10/2017 &nbsp; HORÁRIO E DATA DAS ENTREVISTAS Publicado em 17/10/2017 &nbsp; HOMOLOGAÇÃO DAS INSCRIÇÕES Publicado em 16/10/2017 &nbsp; CONTRATO EMERGENCIAL TILS &#8211; NOVO EDITAL Publicado em 09/10/2017 &nbsp;</p>
