{"id":1738,"date":"2017-10-11T16:23:15","date_gmt":"2017-10-11T19:23:15","guid":{"rendered":"https:\/\/wp.ufpel.edu.br\/nai\/?page_id=1738"},"modified":"2017-10-25T14:29:30","modified_gmt":"2017-10-25T16:29:30","slug":"processo-seletivo","status":"publish","type":"page","link":"https:\/\/wp.ufpel.edu.br\/nai\/processo-seletivo\/","title":{"rendered":"Processo seletivo"},"content":{"rendered":"<h2><span style=\"font-family: verdana, geneva, sans-serif;font-size: 18pt\"><a href=\"https:\/\/wp.ufpel.edu.br\/nai\/como-realiza-as-traducoesinterpretacoes-na-ufpel\/contrato-emergencial-tils-2017\" rel=\"noopener\">Contrato Emergencial \u2013 TILS, n\u00edvel E, Novo Edital, acesse aqui<\/a><\/span><\/h2>\n<p style=\"text-align: left\"><span style=\"font-family: verdana, geneva, sans-serif\">O Gabinete da reitoria, juntamente com o N\u00facleo de Acessibilidade e Inclus\u00e3o (NAI) e com a Se\u00e7\u00e3o de Tradutores Int\u00e9rpretes de Libras da Universidade Federal de Pelotas, no uso de suas atribui\u00e7\u00f5es, torna p\u00fablico o Edital para a\u00a0<b>contrata\u00e7\u00e3o de Tradutor Int\u00e9rprete de Libras, de N\u00edvel Superior, em car\u00e1ter emergencial e tempo determinado para atender \u00e0s necessidades tempor\u00e1rias\u00a0<\/b>da Universidade Federal de Pelotas.<\/span><\/p>\n<p style=\"text-align: left\"><span style=\"font-family: verdana, geneva, sans-serif\">Ser\u00e3o contratados\u00a0<b>tr\u00eas profissionais<\/b>\u00a0para atuarem pelo per\u00edodo de<b>\u00a0tr\u00eas meses<\/b>, com carga\u00a0<b>hor\u00e1ria semanal de 40 horas.<\/b><\/span><\/p>\n<p>&nbsp;<\/p>\n<h2 class=\"m_-6717559071991679143gmail-corTexto\" style=\"text-align: left\"><span style=\"font-family: verdana, geneva, sans-serif;font-size: 18pt\"><a href=\"https:\/\/wp.ufpel.edu.br\/nai\/2017\/09\/29\/contratacao-temporaria-para-tradutor-interprete-de-libras\/\" target=\"_blank\" rel=\"noopener\">Contrata\u00e7\u00e3o tempor\u00e1ria para t\u00e9cnico especializado em LINGUAGEM DE SINAIS &#8211; N\u00edvel E, acesse aqui<\/a>\u00a0<\/span><\/h2>\n<p>&nbsp;<\/p>\n<div style=\"text-align: left\"><\/div>\n<div>\n<p><span style=\"font-family: verdana, geneva, sans-serif;font-size: 18pt\">\u00a0<\/span><\/p>\n<h2 class=\"m_-6717559071991679143gmail-corTexto\"><span style=\"font-family: verdana, geneva, sans-serif;font-size: 18pt\"><a href=\"http:\/\/concursos.ufpel.edu.br\/wp\/processo-seletivo-especifico-para-surdos\/\" target=\"_blank\" rel=\"noopener\">Processo seletivo espec\u00edfico para surdos, acesse aqui\u00a0<\/a><\/span><\/h2>\n<p style=\"text-align: left\"><span style=\"font-family: verdana, geneva, sans-serif\">Inscri\u00e7\u00f5es de 02 a 10 de Mar\u00e7o de 2017. Publica\u00e7\u00f5es em PDF: Resultado Final\u00a0 Publicado em 27 de mar\u00e7o de 2017 \u00a0 Terceira Etapa\u00a0 Publicado em 22 de mar\u00e7o de 2017 \u00a0 Candidatos Homologados\u00a0 e Informa\u00e7\u00f5es sobre Etapa II\u00a0 Publicado em 17 de mar\u00e7o de 2017 \u00a0 Edital 006\/2017 \u2013 Abertura de Inscri\u00e7\u00f5es\u00a0 Publicado em 22 de Fevereiro de 2017 Edital 006\/2017 \u2013 Retifica\u00e7\u00e3o\u00a0 Publicado em 23 de Fevereiro de 2017 Publica\u00e7\u00f5es em V\u00eddeo \/ Libras: Publicado em 22 de Fevereiro de 2017 Publicado em [\u2026]<\/span><\/p>\n<\/div>\n<p>&nbsp;<\/p>\n","protected":false},"excerpt":{"rendered":"<p>Contrato Emergencial \u2013 TILS, n\u00edvel E, Novo Edital, acesse aqui O Gabinete da reitoria, juntamente com o N\u00facleo de Acessibilidade e Inclus\u00e3o (NAI) e com a Se\u00e7\u00e3o de Tradutores Int\u00e9rpretes de Libras da Universidade Federal de Pelotas, no uso de suas atribui\u00e7\u00f5es, torna p\u00fablico o Edital para a\u00a0contrata\u00e7\u00e3o de Tradutor Int\u00e9rprete de Libras, de N\u00edvel [&hellip;]<\/p>\n","protected":false},"author":359,"featured_media":0,"parent":0,"menu_order":0,"comment_status":"closed","ping_status":"closed","template":"","meta":{"jetpack_post_was_ever_published":false,"footnotes":""},"class_list":["post-1738","page","type-page","status-publish","hentry"],"jetpack_sharing_enabled":true,"jetpack_shortlink":"https:\/\/wp.me\/P90IOR-s2","_links":{"self":[{"href":"https:\/\/wp.ufpel.edu.br\/nai\/wp-json\/wp\/v2\/pages\/1738","targetHints":{"allow":["GET"]}}],"collection":[{"href":"https:\/\/wp.ufpel.edu.br\/nai\/wp-json\/wp\/v2\/pages"}],"about":[{"href":"https:\/\/wp.ufpel.edu.br\/nai\/wp-json\/wp\/v2\/types\/page"}],"author":[{"embeddable":true,"href":"https:\/\/wp.ufpel.edu.br\/nai\/wp-json\/wp\/v2\/users\/359"}],"replies":[{"embeddable":true,"href":"https:\/\/wp.ufpel.edu.br\/nai\/wp-json\/wp\/v2\/comments?post=1738"}],"version-history":[{"count":12,"href":"https:\/\/wp.ufpel.edu.br\/nai\/wp-json\/wp\/v2\/pages\/1738\/revisions"}],"predecessor-version":[{"id":1813,"href":"https:\/\/wp.ufpel.edu.br\/nai\/wp-json\/wp\/v2\/pages\/1738\/revisions\/1813"}],"wp:attachment":[{"href":"https:\/\/wp.ufpel.edu.br\/nai\/wp-json\/wp\/v2\/media?parent=1738"}],"curies":[{"name":"wp","href":"https:\/\/api.w.org\/{rel}","templated":true}]}}

<h2><span style="font-family: verdana, geneva, sans-serif;font-size: 18pt"><a href="https://wp.ufpel.edu.br/nai/como-realiza-as-traducoesinterpretacoes-na-ufpel/contrato-emergencial-tils-2017" rel="noopener">Contrato Emergencial – TILS, nível E, Novo Edital, acesse aqui</a></span></h2>
<p style="text-align: left"><span style="font-family: verdana, geneva, sans-serif">O Gabinete da reitoria, juntamente com o Núcleo de Acessibilidade e Inclusão (NAI) e com a Seção de Tradutores Intérpretes de Libras da Universidade Federal de Pelotas, no uso de suas atribuições, torna público o Edital para a <b>contratação de Tradutor Intérprete de Libras, de Nível Superior, em caráter emergencial e tempo determinado para atender às necessidades temporárias </b>da Universidade Federal de Pelotas.</span></p>
<p style="text-align: left"><span style="font-family: verdana, geneva, sans-serif">Serão contratados <b>três profissionais</b> para atuarem pelo período de<b> três meses</b>, com carga <b>horária semanal de 40 horas.</b></span></p>
<p>&nbsp;</p>
<h2 class="m_-6717559071991679143gmail-corTexto" style="text-align: left"><span style="font-family: verdana, geneva, sans-serif;font-size: 18pt"><a href="https://wp.ufpel.edu.br/nai/2017/09/29/contratacao-temporaria-para-tradutor-interprete-de-libras/" target="_blank" rel="noopener">Contratação temporária para técnico especializado em LINGUAGEM DE SINAIS &#8211; Nível E, acesse aqui</a> </span></h2>
<p>&nbsp;</p>
<div style="text-align: left"></div>
<div>
<p><span style="font-family: verdana, geneva, sans-serif;font-size: 18pt"> </span></p>
<h2 class="m_-6717559071991679143gmail-corTexto"><span style="font-family: verdana, geneva, sans-serif;font-size: 18pt"><a href="http://concursos.ufpel.edu.br/wp/processo-seletivo-especifico-para-surdos/" target="_blank" rel="noopener">Processo seletivo específico para surdos, acesse aqui </a></span></h2>
<p style="text-align: left"><span style="font-family: verdana, geneva, sans-serif">Inscrições de 02 a 10 de Março de 2017. Publicações em PDF: Resultado Final  Publicado em 27 de março de 2017   Terceira Etapa  Publicado em 22 de março de 2017   Candidatos Homologados  e Informações sobre Etapa II  Publicado em 17 de março de 2017   Edital 006/2017 – Abertura de Inscrições  Publicado em 22 de Fevereiro de 2017 Edital 006/2017 – Retificação  Publicado em 23 de Fevereiro de 2017 Publicações em Vídeo / Libras: Publicado em 22 de Fevereiro de 2017 Publicado em […]</span></p>
</div>
<p>&nbsp;</p>

<p>Contrato Emergencial – TILS, nível E, Novo Edital, acesse aqui O Gabinete da reitoria, juntamente com o Núcleo de Acessibilidade e Inclusão (NAI) e com a Seção de Tradutores Intérpretes de Libras da Universidade Federal de Pelotas, no uso de suas atribuições, torna público o Edital para a contratação de Tradutor Intérprete de Libras, de Nível [&hellip;]</p>
