{"id":1664,"date":"2017-09-19T17:08:56","date_gmt":"2017-09-19T20:08:56","guid":{"rendered":"https:\/\/wp.ufpel.edu.br\/nai\/?page_id=1664"},"modified":"2025-11-17T17:31:42","modified_gmt":"2025-11-17T20:31:42","slug":"formularios","status":"publish","type":"page","link":"https:\/\/wp.ufpel.edu.br\/nai\/formularios\/","title":{"rendered":"FORMUL\u00c1RIOS PARA PROCESSOS SELETIVOS NAI"},"content":{"rendered":"<h2>FORMUL\u00c1RIOS PARA PROCESSOS SELETIVOS NAI<\/h2>\n<p><a href=\"https:\/\/wp.ufpel.edu.br\/nai\/files\/2022\/03\/Formulario-de-Inscricao-Bolsistas.doc\">Formul\u00e1rio de Inscri\u00e7\u00e3o Bolsistas<\/a><\/p>\n<p><a href=\"https:\/\/wp.ufpel.edu.br\/nai\/files\/2022\/03\/Instrumento-de-Avaliacao-para-Tutorias.doc\">Instrumento de Avalia\u00e7\u00e3o para Tutorias <\/a><\/p>\n<p><a href=\"https:\/\/wp.ufpel.edu.br\/nai\/files\/2025\/11\/Autodeclaracao-Deficienciapdf.pdf\">Autodeclara\u00e7\u00e3o Defici\u00eancia<\/a><\/p>\n<p><a href=\"https:\/\/wp.ufpel.edu.br\/nai\/files\/2022\/03\/Autodeclaracao-Etnico-Racial.docx\">Autodeclara\u00e7\u00e3o \u00c9tnico Racial<\/a><\/p>\n<p><a href=\"https:\/\/wp.ufpel.edu.br\/nai\/files\/2022\/03\/Carta-de-Intencao.doc\">Carta de Intencao<\/a><\/p>\n<p><a href=\"https:\/\/wp.ufpel.edu.br\/nai\/files\/2022\/03\/Instrumento-de-Avaliacao-para-Selecao-de-Bolsistas-do-Programa-de-Desenvolvimento-Institucional-\u2013-BDI.doc\">Instrumento de Avalia\u00e7\u00e3o para Sele\u00e7\u00e3o de Bolsistas do Programa de Desenvolvimento Institucional \u2013 BDI<\/a><\/p>\n<p><a href=\"https:\/\/wp.ufpel.edu.br\/nai\/files\/2022\/03\/Formulario-de-Requerimento-de-Atendimento-Especial.docx\">Formul\u00e1rio de Requerimento de Atendimento Especial<\/a><\/p>\n<p><a href=\"https:\/\/wp.ufpel.edu.br\/nai\/files\/2022\/03\/Ficha-de-Inscricao-TILS.doc\">Ficha de Inscri\u00e7\u00e3o TILS<\/a><\/p>\n<p><a href=\"https:\/\/wp.ufpel.edu.br\/nai\/files\/2022\/03\/Formulario-de-Recurso.docx\">Formul\u00e1rio de Recurso<\/a><\/p>\n","protected":false},"excerpt":{"rendered":"<p>FORMUL\u00c1RIOS PARA PROCESSOS SELETIVOS NAI Formul\u00e1rio de Inscri\u00e7\u00e3o Bolsistas Instrumento de Avalia\u00e7\u00e3o para Tutorias Autodeclara\u00e7\u00e3o Defici\u00eancia Autodeclara\u00e7\u00e3o \u00c9tnico Racial Carta de Intencao Instrumento de Avalia\u00e7\u00e3o para Sele\u00e7\u00e3o de Bolsistas do Programa de Desenvolvimento Institucional \u2013 BDI Formul\u00e1rio de Requerimento de Atendimento Especial Ficha de Inscri\u00e7\u00e3o TILS Formul\u00e1rio de Recurso<\/p>\n","protected":false},"author":359,"featured_media":0,"parent":0,"menu_order":0,"comment_status":"closed","ping_status":"closed","template":"","meta":{"jetpack_post_was_ever_published":false,"footnotes":""},"class_list":["post-1664","page","type-page","status-publish","hentry"],"jetpack_sharing_enabled":true,"jetpack_shortlink":"https:\/\/wp.me\/P90IOR-qQ","_links":{"self":[{"href":"https:\/\/wp.ufpel.edu.br\/nai\/wp-json\/wp\/v2\/pages\/1664","targetHints":{"allow":["GET"]}}],"collection":[{"href":"https:\/\/wp.ufpel.edu.br\/nai\/wp-json\/wp\/v2\/pages"}],"about":[{"href":"https:\/\/wp.ufpel.edu.br\/nai\/wp-json\/wp\/v2\/types\/page"}],"author":[{"embeddable":true,"href":"https:\/\/wp.ufpel.edu.br\/nai\/wp-json\/wp\/v2\/users\/359"}],"replies":[{"embeddable":true,"href":"https:\/\/wp.ufpel.edu.br\/nai\/wp-json\/wp\/v2\/comments?post=1664"}],"version-history":[{"count":3,"href":"https:\/\/wp.ufpel.edu.br\/nai\/wp-json\/wp\/v2\/pages\/1664\/revisions"}],"predecessor-version":[{"id":5520,"href":"https:\/\/wp.ufpel.edu.br\/nai\/wp-json\/wp\/v2\/pages\/1664\/revisions\/5520"}],"wp:attachment":[{"href":"https:\/\/wp.ufpel.edu.br\/nai\/wp-json\/wp\/v2\/media?parent=1664"}],"curies":[{"name":"wp","href":"https:\/\/api.w.org\/{rel}","templated":true}]}}