{"id":1613,"date":"2017-09-05T12:11:50","date_gmt":"2017-09-05T15:11:50","guid":{"rendered":"https:\/\/wp.ufpel.edu.br\/nai\/?page_id=1613"},"modified":"2024-03-13T11:45:27","modified_gmt":"2024-03-13T14:45:27","slug":"equipe-2","status":"publish","type":"page","link":"https:\/\/wp.ufpel.edu.br\/nai\/equipe-2\/","title":{"rendered":"Equipe"},"content":{"rendered":"<h2><\/h2>\n<h2 style=\"text-align: left;\"><span style=\"font-family: verdana,geneva,sans-serif;\"><strong>SE\u00c7\u00c3O DE ATENDIMENTO EDUCACIONAL ESPECIALIZADO (SAEE)<\/strong><\/span><\/h2>\n<p style=\"text-align: justify;\"><span style=\"font-family: verdana, geneva, sans-serif;\"><strong>Terapeuta Ocupacional:<\/strong> Dra. Renata Cristina Rocha dos Santos (Chefe do N\u00facleo de Acessibilidade e Inclus\u00e3o).<\/span><\/p>\n<p><span style=\"font-family: verdana, geneva, sans-serif;\"><strong>Equipe do NAI:<\/strong><\/span><\/p>\n<p>Dra. <span style=\"font-family: verdana, geneva, sans-serif;\">Aline Nunes da Cunha de Medeiros (T\u00e9cnica em Assuntos Educacionais);<\/span><\/p>\n<p>Dr. R\u00e9gis Leonardo Gusm\u00e3o Barcelos (T\u00e9cnico em Assuntos Educacionais).<\/p>\n<p><strong><span style=\"font-family: verdana, geneva, sans-serif;\">Psicopedagogas:\u00a0<\/span><\/strong><\/p>\n<p>Elizandra Silva da Rocha;<\/p>\n<p>Let\u00edcia de Oliveira Roxo Schmitt;<\/p>\n<p>Liana Barcelos Porto;<\/p>\n<p>Natalia Vargas Nunes.<\/p>\n","protected":false},"excerpt":{"rendered":"<p>SE\u00c7\u00c3O DE ATENDIMENTO EDUCACIONAL ESPECIALIZADO (SAEE) Terapeuta Ocupacional: Dra. Renata Cristina Rocha dos Santos (Chefe do N\u00facleo de Acessibilidade e Inclus\u00e3o). Equipe do NAI: Dra. Aline Nunes da Cunha de Medeiros (T\u00e9cnica em Assuntos Educacionais); Dr. R\u00e9gis Leonardo Gusm\u00e3o Barcelos (T\u00e9cnico em Assuntos Educacionais). Psicopedagogas:\u00a0 Elizandra Silva da Rocha; Let\u00edcia de Oliveira Roxo Schmitt; Liana [&hellip;]<\/p>\n","protected":false},"author":359,"featured_media":0,"parent":0,"menu_order":0,"comment_status":"closed","ping_status":"closed","template":"","meta":{"jetpack_post_was_ever_published":false,"footnotes":""},"class_list":["post-1613","page","type-page","status-publish","hentry"],"jetpack_sharing_enabled":true,"jetpack_shortlink":"https:\/\/wp.me\/P90IOR-q1","_links":{"self":[{"href":"https:\/\/wp.ufpel.edu.br\/nai\/wp-json\/wp\/v2\/pages\/1613","targetHints":{"allow":["GET"]}}],"collection":[{"href":"https:\/\/wp.ufpel.edu.br\/nai\/wp-json\/wp\/v2\/pages"}],"about":[{"href":"https:\/\/wp.ufpel.edu.br\/nai\/wp-json\/wp\/v2\/types\/page"}],"author":[{"embeddable":true,"href":"https:\/\/wp.ufpel.edu.br\/nai\/wp-json\/wp\/v2\/users\/359"}],"replies":[{"embeddable":true,"href":"https:\/\/wp.ufpel.edu.br\/nai\/wp-json\/wp\/v2\/comments?post=1613"}],"version-history":[{"count":18,"href":"https:\/\/wp.ufpel.edu.br\/nai\/wp-json\/wp\/v2\/pages\/1613\/revisions"}],"predecessor-version":[{"id":5163,"href":"https:\/\/wp.ufpel.edu.br\/nai\/wp-json\/wp\/v2\/pages\/1613\/revisions\/5163"}],"wp:attachment":[{"href":"https:\/\/wp.ufpel.edu.br\/nai\/wp-json\/wp\/v2\/media?parent=1613"}],"curies":[{"name":"wp","href":"https:\/\/api.w.org\/{rel}","templated":true}]}}

<h2></h2>
<h2 style="text-align: left;"><span style="font-family: verdana,geneva,sans-serif;"><strong>SEÇÃO DE ATENDIMENTO EDUCACIONAL ESPECIALIZADO (SAEE)</strong></span></h2>
<p style="text-align: justify;"><span style="font-family: verdana, geneva, sans-serif;"><strong>Terapeuta Ocupacional:</strong> Dra. Renata Cristina Rocha dos Santos (Chefe do Núcleo de Acessibilidade e Inclusão).</span></p>
<p><span style="font-family: verdana, geneva, sans-serif;"><strong>Equipe do NAI:</strong></span></p>
<p>Dra. <span style="font-family: verdana, geneva, sans-serif;">Aline Nunes da Cunha de Medeiros (Técnica em Assuntos Educacionais);</span></p>
<p>Dr. Régis Leonardo Gusmão Barcelos (Técnico em Assuntos Educacionais).</p>
<p><strong><span style="font-family: verdana, geneva, sans-serif;">Psicopedagogas: </span></strong></p>
<p>Elizandra Silva da Rocha;</p>
<p>Letícia de Oliveira Roxo Schmitt;</p>
<p>Liana Barcelos Porto;</p>
<p>Natalia Vargas Nunes.</p>

<p>SEÇÃO DE ATENDIMENTO EDUCACIONAL ESPECIALIZADO (SAEE) Terapeuta Ocupacional: Dra. Renata Cristina Rocha dos Santos (Chefe do Núcleo de Acessibilidade e Inclusão). Equipe do NAI: Dra. Aline Nunes da Cunha de Medeiros (Técnica em Assuntos Educacionais); Dr. Régis Leonardo Gusmão Barcelos (Técnico em Assuntos Educacionais). Psicopedagogas:  Elizandra Silva da Rocha; Letícia de Oliveira Roxo Schmitt; Liana [&hellip;]</p>
