{"id":1382,"date":"2017-08-02T17:32:51","date_gmt":"2017-08-02T20:32:51","guid":{"rendered":"https:\/\/wp.ufpel.edu.br\/nai\/?page_id=1382"},"modified":"2018-02-07T17:44:12","modified_gmt":"2018-02-07T19:44:12","slug":"acessibilidade-neste-site","status":"publish","type":"page","link":"https:\/\/wp.ufpel.edu.br\/nai\/acessibilidade-neste-site\/","title":{"rendered":"Acessibilidade neste site"},"content":{"rendered":"<p>&nbsp;<\/p>\n<p><span style=\"color: #000000\"><strong><span style=\"font-family: verdana, geneva, sans-serif\">P\u00e1gina em constru\u00e7\u00e3o!<\/span><\/strong><\/span><\/p>\n<p>&nbsp;<\/p>\n<p><span style=\"font-family: verdana, geneva, sans-serif\">Nosso site est\u00e1 recebendo melhorias.<\/span><\/p>\n<p>&nbsp;<\/p>\n<h3><span style=\"font-family: verdana, geneva, sans-serif\"><strong>V\u00cdDEO EM LIBRAS<\/strong><\/span><\/h3>\n<h5><span style=\"font-family: verdana, geneva, sans-serif\">Em breve!<\/span><\/h5>\n<p>&nbsp;<\/p>\n<h3 style=\"text-align: left\"><span style=\"font-family: verdana, geneva, sans-serif\"><strong>Descri\u00e7\u00e3o deste site<\/strong><\/span><\/h3>\n<p style=\"text-align: left\"><span style=\"font-family: verdana, geneva, sans-serif\"><strong><em>#pracegover<\/em><\/strong><\/span><\/p>\n<p style=\"text-align: left\"><span style=\"font-family: verdana, geneva, sans-serif\">A seguir, descreve-se o <em>site <\/em>do NAI ao observ\u00e1-lo em um computador <em>desktop &#8211; <\/em>recurso interessante aos cegos para que percebam a estrutura do <em>site<\/em>. O <em>site<\/em> \u00e9 organizado em um ret\u00e2ngulo na vertical, com fundo branco. Esse ret\u00e2ngulo se mant\u00e9m centralizado sobre um fundo cinza claro \u201cRGB 241,241,241\u201d, conforme a dimens\u00e3o da tela do monitor esse espa\u00e7o cinza aparente pode variar de tamanho. Assim, ressalta-se que por estar em uma plataforma responsiva o site pode alterar sua estrutura, por exemplo, ao visualiz\u00e1-lo de um celular o site apresentar\u00e1 um <em>menu<\/em> recolhido. Em sequ\u00eancia, divide-se o site em tr\u00eas partes as quais s\u00e3o detalhadas no decorrer do texto, s\u00e3o elas: 1) Topo da p\u00e1gina, 2) Centro da p\u00e1gina e 3) Rodap\u00e9 da p\u00e1gina.<\/span><\/p>\n<p style=\"text-align: left\"><span style=\"font-family: verdana, geneva, sans-serif\"><strong>1) Topo da p\u00e1gina<\/strong>. O <em>site <\/em>\u00e9 composto por tr\u00eas barras horizontais no topo, todas com uma s\u00e9rie de<em> links <\/em>pr\u00f3prios, em que a primeira barra se refere ao Governo Federal (fundo cinza claro \u201cRGB 241,241,241\u201d com fonte cinza escuro \u201cRGB 102,102,102\u201d) incluindo uma pequena imagem, com fundo azul \u201cRGB 28,79,156\u201d exibindo o s\u00edmbolo de Libras branco, \u00e0 direita com<em> link<\/em> para o <em>software<\/em> VLibras, a segunda barra se refere aos <em>links<\/em> de acessibilidade incluindo teclas de atalho para cada um deles e a terceira barra se refere \u00e0 UFPel (fundo quase preto \u201cRGB 29,24,30\u201d com fonte branca \u2013 essa cor da barra se repetir\u00e1 em outros locais). Logo abaixo \u00e9 exibido \u00e0 esquerda o t\u00edtulo do site (com RGB 102,102,102) \u201cN\u00facleo de Acessibilidade e Inclus\u00e3o \u2013 NAI\u201d e ao lado dele, centralizado na p\u00e1gina e com igual cor, est\u00e1 a marca da UFPel com o seu bras\u00e3o\/escudo e ao lado da marca, \u00e0 direita est\u00e1 o campo de busca. Quando o <em>mouse<\/em> passa sobre essa marca ela \u00e9 apresentada em cores e quando clicada leva o usu\u00e1rio para o portal da UFPel. Abaixo aparece a barra de <em>menu<\/em> na horizontal, fundo em cinza escuro (RBG 102,102,102) e fonte branca. Nele, h\u00e1 os <em>links<\/em>: home, mapa do site, sobre o n\u00facleo, atendimento educacional especializado, tradutores int\u00e9rpretes de libras, comiss\u00e3o de apoio ao NAI, legisla\u00e7\u00e3o, links interessantes, softwares e equipamentos, perguntas frequentes, acessibilidade neste site, revista NAI e contato. Devido a sua quantidade esses <em>links<\/em> lado a lado ocupam duas linhas. Apenas as se\u00e7\u00f5es sobre o n\u00facleo, atendimento educacional especializado e int\u00e9rpretes de libras possuem <em>submenus<\/em>.\u00a0 Abaixo da barra de<em> menu<\/em> h\u00e1 uma imagem horizontal exibida somente na p\u00e1gina inicial. A imagem possui fundo escuro (RGB 51,51,46), em sua esquerda consta uma ilustra\u00e7\u00e3o abstrata expondo pe\u00e7as coloridas de quebra-cabe\u00e7a encaixadas formando tr\u00eas volumes, j\u00e1 na extremidade da direita \u00e9 exposta a marca colorida do NAI. Para saber todos os subitens do <em>menu<\/em> consulte o mapa do site.<\/span><\/p>\n<p style=\"text-align: left\"><span style=\"font-family: verdana, geneva, sans-serif\"><strong>2) Centro da p\u00e1gina (conte\u00fado).<\/strong> Passando o topo do <em>site<\/em> ele \u00e9 dividido em duas partes verticais, sendo que a da direita \u00e9 mais estreita e recebe uma lista decrescente de <em>links<\/em>, um a baixo do outro, com as \u00faltimas not\u00edcias, conforme o m\u00eas de postagem \u2013 inicia no m\u00eas e ano vigentes e finaliza em mar\u00e7o 2014. O lado esquerdo \u00e9 a parte que \u00e9 alterada conforme \u00e9 escolhida uma se\u00e7\u00e3o no <em>menu<\/em>. Na p\u00e1gina inicial s\u00e3o exibidas not\u00edcias, semelhante a um <em>blog<\/em>, a \u00faltima postagem aparece no topo. De modo geral, o <em>site<\/em> possui v\u00eddeos, fotos, <em>links<\/em> para outros sites, formul\u00e1rios e documentos.<\/span><\/p>\n<p style=\"text-align: left\"><span style=\"font-family: verdana, geneva, sans-serif\"><strong>3) Rodap\u00e9 da p\u00e1gina<\/strong>. Abaixo do conte\u00fado h\u00e1 uma barra cinza espessa (RGB 102,102,102) contendo \u00e0 esquerda dados para contato e localiza\u00e7\u00e3o do NAI. No centro, h\u00e1 um <em>widget <\/em>da previs\u00e3o do tempo em Pelotas-RS com dados da equipe de meteorologia da UFPel. Abaixo disso tudo h\u00e1 uma linha horizontal de divis\u00e3o e abaixo dela informa\u00e7\u00f5es min\u00fasculas, \u00e0 esquerda, de <em>copyright<\/em>, <em>link<\/em> para o WordPress e <em>link<\/em> para a equipe da UFPel; \u00e0 direita, h\u00e1 um <em>link<\/em> para a p\u00e1gina do Facebook do NAI.<\/span><\/p>\n<p>&nbsp;<\/p>\n<p><span style=\"font-family: verdana, geneva, sans-serif\"><a href=\"mailto:nai.ufpel@gmail.com\">Comunique os erros do site no e-mail do NAI &#8211;\u00a0nai.ufpel@gmail.com<\/a><\/span><\/p>\n","protected":false},"excerpt":{"rendered":"<p>&nbsp; P\u00e1gina em constru\u00e7\u00e3o! &nbsp; Nosso site est\u00e1 recebendo melhorias. &nbsp; V\u00cdDEO EM LIBRAS Em breve! &nbsp; Descri\u00e7\u00e3o deste site #pracegover A seguir, descreve-se o site do NAI ao observ\u00e1-lo em um computador desktop &#8211; recurso interessante aos cegos para que percebam a estrutura do site. O site \u00e9 organizado em um ret\u00e2ngulo na vertical, [&hellip;]<\/p>\n","protected":false},"author":359,"featured_media":0,"parent":0,"menu_order":13,"comment_status":"closed","ping_status":"closed","template":"","meta":{"jetpack_post_was_ever_published":false,"footnotes":""},"class_list":["post-1382","page","type-page","status-publish","hentry"],"jetpack_sharing_enabled":true,"jetpack_shortlink":"https:\/\/wp.me\/P90IOR-mi","_links":{"self":[{"href":"https:\/\/wp.ufpel.edu.br\/nai\/wp-json\/wp\/v2\/pages\/1382","targetHints":{"allow":["GET"]}}],"collection":[{"href":"https:\/\/wp.ufpel.edu.br\/nai\/wp-json\/wp\/v2\/pages"}],"about":[{"href":"https:\/\/wp.ufpel.edu.br\/nai\/wp-json\/wp\/v2\/types\/page"}],"author":[{"embeddable":true,"href":"https:\/\/wp.ufpel.edu.br\/nai\/wp-json\/wp\/v2\/users\/359"}],"replies":[{"embeddable":true,"href":"https:\/\/wp.ufpel.edu.br\/nai\/wp-json\/wp\/v2\/comments?post=1382"}],"version-history":[{"count":15,"href":"https:\/\/wp.ufpel.edu.br\/nai\/wp-json\/wp\/v2\/pages\/1382\/revisions"}],"predecessor-version":[{"id":2062,"href":"https:\/\/wp.ufpel.edu.br\/nai\/wp-json\/wp\/v2\/pages\/1382\/revisions\/2062"}],"wp:attachment":[{"href":"https:\/\/wp.ufpel.edu.br\/nai\/wp-json\/wp\/v2\/media?parent=1382"}],"curies":[{"name":"wp","href":"https:\/\/api.w.org\/{rel}","templated":true}]}}

<p>&nbsp;</p>
<p><span style="color: #000000"><strong><span style="font-family: verdana, geneva, sans-serif">Página em construção!</span></strong></span></p>
<p>&nbsp;</p>
<p><span style="font-family: verdana, geneva, sans-serif">Nosso site está recebendo melhorias.</span></p>
<p>&nbsp;</p>
<h3><span style="font-family: verdana, geneva, sans-serif"><strong>VÍDEO EM LIBRAS</strong></span></h3>
<h5><span style="font-family: verdana, geneva, sans-serif">Em breve!</span></h5>
<p>&nbsp;</p>
<h3 style="text-align: left"><span style="font-family: verdana, geneva, sans-serif"><strong>Descrição deste site</strong></span></h3>
<p style="text-align: left"><span style="font-family: verdana, geneva, sans-serif"><strong><em>#pracegover</em></strong></span></p>
<p style="text-align: left"><span style="font-family: verdana, geneva, sans-serif">A seguir, descreve-se o <em>site </em>do NAI ao observá-lo em um computador <em>desktop &#8211; </em>recurso interessante aos cegos para que percebam a estrutura do <em>site</em>. O <em>site</em> é organizado em um retângulo na vertical, com fundo branco. Esse retângulo se mantém centralizado sobre um fundo cinza claro “RGB 241,241,241”, conforme a dimensão da tela do monitor esse espaço cinza aparente pode variar de tamanho. Assim, ressalta-se que por estar em uma plataforma responsiva o site pode alterar sua estrutura, por exemplo, ao visualizá-lo de um celular o site apresentará um <em>menu</em> recolhido. Em sequência, divide-se o site em três partes as quais são detalhadas no decorrer do texto, são elas: 1) Topo da página, 2) Centro da página e 3) Rodapé da página.</span></p>
<p style="text-align: left"><span style="font-family: verdana, geneva, sans-serif"><strong>1) Topo da página</strong>. O <em>site </em>é composto por três barras horizontais no topo, todas com uma série de<em> links </em>próprios, em que a primeira barra se refere ao Governo Federal (fundo cinza claro “RGB 241,241,241” com fonte cinza escuro “RGB 102,102,102”) incluindo uma pequena imagem, com fundo azul “RGB 28,79,156” exibindo o símbolo de Libras branco, à direita com<em> link</em> para o <em>software</em> VLibras, a segunda barra se refere aos <em>links</em> de acessibilidade incluindo teclas de atalho para cada um deles e a terceira barra se refere à UFPel (fundo quase preto “RGB 29,24,30” com fonte branca – essa cor da barra se repetirá em outros locais). Logo abaixo é exibido à esquerda o título do site (com RGB 102,102,102) “Núcleo de Acessibilidade e Inclusão – NAI” e ao lado dele, centralizado na página e com igual cor, está a marca da UFPel com o seu brasão/escudo e ao lado da marca, à direita está o campo de busca. Quando o <em>mouse</em> passa sobre essa marca ela é apresentada em cores e quando clicada leva o usuário para o portal da UFPel. Abaixo aparece a barra de <em>menu</em> na horizontal, fundo em cinza escuro (RBG 102,102,102) e fonte branca. Nele, há os <em>links</em>: home, mapa do site, sobre o núcleo, atendimento educacional especializado, tradutores intérpretes de libras, comissão de apoio ao NAI, legislação, links interessantes, softwares e equipamentos, perguntas frequentes, acessibilidade neste site, revista NAI e contato. Devido a sua quantidade esses <em>links</em> lado a lado ocupam duas linhas. Apenas as seções sobre o núcleo, atendimento educacional especializado e intérpretes de libras possuem <em>submenus</em>.  Abaixo da barra de<em> menu</em> há uma imagem horizontal exibida somente na página inicial. A imagem possui fundo escuro (RGB 51,51,46), em sua esquerda consta uma ilustração abstrata expondo peças coloridas de quebra-cabeça encaixadas formando três volumes, já na extremidade da direita é exposta a marca colorida do NAI. Para saber todos os subitens do <em>menu</em> consulte o mapa do site.</span></p>
<p style="text-align: left"><span style="font-family: verdana, geneva, sans-serif"><strong>2) Centro da página (conteúdo).</strong> Passando o topo do <em>site</em> ele é dividido em duas partes verticais, sendo que a da direita é mais estreita e recebe uma lista decrescente de <em>links</em>, um a baixo do outro, com as últimas notícias, conforme o mês de postagem – inicia no mês e ano vigentes e finaliza em março 2014. O lado esquerdo é a parte que é alterada conforme é escolhida uma seção no <em>menu</em>. Na página inicial são exibidas notícias, semelhante a um <em>blog</em>, a última postagem aparece no topo. De modo geral, o <em>site</em> possui vídeos, fotos, <em>links</em> para outros sites, formulários e documentos.</span></p>
<p style="text-align: left"><span style="font-family: verdana, geneva, sans-serif"><strong>3) Rodapé da página</strong>. Abaixo do conteúdo há uma barra cinza espessa (RGB 102,102,102) contendo à esquerda dados para contato e localização do NAI. No centro, há um <em>widget </em>da previsão do tempo em Pelotas-RS com dados da equipe de meteorologia da UFPel. Abaixo disso tudo há uma linha horizontal de divisão e abaixo dela informações minúsculas, à esquerda, de <em>copyright</em>, <em>link</em> para o WordPress e <em>link</em> para a equipe da UFPel; à direita, há um <em>link</em> para a página do Facebook do NAI.</span></p>
<p>&nbsp;</p>
<p><span style="font-family: verdana, geneva, sans-serif"><a href="mailto:nai.ufpel@gmail.com">Comunique os erros do site no e-mail do NAI &#8211; nai.ufpel@gmail.com</a></span></p>

<p>&nbsp; Página em construção! &nbsp; Nosso site está recebendo melhorias. &nbsp; VÍDEO EM LIBRAS Em breve! &nbsp; Descrição deste site #pracegover A seguir, descreve-se o site do NAI ao observá-lo em um computador desktop &#8211; recurso interessante aos cegos para que percebam a estrutura do site. O site é organizado em um retângulo na vertical, [&hellip;]</p>
