{"id":1357,"date":"2017-08-02T15:50:06","date_gmt":"2017-08-02T18:50:06","guid":{"rendered":"https:\/\/wp.ufpel.edu.br\/nai\/?page_id=1357"},"modified":"2018-05-23T15:54:01","modified_gmt":"2018-05-23T18:54:01","slug":"software-para-acessibilidade","status":"publish","type":"page","link":"https:\/\/wp.ufpel.edu.br\/nai\/software-para-acessibilidade\/","title":{"rendered":"softwares e equipamentos"},"content":{"rendered":"<p>&nbsp;<\/p>\n<p><span style=\"font-family: verdana, geneva, sans-serif;font-size: 14pt\"><strong>SOFTWARES<\/strong><\/span><\/p>\n<p>&nbsp;<\/p>\n<p><strong>&#8211;<\/strong> \u00a0<a href=\"http:\/\/www.freedomscientific.com\/Downloads\/JAWS\" target=\"_blank\" rel=\"noopener\"><strong><span style=\"font-family: verdana, geneva, sans-serif\">Leitor de tela Jaws para Windows<\/span><\/strong><\/a><\/p>\n<p>&nbsp;<\/p>\n<p><span style=\"font-family: verdana, geneva, sans-serif\"><strong>&#8211;<\/strong> \u00a0<a href=\"https:\/\/www.nvaccess.org\/\" target=\"_blank\" rel=\"noopener\"><strong>Leitor de tela NVDA para Windows<\/strong><\/a><\/span><\/p>\n<p>&nbsp;<\/p>\n<p><span style=\"font-family: verdana, geneva, sans-serif\"><strong>&#8211;<\/strong> \u00a0<a href=\"http:\/\/www.techtudo.com.br\/tudo-sobre\/orca-screen-reader.html\" target=\"_blank\" rel=\"noopener\"><strong>Leitor de tela Orca para Linux<\/strong><\/a><\/span><\/p>\n<p>&nbsp;<\/p>\n<p><span style=\"font-family: verdana, geneva, sans-serif\"><strong>&#8211;<\/strong> \u00a0<a href=\"http:\/\/www.virtualvision.com.br\/\" target=\"_blank\" rel=\"noopener\"><strong>Leitor de tela Virtual Vision para Windows<\/strong><\/a><\/span><\/p>\n<p>&nbsp;<\/p>\n<p><span style=\"font-family: verdana, geneva, sans-serif\"><strong>&#8211;<\/strong> \u00a0<a href=\"http:\/\/www.baixaki.com.br\/android\/download\/cpqd-alcance.htm\" target=\"_blank\" rel=\"noopener\"><strong>Leitor de tela CPqD para Windows<\/strong><\/a><\/span><\/p>\n<p>&nbsp;<\/p>\n<p><strong><span style=\"font-family: verdana, geneva, sans-serif\">&#8211; \u00a0<a href=\"http:\/\/intervox.nce.ufrj.br\/dosvox\/download.htm\" target=\"_blank\" rel=\"noopener\">S\u00edntese de voz DOSVOX para Windows<\/a><\/span><\/strong><\/p>\n<p>&nbsp;<\/p>\n<p><span style=\"font-family: verdana, geneva, sans-serif\"><strong>&#8211; <a href=\"https:\/\/softwarepublico.gov.br\/social\/suite-vlibras\" target=\"_blank\" rel=\"noopener\">Tradutor libras,\u00a0<em>software<\/em> livre &#8211; VLibras<\/a><\/strong><\/span><\/p>\n<p>&nbsp;<\/p>\n<p><span style=\"font-family: verdana, geneva, sans-serif\"><strong>&#8211; <a href=\"https:\/\/www.governoeletronico.gov.br\/eixos-de-atuacao\/governo\/acessibilidade\/jogo-da-acessibilidade-digital\" target=\"_blank\" rel=\"noopener\">Jogo da acessibilidade digital &#8211; jogo manual<\/a><\/strong><\/span><\/p>\n<p>&nbsp;<\/p>\n<p><span style=\"font-family: verdana, geneva, sans-serif\"><strong>&#8211; <a href=\"https:\/\/www.governoeletronico.gov.br\/documentos-e-arquivos\/eMAG-Descricao-dos-Leitores-de-Tela.pdf\" target=\"_blank\" rel=\"noopener\">Leitores de tela, descri\u00e7\u00e3o\u00a0e\u00a0comparativo &#8211; PDF<\/a><\/strong><\/span><\/p>\n<p>&nbsp;<\/p>\n<p><span style=\"font-family: verdana,geneva,sans-serif\"><strong>&#8211; <a href=\"https:\/\/www.onlineocr.net\/\" rel=\"noopener\">Extrair texto edit\u00e1vel de imagens, recurso OCR online<\/a><\/strong><\/span><\/p>\n<p>&nbsp;<\/p>\n<p>&nbsp;<\/p>\n<p><span style=\"font-family: verdana, geneva, sans-serif;font-size: 14pt\"><strong>EQUIPAMENTOS<\/strong><\/span><\/p>\n<p>&nbsp;<\/p>\n<p><span style=\"font-family: verdana, geneva, sans-serif\"><strong>BRAILLE BOX<\/strong> &#8211; Imprime documentos em Braille.<\/span><\/p>\n<p>&nbsp;<\/p>\n<p><span style=\"font-family: verdana, geneva, sans-serif\"><strong>ESYTIME<\/strong> &#8211; Dispositivo Braille (computador adaptado com voz).<\/span><\/p>\n<p>&nbsp;<\/p>\n<p><span style=\"font-family: verdana, geneva, sans-serif\"><strong>IMPRESSORA INDEX BASIC<\/strong> &#8211; Impressora com teclado Braille e voz em portugu\u00eas para deficientes visuais. <\/span><\/p>\n<p>&nbsp;<\/p>\n<p><span style=\"font-family: verdana, geneva, sans-serif\"><strong>LEITORES DIGITAIS<\/strong> &#8211; Dispositivos utilizados para fazer a leitura de documentos digitalizados.<\/span><\/p>\n<p>&nbsp;<\/p>\n<p><span style=\"font-family: verdana, geneva, sans-serif\"><strong> LUPAS E LENTES<\/strong> &#8211; Dispositivos utilizados para facilitar a leitura de livros e revistas, aumentando o tamanho do texto.<\/span><\/p>\n<p>&nbsp;<\/p>\n<p><span style=\"font-family: verdana, geneva, sans-serif\"><strong>M\u00c1QUINA FUSORA<\/strong> &#8211; Transforma imagens impressas e desenhos em relevo, facilitando a identifica\u00e7\u00e3o t\u00e1til; MESA ADAPTADA &#8211; acess\u00edvel para pessoa em cadeira de rodas.<\/span><\/p>\n<p>&nbsp;<\/p>\n<p><span style=\"font-family: verdana, geneva, sans-serif\"><strong> MESA T\u00c1TIL<\/strong> &#8211; Permite atribuir falas a imagens, assim, o usu\u00e1rio tem acesso a descri\u00e7\u00f5es por \u00e1udio em espa\u00e7os designados na imagem.<\/span><\/p>\n<p>&nbsp;<\/p>\n<p><span style=\"font-family: verdana, geneva, sans-serif\"><strong>MOUSE BIG TRACK<\/strong> &#8211; Mouse adaptado com uma grande esfera que facilita os movimentos do cursor na tela do computador, exigindo menor necessidade de controle motor do usu\u00e1rio, al\u00e9m de dois bot\u00f5es grandes que simulam as fun\u00e7\u00f5es de teclas direita e esquerda do mouse.<\/span><\/p>\n<p>&nbsp;<\/p>\n<p><span style=\"font-family: verdana, geneva, sans-serif\"><strong>PRANCHAS E CART\u00d5ES DE COMUNICA\u00c7\u00c3O<\/strong> &#8211; Constitu\u00edda de v\u00e1rios s\u00edmbolos gr\u00e1ficos representando mensagens, criadas de acordo com as necessidades comunicativas de cada usu\u00e1rio.<\/span><\/p>\n<p>&nbsp;<\/p>\n<p><span style=\"font-family: verdana, geneva, sans-serif\"><strong>SCANNER COM VOZ<\/strong> &#8211; Converte textos e documentos impressos em \u00e1udio.<\/span><\/p>\n<p>&nbsp;<\/p>\n<p><span style=\"font-family: verdana, geneva, sans-serif\"><strong>TECLADO AMPLIADO<\/strong> &#8211; Teclas e letras ampliadas, cores em contraste adaptadas para facilitar a visualiza\u00e7\u00e3o da pessoa com baixa vis\u00e3o.<\/span><\/p>\n<p>&nbsp;<\/p>\n<p><span style=\"font-family: verdana, geneva, sans-serif\"><strong>TECLADO ADAPTADO VIG KEYS<\/strong> &#8211; Ampliado e adaptado, possui formato em \u201cU\u201d, para que o usu\u00e1rio possa digitar e utilizar seus comandos com apenas uma m\u00e3o.<\/span><\/p>\n<p><span style=\"font-family: verdana, geneva, sans-serif\">\u00a0<\/span><\/p>\n<p>&nbsp;<\/p>\n<p>&nbsp;<\/p>\n","protected":false},"excerpt":{"rendered":"<p>&nbsp; SOFTWARES &nbsp; &#8211; \u00a0Leitor de tela Jaws para Windows &nbsp; &#8211; \u00a0Leitor de tela NVDA para Windows &nbsp; &#8211; \u00a0Leitor de tela Orca para Linux &nbsp; &#8211; \u00a0Leitor de tela Virtual Vision para Windows &nbsp; &#8211; \u00a0Leitor de tela CPqD para Windows &nbsp; &#8211; \u00a0S\u00edntese de voz DOSVOX para Windows &nbsp; &#8211; Tradutor libras,\u00a0software [&hellip;]<\/p>\n","protected":false},"author":359,"featured_media":0,"parent":0,"menu_order":11,"comment_status":"closed","ping_status":"closed","template":"","meta":{"jetpack_post_was_ever_published":false,"footnotes":""},"class_list":["post-1357","page","type-page","status-publish","hentry"],"jetpack_sharing_enabled":true,"jetpack_shortlink":"https:\/\/wp.me\/P90IOR-lT","_links":{"self":[{"href":"https:\/\/wp.ufpel.edu.br\/nai\/wp-json\/wp\/v2\/pages\/1357","targetHints":{"allow":["GET"]}}],"collection":[{"href":"https:\/\/wp.ufpel.edu.br\/nai\/wp-json\/wp\/v2\/pages"}],"about":[{"href":"https:\/\/wp.ufpel.edu.br\/nai\/wp-json\/wp\/v2\/types\/page"}],"author":[{"embeddable":true,"href":"https:\/\/wp.ufpel.edu.br\/nai\/wp-json\/wp\/v2\/users\/359"}],"replies":[{"embeddable":true,"href":"https:\/\/wp.ufpel.edu.br\/nai\/wp-json\/wp\/v2\/comments?post=1357"}],"version-history":[{"count":25,"href":"https:\/\/wp.ufpel.edu.br\/nai\/wp-json\/wp\/v2\/pages\/1357\/revisions"}],"predecessor-version":[{"id":1367,"href":"https:\/\/wp.ufpel.edu.br\/nai\/wp-json\/wp\/v2\/pages\/1357\/revisions\/1367"}],"wp:attachment":[{"href":"https:\/\/wp.ufpel.edu.br\/nai\/wp-json\/wp\/v2\/media?parent=1357"}],"curies":[{"name":"wp","href":"https:\/\/api.w.org\/{rel}","templated":true}]}}