{"id":4693,"date":"2024-09-06T15:06:47","date_gmt":"2024-09-06T18:06:47","guid":{"rendered":"https:\/\/wp.ufpel.edu.br\/naaf\/?page_id=4693"},"modified":"2024-09-06T16:14:07","modified_gmt":"2024-09-06T19:14:07","slug":"equipe","status":"publish","type":"page","link":"https:\/\/wp.ufpel.edu.br\/naaf\/equipe\/","title":{"rendered":"Equipe"},"content":{"rendered":"<p>Em constru\u00e7\u00e3o.<\/p>\n","protected":false},"excerpt":{"rendered":"<p>Em constru\u00e7\u00e3o.<\/p>\n","protected":false},"author":1133,"featured_media":0,"parent":0,"menu_order":0,"comment_status":"closed","ping_status":"closed","template":"","meta":{"jetpack_post_was_ever_published":false,"footnotes":""},"class_list":["post-4693","page","type-page","status-publish","hentry","nodate","item-wrap"],"jetpack_sharing_enabled":true,"jetpack_shortlink":"https:\/\/wp.me\/P9uOP6-1dH","jetpack_likes_enabled":true,"jetpack-related-posts":[{"id":2158,"url":"https:\/\/wp.ufpel.edu.br\/naaf\/politicas\/pos-graduacao-2\/estudantes-cotistas-na-pos-graduacao-em-construcao\/","url_meta":{"origin":4693,"position":0},"title":"Estudantes cotistas na P\u00f3s-Gradua\u00e7\u00e3o (Em constru\u00e7\u00e3o)","author":"naaf","date":"17\/07\/2020","format":false,"excerpt":"O sistema de cotas \u00e9tnico-raciais na P\u00f3s-Gradua\u00e7\u00e3o configura a quest\u00e3o das a\u00e7\u00f5es afirmativas como um processo amplo dentro da UFPel, visando atender a demanda criada pelas cotas na gradua\u00e7\u00e3o e promover a democratiza\u00e7\u00e3o e a equidade das oportunidades de acesso \u00e0 educa\u00e7\u00e3o. Entende-se que todos os Programas de P\u00f3s-Gradua\u00e7\u00e3o da\u2026","rel":"","context":"Post similar","block_context":{"text":"Post similar","link":""},"img":{"alt_text":"","src":"","width":0,"height":0},"classes":[]},{"id":2842,"url":"https:\/\/wp.ufpel.edu.br\/naaf\/eventos\/eventos-2018\/evento-ix-seminario-da-consciencia-negra-de-pelotas-seconep-2017-13-a-18-de-novembro\/","url_meta":{"origin":4693,"position":1},"title":"Evento IX Semin\u00e1rio da Consci\u00eancia Negra de Pelotas -SECONEP\/2017 &#8211; 13 \u00e0 18 de Novembro","author":"nuaad","date":"22\/03\/2022","format":false,"excerpt":"Realizado de 13 \u00a0\u00e0 18 de Novembro, no Museu do Doce, localizado no Centro de Pelotas, Pra\u00e7a Cel Pedro Os\u00f3rio, Casar\u00e3o 8. Sendo que no dia 18 foi o encerramento com o nome sempre denominado como Kizomba na Pra\u00e7a - tarde para interagir completamente com atividades art\u00edsticas e comidas e\u2026","rel":"","context":"Post similar","block_context":{"text":"Post similar","link":""},"img":{"alt_text":"","src":"https:\/\/i0.wp.com\/wp.ufpel.edu.br\/naaf\/files\/2018\/06\/23213210_758574631011012_4904965281141643428_o-1.jpg?resize=350%2C200","width":350,"height":200},"classes":[]},{"id":2809,"url":"https:\/\/wp.ufpel.edu.br\/naaf\/apoiopedagogico\/projeto-de-leitura-intercultural\/","url_meta":{"origin":4693,"position":2},"title":"Projeto de Leitura Intercultural","author":"nuaad","date":"31\/03\/2022","format":false,"excerpt":"Vemos que, historicamente, h\u00e1 um apagamento e silenciamento de narrativas e intelectualidades n\u00e3o-brancas. Seja na literatura ou na academia, a presen\u00e7a de autores negros e ind\u00edgenas \u00e9 escassa e, mesmo quando presente, ignorada. Portanto, \u00e9 necess\u00e1rio enxergarmos as produ\u00e7\u00f5es dessas comunidades e compreendermos sua pluralidade cultural e seus legados te\u00f3rico-pr\u00e1ticos\u2026","rel":"","context":"Post similar","block_context":{"text":"Post similar","link":""},"img":{"alt_text":"","src":"https:\/\/i0.wp.com\/wp.ufpel.edu.br\/naaf\/files\/2022\/03\/WhatsApp-Image-2022-03-29-at-11.32.34.jpeg?resize=350%2C200","width":350,"height":200,"srcset":"https:\/\/i0.wp.com\/wp.ufpel.edu.br\/naaf\/files\/2022\/03\/WhatsApp-Image-2022-03-29-at-11.32.34.jpeg?resize=350%2C200 1x, https:\/\/i0.wp.com\/wp.ufpel.edu.br\/naaf\/files\/2022\/03\/WhatsApp-Image-2022-03-29-at-11.32.34.jpeg?resize=525%2C300 1.5x"},"classes":[]},{"id":2848,"url":"https:\/\/wp.ufpel.edu.br\/naaf\/eventos\/eventos-2019\/representacao-na-reuniao-de-organizacao-do-copene-sul-2019\/","url_meta":{"origin":4693,"position":3},"title":"Representa\u00e7\u00e3o na reuni\u00e3o de organiza\u00e7\u00e3o do COPENE SUL 2019","author":"nuaad","date":"22\/03\/2022","format":false,"excerpt":"Pela Acad. Geiselaine Dias\u00a0 A Chefe do N\u00facleo de A\u00e7\u00f5es Afirmativas e professora da UFPel Dra\u00aa\u00a0Rosemar Lemos, compareceu ao evento de organiza\u00e7\u00e3o do\u00a0COPENE SUL 2019, o qual ser\u00e1 realizado na Unipampa -Jaguar\u00e3o \u2013 RS de 16 \u00e0 19 de julho de 2019. \u00a0Junto dela, fizeram parte do grupo que representou\u2026","rel":"","context":"Post similar","block_context":{"text":"Post similar","link":""},"img":{"alt_text":"","src":"https:\/\/i0.wp.com\/wp.ufpel.edu.br\/naaf\/files\/2018\/04\/facebook_1525723969606.jpg?resize=350%2C200&ssl=1","width":350,"height":200},"classes":[]},{"id":4699,"url":"https:\/\/wp.ufpel.edu.br\/naaf\/auxilios\/","url_meta":{"origin":4693,"position":4},"title":"Aux\u00edlios e Bolsas","author":"nuaad","date":"06\/09\/2024","format":false,"excerpt":"Quem tem direito? Todos os estudantes ind\u00edgenas e quilombolas devidamente matriculados. Existe desempenho acad\u00eamico m\u00ednimo exigido? Sim. No que diz respeito a: matr\u00edcula, frequ\u00eancia e notas. Matr\u00edcula - O que \u00e9 exigido? Exige-se que os estudantes no tempo regular do curso devam estar matriculados em pelo menos 80% das disciplinas\u2026","rel":"","context":"Post similar","block_context":{"text":"Post similar","link":""},"img":{"alt_text":"","src":"","width":0,"height":0},"classes":[]},{"id":3029,"url":"https:\/\/wp.ufpel.edu.br\/naaf\/pos-graduacao\/2018-2\/","url_meta":{"origin":4693,"position":5},"title":"2018","author":"nuaad","date":"07\/04\/2022","format":false,"excerpt":"Dezembro Relat\u00f3rio Preliminar - PPG Qu\u00edmica - Mestrado (09\/Jan\/2019) Novembro Relat\u00f3rio Preliminar - PPG em Biotecnologia - Mestrado\u00a0(26\/Nov\/2018) Relat\u00f3rio Preliminar - PPG em Direito - Mestrado\u00a0(26\/Nov\/2018) Relat\u00f3rio Definitivo - PPG em Biotecnologia - Mestrado\u00a0(30\/Nov\/2018) Relat\u00f3rio Definitivo - PPG em Direito - Mestrado\u00a0(30\/Nov\/2018) Outubro\u00a0 Relat\u00f3rio Final- PPG em Educa\u00e7\u00e3o - 2018\/2\u2026","rel":"","context":"Post similar","block_context":{"text":"Post similar","link":""},"img":{"alt_text":"","src":"","width":0,"height":0},"classes":[]}],"_links":{"self":[{"href":"https:\/\/wp.ufpel.edu.br\/naaf\/wp-json\/wp\/v2\/pages\/4693","targetHints":{"allow":["GET"]}}],"collection":[{"href":"https:\/\/wp.ufpel.edu.br\/naaf\/wp-json\/wp\/v2\/pages"}],"about":[{"href":"https:\/\/wp.ufpel.edu.br\/naaf\/wp-json\/wp\/v2\/types\/page"}],"author":[{"embeddable":true,"href":"https:\/\/wp.ufpel.edu.br\/naaf\/wp-json\/wp\/v2\/users\/1133"}],"replies":[{"embeddable":true,"href":"https:\/\/wp.ufpel.edu.br\/naaf\/wp-json\/wp\/v2\/comments?post=4693"}],"version-history":[{"count":1,"href":"https:\/\/wp.ufpel.edu.br\/naaf\/wp-json\/wp\/v2\/pages\/4693\/revisions"}],"predecessor-version":[{"id":4694,"href":"https:\/\/wp.ufpel.edu.br\/naaf\/wp-json\/wp\/v2\/pages\/4693\/revisions\/4694"}],"wp:attachment":[{"href":"https:\/\/wp.ufpel.edu.br\/naaf\/wp-json\/wp\/v2\/media?parent=4693"}],"curies":[{"name":"wp","href":"https:\/\/api.w.org\/{rel}","templated":true}]}}

<p>Em construção.</p>

Estudantes cotistas na Pós-Graduação (Em construção)

O sistema de cotas étnico-raciais na Pós-Graduação configura a questão das ações afirmativas como um processo amplo dentro da UFPel, visando atender a demanda criada pelas cotas na graduação e promover a democratização e a equidade das oportunidades de acesso à educação. Entende-se que todos os Programas de Pós-Graduação da…

Evento IX Seminário da Consciência Negra de Pelotas -SECONEP/2017 &#8211; 13 à 18 de Novembro

Realizado de 13  à 18 de Novembro, no Museu do Doce, localizado no Centro de Pelotas, Praça Cel Pedro Osório, Casarão 8. Sendo que no dia 18 foi o encerramento com o nome sempre denominado como Kizomba na Praça - tarde para interagir completamente com atividades artísticas e comidas e…

Vemos que, historicamente, há um apagamento e silenciamento de narrativas e intelectualidades não-brancas. Seja na literatura ou na academia, a presença de autores negros e indígenas é escassa e, mesmo quando presente, ignorada. Portanto, é necessário enxergarmos as produções dessas comunidades e compreendermos sua pluralidade cultural e seus legados teórico-práticos…

Representação na reunião de organização do COPENE SUL 2019

Pela Acad. Geiselaine Dias  A Chefe do Núcleo de Ações Afirmativas e professora da UFPel Draª Rosemar Lemos, compareceu ao evento de organização do COPENE SUL 2019, o qual será realizado na Unipampa -Jaguarão – RS de 16 à 19 de julho de 2019.  Junto dela, fizeram parte do grupo que representou…

Auxílios e Bolsas

Quem tem direito? Todos os estudantes indígenas e quilombolas devidamente matriculados. Existe desempenho acadêmico mínimo exigido? Sim. No que diz respeito a: matrícula, frequência e notas. Matrícula - O que é exigido? Exige-se que os estudantes no tempo regular do curso devam estar matriculados em pelo menos 80% das disciplinas…

Dezembro Relatório Preliminar - PPG Química - Mestrado (09/Jan/2019) Novembro Relatório Preliminar - PPG em Biotecnologia - Mestrado (26/Nov/2018) Relatório Preliminar - PPG em Direito - Mestrado (26/Nov/2018) Relatório Definitivo - PPG em Biotecnologia - Mestrado (30/Nov/2018) Relatório Definitivo - PPG em Direito - Mestrado (30/Nov/2018) Outubro  Relatório Final- PPG em Educação - 2018/2…
