{"id":3447,"date":"2022-08-26T12:36:39","date_gmt":"2022-08-26T15:36:39","guid":{"rendered":"https:\/\/wp.ufpel.edu.br\/naaf\/?page_id=3447"},"modified":"2024-07-31T16:05:46","modified_gmt":"2024-07-31T19:05:46","slug":"diretrizes-para-recurso","status":"publish","type":"page","link":"https:\/\/wp.ufpel.edu.br\/naaf\/diretrizes-para-recurso\/","title":{"rendered":"Diretrizes para Recurso"},"content":{"rendered":"<p>A divulga\u00e7\u00e3o dos resultados do procedimento de heteroidentifica\u00e7\u00e3o \u00e9 de responsabilidade da unidade organizadora do processo seletivo. O(a) candidato(a) dever\u00e1 acompanhar a <strong>p\u00e1gina oficial do processo seletivo <\/strong>do qual participa.<\/p>\n<p style=\"text-align: justify;\">Em caso de indeferimento, o(a) candidato(a) poder\u00e1 interpor recurso, no prazo de <strong>3 dias \u00fateis<\/strong>, contados a partir da divulga\u00e7\u00e3o do parecer de indeferimento. Para saber a justificativa do indeferimento, solicite o seu parecer para o e-mail <strong>heteroidentificacao@ufpel.edu.br<\/strong> informando seu nome completo, matr\u00edcula, curso e processo seletivo.<\/p>\n<p>Em caso de indeferimento por n\u00e3o comparecimento, o(a) candidato(a) poder\u00e1 enviar justificativa, no prazo de <strong>3 dias \u00fateis<\/strong>, partir da divulga\u00e7\u00e3o da lista.<\/p>\n<p style=\"text-align: justify;\">A an\u00e1lise e o parecer da banca de heteroidentifica\u00e7\u00e3o seguem as disposi\u00e7\u00f5es da <a href=\"https:\/\/legis.sigepe.gov.br\/sigepe-bgp-ws-legis\/legis-service\/download\/?id=0014801507-ALPDF\/2023\">Instru\u00e7\u00e3o Normativa do Minist\u00e9rio da Gest\u00e3o e da Inova\u00e7\u00e3o em Servi\u00e7os P\u00fablicos 23, de 25 de julho de 2023<\/a>.<\/p>\n<p style=\"text-align: justify;\">Sobre o recurso:<\/p>\n<ul>\n<li style=\"text-align: justify;\">O recurso n\u00e3o tem um modelo pronto, ele deve ser elaborado de forma a justificar por que a banca deve reconsiderar o parecer inicial de indeferimento, os argumentos s\u00e3o de escolha pessoal;<\/li>\n<li style=\"text-align: justify;\">O recurso deve ser feito em um <strong>\u00fanico arquivo<\/strong>, em formato <strong>PDF<\/strong>, com todas as informa\u00e7\u00f5es necess\u00e1rias para a an\u00e1lise da banca recursal;<\/li>\n<li style=\"text-align: justify;\"><strong>Recursos enviados a outro e-mail ou entregues em outro formato, n\u00e3o ser\u00e3o analisados<\/strong>;<\/li>\n<li style=\"text-align: justify;\">Preste aten\u00e7\u00e3o ao prazo de envio, pois <strong>e-mail enviado ap\u00f3s as 23h59min da data limite para envio n\u00e3o ser\u00e1 avaliado<\/strong>.<\/li>\n<\/ul>\n<p style=\"text-align: justify;\">Mensagens que n\u00e3o sejam relativas a envio de recursos ou a solicita\u00e7\u00e3o de envio de pareceres devem ser encaminhadas para o e-mail <strong>nuaad@ufpel.edu.br<\/strong>.<\/p>\n","protected":false},"excerpt":{"rendered":"<p>A divulga\u00e7\u00e3o dos resultados do procedimento de heteroidentifica\u00e7\u00e3o \u00e9 de responsabilidade da unidade organizadora do processo seletivo. O(a) candidato(a) dever\u00e1 acompanhar a p\u00e1gina oficial do processo seletivo do qual participa. Em caso de indeferimento, o(a) candidato(a) poder\u00e1 interpor recurso, no prazo de 3 dias \u00fateis, contados a partir da divulga\u00e7\u00e3o do parecer de indeferimento. Para &hellip; <\/p>\n<p><a class=\"more-link btn\" href=\"https:\/\/wp.ufpel.edu.br\/naaf\/diretrizes-para-recurso\/\">Continue lendo<\/a><\/p>\n","protected":false},"author":1133,"featured_media":0,"parent":0,"menu_order":0,"comment_status":"closed","ping_status":"closed","template":"","meta":{"jetpack_post_was_ever_published":false,"footnotes":""},"class_list":["post-3447","page","type-page","status-publish","hentry","nodate","item-wrap"],"jetpack_sharing_enabled":true,"jetpack_shortlink":"https:\/\/wp.me\/P9uOP6-TB","jetpack_likes_enabled":true,"jetpack-related-posts":[{"id":245,"url":"https:\/\/wp.ufpel.edu.br\/naaf\/politicas\/pos-graduacao-2\/","url_meta":{"origin":3447,"position":0},"title":"P\u00f3s-Gradua\u00e7\u00e3o","author":"naaf","date":"27\/10\/2017","format":false,"excerpt":"No primeiro semestre de 2017, a UFPel tornou-se uma das primeiras Universidades Federais do pa\u00eds a aprovar uma pol\u00edtica de cotas \u00e9tnico-raciais para a P\u00f3s-Gradua\u00e7\u00e3o. A Resolu\u00e7\u00e3o n\u00ba 05\/2017, do Conselho Universit\u00e1rio (CONSUN) da UFPel, reserva 25% das vagas nos Programas de P\u00f3s-Gradua\u00e7\u00e3o stricto sensu da institui\u00e7\u00e3o para estudantes negros,\u2026","rel":"","context":"Post similar","block_context":{"text":"Post similar","link":""},"img":{"alt_text":"","src":"","width":0,"height":0},"classes":[]},{"id":61,"url":"https:\/\/wp.ufpel.edu.br\/naaf\/politicas\/","url_meta":{"origin":3447,"position":1},"title":"Pol\u00edticas de A\u00e7\u00f5es Afirmativas da UFPel","author":"naaf","date":"19\/09\/2017","format":false,"excerpt":"Sobre pol\u00edticas de a\u00e7\u00f5es afirmativas Ap\u00f3s um longo per\u00edodo de lutas dos movimentos sociais e implementa\u00e7\u00e3o de pol\u00edticas de n\u00edvel estadual e aut\u00f4nomas em algumas institui\u00e7\u00f5es, as pol\u00edticas de a\u00e7\u00f5es afirmativas nas Institui\u00e7\u00f5es Federais de Ensino Superior (IFES) foram aprovadas em n\u00edvel federal pela Lei 12.711\/12. Esta lei ficou conhecida\u2026","rel":"","context":"Post similar","block_context":{"text":"Post similar","link":""},"img":{"alt_text":"","src":"","width":0,"height":0},"classes":[]},{"id":2873,"url":"https:\/\/wp.ufpel.edu.br\/naaf\/eventos\/eventos-2018\/prefeitura-municipal-e-universidade-federal-de-pelotas-realizam-em-parceria-curso-de-capacitacao-para-comissoes-de-heteroidentificacao-17-de-setembro-2018\/","url_meta":{"origin":3447,"position":2},"title":"Prefeitura Municipal e Universidade Federal de Pelotas realizam \u00a0em parceria \u201cCurso de Capacita\u00e7\u00e3o para Comiss\u00f5es de Heteroidentifica\u00e7\u00e3o\u201d &#8211; 17 de Setembro, 2018","author":"nuaad","date":"22\/03\/2022","format":false,"excerpt":"Acads. Marcela Lima e Isadora Caleiro O N\u00facleo de A\u00e7\u00f5es Afirmativas e Diversidade da UFPel, juntamente com a Prefeitura Municipal de Pelotas, realizou, nesta segunda-feira, 17 de setembro, o Curso Intensivo de Capacita\u00e7\u00e3o para Comiss\u00f5es de Heteroidentifica\u00e7\u00e3o, na sala de reuni\u00f5es do COCEPE\/UFPel. A Portaria Normativa n\u00b0 4, emitida pelo\u2026","rel":"","context":"Post similar","block_context":{"text":"Post similar","link":""},"img":{"alt_text":"","src":"","width":0,"height":0},"classes":[]},{"id":2844,"url":"https:\/\/wp.ufpel.edu.br\/naaf\/eventos\/eventos-2018\/curso-de-capacitacao-promovido-pelo-nuaad-para-comissao-de-verificacao-de-alunos-e-servidores-ingressantes-na-ufpel-via-cotas-raciais\/","url_meta":{"origin":3447,"position":3},"title":"Curso de Capacita\u00e7\u00e3o promovido pelo NUAAD, para Comiss\u00e3o de Verifica\u00e7\u00e3o de alunos e servidores ingressantes na UFPel via Cotas Raciais.\u00a025 e 26 de Janeiro de 2018 \u00a0\u00a0","author":"nuaad","date":"22\/03\/2022","format":false,"excerpt":"Acad\u00eamica Geiselaine Dias e Servidor Damasio Duval \u00a0\u00a0\u00a0\u00a0\u00a0\u00a0\u00a0\u00a0\u00a0\u00a0\u00a0\u00a0\u00a0\u00a0\u00a0\u00a0\u00a0\u00a0\u00a0\u00a0\u00a0\u00a0\u00a0\u00a0\u00a0\u00a0\u00a0\u00a0\u00a0\u00a0\u00a0\u00a0\u00a0\u00a0\u00a0\u00a0\u00a0\u00a0\u00a0\u00a0\u00a0 \u00a0 \u00a0 \u00a0 \u00a0 \u00a0 \u00a0 \u00a0 \u00a0 \u00a0 \u00a0\u00a0 O N\u00facleo de A\u00e7\u00f5es Afirmativas e Diversidade da UFPel, realizou, nos dias 25 e 26 de janeiro, o Curso de Capacita\u00e7\u00e3o para Comiss\u00f5es de Heteroidentifica\u00e7\u00e3o, no pr\u00e9dio Lyceu Rio-grandense - \u00a0Sala do\u2026","rel":"","context":"Post similar","block_context":{"text":"Post similar","link":""},"img":{"alt_text":"","src":"","width":0,"height":0},"classes":[]},{"id":67,"url":"https:\/\/wp.ufpel.edu.br\/naaf\/legislacao\/","url_meta":{"origin":3447,"position":4},"title":"Legisla\u00e7\u00e3o","author":"naaf","date":"19\/09\/2017","format":false,"excerpt":"Leis Federais: Lei n\u00ba 9.784, de 29 de janeiro de 1999 - Regula o processo administrativo no \u00e2mbito da Administra\u00e7\u00e3o P\u00fablica Federal. Lei n\u00ba 12.089, de 11 de novembro de 2009. - Pro\u00edbe que uma mesma pessoa ocupe 2 (duas) vagas simultaneamente em institui\u00e7\u00f5es p\u00fablicas de ensino superior. Lei n\u00ba\u2026","rel":"","context":"Post similar","block_context":{"text":"Post similar","link":""},"img":{"alt_text":"","src":"","width":0,"height":0},"classes":[]},{"id":73,"url":"https:\/\/wp.ufpel.edu.br\/naaf\/analisedaspoliticas\/","url_meta":{"origin":3447,"position":5},"title":"Notas","author":"naaf","date":"19\/09\/2017","format":false,"excerpt":"Manifesto dos estudantes Ind\u00edgenas e Quilombolas da UFPel Em resposta \u00e0s dificuldades impostas pela pandemia de coronav\u00edrus e \u00e0s pr\u00f3prias limita\u00e7\u00f5es que encontram em suas trajet\u00f3rias acad\u00eamicas, os discentes Ind\u00edgenas e Quilombolas da UFPel elaboraram e divulgaram o documento \u201cManifesto dos Estudantes Ind\u00edgenas e Quilombolas\u201d. Neste Manifesto, esses estudantes exp\u00f5em\u2026","rel":"","context":"Post similar","block_context":{"text":"Post similar","link":""},"img":{"alt_text":"","src":"","width":0,"height":0},"classes":[]}],"_links":{"self":[{"href":"https:\/\/wp.ufpel.edu.br\/naaf\/wp-json\/wp\/v2\/pages\/3447","targetHints":{"allow":["GET"]}}],"collection":[{"href":"https:\/\/wp.ufpel.edu.br\/naaf\/wp-json\/wp\/v2\/pages"}],"about":[{"href":"https:\/\/wp.ufpel.edu.br\/naaf\/wp-json\/wp\/v2\/types\/page"}],"author":[{"embeddable":true,"href":"https:\/\/wp.ufpel.edu.br\/naaf\/wp-json\/wp\/v2\/users\/1133"}],"replies":[{"embeddable":true,"href":"https:\/\/wp.ufpel.edu.br\/naaf\/wp-json\/wp\/v2\/comments?post=3447"}],"version-history":[{"count":12,"href":"https:\/\/wp.ufpel.edu.br\/naaf\/wp-json\/wp\/v2\/pages\/3447\/revisions"}],"predecessor-version":[{"id":4645,"href":"https:\/\/wp.ufpel.edu.br\/naaf\/wp-json\/wp\/v2\/pages\/3447\/revisions\/4645"}],"wp:attachment":[{"href":"https:\/\/wp.ufpel.edu.br\/naaf\/wp-json\/wp\/v2\/media?parent=3447"}],"curies":[{"name":"wp","href":"https:\/\/api.w.org\/{rel}","templated":true}]}}

<p>A divulgação dos resultados do procedimento de heteroidentificação é de responsabilidade da unidade organizadora do processo seletivo. O(a) candidato(a) deverá acompanhar a <strong>página oficial do processo seletivo </strong>do qual participa.</p>
<p style="text-align: justify;">Em caso de indeferimento, o(a) candidato(a) poderá interpor recurso, no prazo de <strong>3 dias úteis</strong>, contados a partir da divulgação do parecer de indeferimento. Para saber a justificativa do indeferimento, solicite o seu parecer para o e-mail <strong>heteroidentificacao@ufpel.edu.br</strong> informando seu nome completo, matrícula, curso e processo seletivo.</p>
<p>Em caso de indeferimento por não comparecimento, o(a) candidato(a) poderá enviar justificativa, no prazo de <strong>3 dias úteis</strong>, partir da divulgação da lista.</p>
<p style="text-align: justify;">A análise e o parecer da banca de heteroidentificação seguem as disposições da <a href="https://legis.sigepe.gov.br/sigepe-bgp-ws-legis/legis-service/download/?id=0014801507-ALPDF/2023">Instrução Normativa do Ministério da Gestão e da Inovação em Serviços Públicos 23, de 25 de julho de 2023</a>.</p>
<p style="text-align: justify;">Sobre o recurso:</p>
<ul>
<li style="text-align: justify;">O recurso não tem um modelo pronto, ele deve ser elaborado de forma a justificar por que a banca deve reconsiderar o parecer inicial de indeferimento, os argumentos são de escolha pessoal;</li>
<li style="text-align: justify;">O recurso deve ser feito em um <strong>único arquivo</strong>, em formato <strong>PDF</strong>, com todas as informações necessárias para a análise da banca recursal;</li>
<li style="text-align: justify;"><strong>Recursos enviados a outro e-mail ou entregues em outro formato, não serão analisados</strong>;</li>
<li style="text-align: justify;">Preste atenção ao prazo de envio, pois <strong>e-mail enviado após as 23h59min da data limite para envio não será avaliado</strong>.</li>
</ul>
<p style="text-align: justify;">Mensagens que não sejam relativas a envio de recursos ou a solicitação de envio de pareceres devem ser encaminhadas para o e-mail <strong>nuaad@ufpel.edu.br</strong>.</p>

<p>A divulgação dos resultados do procedimento de heteroidentificação é de responsabilidade da unidade organizadora do processo seletivo. O(a) candidato(a) deverá acompanhar a página oficial do processo seletivo do qual participa. Em caso de indeferimento, o(a) candidato(a) poderá interpor recurso, no prazo de 3 dias úteis, contados a partir da divulgação do parecer de indeferimento. Para &hellip; </p>
<p><a class="more-link btn" href="https://wp.ufpel.edu.br/naaf/diretrizes-para-recurso/">Continue lendo</a></p>

Pós-Graduação

No primeiro semestre de 2017, a UFPel tornou-se uma das primeiras Universidades Federais do país a aprovar uma política de cotas étnico-raciais para a Pós-Graduação. A Resolução nº 05/2017, do Conselho Universitário (CONSUN) da UFPel, reserva 25% das vagas nos Programas de Pós-Graduação stricto sensu da instituição para estudantes negros,…

Políticas de Ações Afirmativas da UFPel

Sobre políticas de ações afirmativas Após um longo período de lutas dos movimentos sociais e implementação de políticas de nível estadual e autônomas em algumas instituições, as políticas de ações afirmativas nas Instituições Federais de Ensino Superior (IFES) foram aprovadas em nível federal pela Lei 12.711/12. Esta lei ficou conhecida…

Prefeitura Municipal e Universidade Federal de Pelotas realizam  em parceria “Curso de Capacitação para Comissões de Heteroidentificação” &#8211; 17 de Setembro, 2018

Acads. Marcela Lima e Isadora Caleiro O Núcleo de Ações Afirmativas e Diversidade da UFPel, juntamente com a Prefeitura Municipal de Pelotas, realizou, nesta segunda-feira, 17 de setembro, o Curso Intensivo de Capacitação para Comissões de Heteroidentificação, na sala de reuniões do COCEPE/UFPel. A Portaria Normativa n° 4, emitida pelo…

Curso de Capacitação promovido pelo NUAAD, para Comissão de Verificação de alunos e servidores ingressantes na UFPel via Cotas Raciais. 25 e 26 de Janeiro de 2018

Acadêmica Geiselaine Dias e Servidor Damasio Duval                                                                O Núcleo de Ações Afirmativas e Diversidade da UFPel, realizou, nos dias 25 e 26 de janeiro, o Curso de Capacitação para Comissões de Heteroidentificação, no prédio Lyceu Rio-grandense -  Sala do…

Legislação

Leis Federais: Lei nº 9.784, de 29 de janeiro de 1999 - Regula o processo administrativo no âmbito da Administração Pública Federal. Lei nº 12.089, de 11 de novembro de 2009. - Proíbe que uma mesma pessoa ocupe 2 (duas) vagas simultaneamente em instituições públicas de ensino superior. Lei nº…

Manifesto dos estudantes Indígenas e Quilombolas da UFPel Em resposta às dificuldades impostas pela pandemia de coronavírus e às próprias limitações que encontram em suas trajetórias acadêmicas, os discentes Indígenas e Quilombolas da UFPel elaboraram e divulgaram o documento “Manifesto dos Estudantes Indígenas e Quilombolas”. Neste Manifesto, esses estudantes expõem…
