{"id":3080,"date":"2022-04-07T11:15:47","date_gmt":"2022-04-07T14:15:47","guid":{"rendered":"https:\/\/wp.ufpel.edu.br\/naaf\/?page_id=3080"},"modified":"2022-04-07T11:22:12","modified_gmt":"2022-04-07T14:22:12","slug":"stay-black","status":"publish","type":"page","link":"https:\/\/wp.ufpel.edu.br\/naaf\/projetos-externos\/stay-black\/","title":{"rendered":"Stay Black"},"content":{"rendered":"<p><img data-recalc-dims=\"1\" loading=\"lazy\" decoding=\"async\" data-attachment-id=\"3081\" data-permalink=\"https:\/\/wp.ufpel.edu.br\/naaf\/projetos-externos\/stay-black\/whatsapp-image-2022-04-07-at-11-13-09\/\" data-orig-file=\"https:\/\/i0.wp.com\/wp.ufpel.edu.br\/naaf\/files\/2022\/04\/WhatsApp-Image-2022-04-07-at-11.13.09-e1649341325447.jpeg?fit=674%2C198&amp;ssl=1\" data-orig-size=\"674,198\" data-comments-opened=\"0\" data-image-meta=\"{&quot;aperture&quot;:&quot;0&quot;,&quot;credit&quot;:&quot;&quot;,&quot;camera&quot;:&quot;&quot;,&quot;caption&quot;:&quot;&quot;,&quot;created_timestamp&quot;:&quot;0&quot;,&quot;copyright&quot;:&quot;&quot;,&quot;focal_length&quot;:&quot;0&quot;,&quot;iso&quot;:&quot;0&quot;,&quot;shutter_speed&quot;:&quot;0&quot;,&quot;title&quot;:&quot;&quot;,&quot;orientation&quot;:&quot;0&quot;}\" data-image-title=\"WhatsApp Image 2022-04-07 at 11.13.09\" data-image-description=\"\" data-image-caption=\"\" data-medium-file=\"https:\/\/i0.wp.com\/wp.ufpel.edu.br\/naaf\/files\/2022\/04\/WhatsApp-Image-2022-04-07-at-11.13.09-e1649341325447.jpeg?fit=400%2C118&amp;ssl=1\" data-large-file=\"https:\/\/i0.wp.com\/wp.ufpel.edu.br\/naaf\/files\/2022\/04\/WhatsApp-Image-2022-04-07-at-11.13.09-e1649341325447.jpeg?fit=674%2C198&amp;ssl=1\" class=\"alignnone wp-image-3081 size-medium\" src=\"https:\/\/i0.wp.com\/wp.ufpel.edu.br\/naaf\/files\/2022\/04\/WhatsApp-Image-2022-04-07-at-11.13.09-e1649341325447-400x118.jpeg?resize=400%2C118&#038;ssl=1\" alt=\"\" width=\"400\" height=\"118\" srcset=\"https:\/\/i0.wp.com\/wp.ufpel.edu.br\/naaf\/files\/2022\/04\/WhatsApp-Image-2022-04-07-at-11.13.09-e1649341325447.jpeg?resize=400%2C118&amp;ssl=1 400w, https:\/\/i0.wp.com\/wp.ufpel.edu.br\/naaf\/files\/2022\/04\/WhatsApp-Image-2022-04-07-at-11.13.09-e1649341325447.jpeg?w=674&amp;ssl=1 674w\" sizes=\"auto, (max-width: 400px) 100vw, 400px\" \/><\/p>\n<p>Idealizado em 2016, em Pelotas, pela MC e produtora Bartira &#8220;B.ART&#8221; Val Marques, o coletivo Stay Black come\u00e7ou enquanto um organizador de rodas de conversa, festas e eventos de rua com o prop\u00f3sito de exaltar a cultura negra e, hoje, \u00e9 uma produtora musical focada em divulgar e fortalecer artistas negros.<\/p>\n<p>Quando criado tinha como objetivo primeiro a organiza\u00e7\u00e3o de festas e, com o passar do tempo, come\u00e7ou a promover debates, rodas de conversa, palestras; tornou-se um realizador social.<\/p>\n<p>Para conferir seu trabalho na \u00edntegra acesse em: <a href=\"https:\/\/www.stayblackco.com\/\">Stay Black\u00a0<\/a><\/p>\n<p>&nbsp;<\/p>\n","protected":false},"excerpt":{"rendered":"<p>Idealizado em 2016, em Pelotas, pela MC e produtora Bartira &#8220;B.ART&#8221; Val Marques, o coletivo Stay Black come\u00e7ou enquanto um organizador de rodas de conversa, festas e eventos de rua com o prop\u00f3sito de exaltar a cultura negra e, hoje, \u00e9 uma produtora musical focada em divulgar e fortalecer artistas negros. Quando criado tinha como &hellip; <\/p>\n<p><a class=\"more-link btn\" href=\"https:\/\/wp.ufpel.edu.br\/naaf\/projetos-externos\/stay-black\/\">Continue lendo<\/a><\/p>\n","protected":false},"author":1133,"featured_media":0,"parent":2799,"menu_order":0,"comment_status":"closed","ping_status":"closed","template":"","meta":{"jetpack_post_was_ever_published":false,"footnotes":""},"class_list":["post-3080","page","type-page","status-publish","hentry","nodate","item-wrap"],"jetpack_sharing_enabled":true,"jetpack_shortlink":"https:\/\/wp.me\/P9uOP6-NG","jetpack_likes_enabled":true,"jetpack-related-posts":[{"id":2869,"url":"https:\/\/wp.ufpel.edu.br\/naaf\/eventos\/eventos-2018\/sus-voce-conhece-a-politica-nacional-de-saude-integral-da-populacao-negra\/","url_meta":{"origin":3080,"position":0},"title":"#SUS: Voc\u00ea conhece a Pol\u00edtica Nacional de Sa\u00fade Integral da Popula\u00e7\u00e3o Negra? &#8211; 16 de Julho de 2018","author":"nuaad","date":"22\/03\/2022","format":false,"excerpt":"Acad.\u00a0 Isadora Cardoso Caleiro \u00a0\u00a0Na segunda feira dia dezesseis de julho aconteceu no Centro de Engenharias da UFPel \u2013 CEng, a palestra: Da Adversidade para a Diversidade: O Espa\u00e7o de Jovens Negras no Mercado de Trabalho, contando com a presen\u00e7a de tr\u00eas jovens negras que atuam na \u00e1rea da Engenharia,\u2026","rel":"","context":"Post similar","block_context":{"text":"Post similar","link":""},"img":{"alt_text":"","src":"https:\/\/i0.wp.com\/wp.ufpel.edu.br\/naaf\/files\/2018\/08\/evento-Da-adiversidade-para-a-diversidade-400x267.jpg?resize=350%2C200&ssl=1","width":350,"height":200},"classes":[]},{"id":2880,"url":"https:\/\/wp.ufpel.edu.br\/naaf\/eventos\/eventos-2018\/x-edicao-do-seconep-2018\/","url_meta":{"origin":3080,"position":1},"title":"X Edi\u00e7\u00e3o do SECONEP, 2018. &#8211; 21, 23 e 25 de Novembro de 2018","author":"nuaad","date":"22\/03\/2022","format":false,"excerpt":"Acads. \u00a0Lourivaldo Junior e Marcela Lima O Semin\u00e1rio da Consci\u00eancia Negra de Pelotas - SECONEP - evento organizado e realizado anualmente por estudantes e servidores da UFPel, al\u00e9m da sociedade civil, completa em 2018 seus 10 anos. A import\u00e2ncia de se realizar um evento como este \u00e9 o fato de\u2026","rel":"","context":"Post similar","block_context":{"text":"Post similar","link":""},"img":{"alt_text":"","src":"","width":0,"height":0},"classes":[]},{"id":2871,"url":"https:\/\/wp.ufpel.edu.br\/naaf\/eventos\/eventos-2018\/ifsul-de-pelotas-inaugura-sala-de-acoes-afirmativas-e-diversidade-12-09-2018\/","url_meta":{"origin":3080,"position":2},"title":"IFSUL DE PELOTAS INAUGURA SALA DE A\u00c7\u00d5ES AFIRMATIVAS E DIVERSIDADE 12\/09\/2018","author":"nuaad","date":"22\/03\/2022","format":false,"excerpt":"\u00a0Pelas Acads. Marcela Lima e Isadora Caleiro Aconteceu na tarde de quarta-feira (12 de setembro de 2018), a inaugura\u00e7\u00e3o da Sala dos N\u00facleos de A\u00e7\u00f5es Afirmativas \u00a0do IFSul da cidade Pelotas, na qual foram instalados o NUGED (N\u00facleo de G\u00eanero e Diversidade), NEABI (N\u00facleo de Estudos Afro e Ind\u00edgenas) e\u2026","rel":"","context":"Post similar","block_context":{"text":"Post similar","link":""},"img":{"alt_text":"","src":"","width":0,"height":0},"classes":[]},{"id":2856,"url":"https:\/\/wp.ufpel.edu.br\/naaf\/eventos\/eventos-2018\/direito-e-emancipacao-por-uma-interpretacao-libertaria-da-norma-2018-23-de-maio\/","url_meta":{"origin":3080,"position":3},"title":"Direito e Emancipa\u00e7\u00e3o : Por uma Interpreta\u00e7\u00e3o Libert\u00e1ria da Norma\/ 2018 &#8211; 23 de Maio","author":"nuaad","date":"22\/03\/2022","format":false,"excerpt":"O evento que aconteceu na quarta-feira, 23 de Maio, falou sobre o \u201cdia depois da aboli\u00e7\u00e3o da escravatura\u201d Realizado no pr\u00e9dio do Direito da Ufpel, o evento ministrado por tr\u00eas palestrantes Advogados. Dr. F\u00e1bio Gon\u00e7alves, Dra. Ros\u00e2ngela Minho e Dr. Ant\u00f4nio Carlos Rosa, contou com apresenta\u00e7\u00e3o musical feita pela Prof\u00aa\u2026","rel":"","context":"Post similar","block_context":{"text":"Post similar","link":""},"img":{"alt_text":"","src":"https:\/\/i0.wp.com\/wp.ufpel.edu.br\/naaf\/files\/2018\/06\/36029910_1735821493162727_8335180122961215488_n.jpg?resize=350%2C200","width":350,"height":200,"srcset":"https:\/\/i0.wp.com\/wp.ufpel.edu.br\/naaf\/files\/2018\/06\/36029910_1735821493162727_8335180122961215488_n.jpg?resize=350%2C200 1x, https:\/\/i0.wp.com\/wp.ufpel.edu.br\/naaf\/files\/2018\/06\/36029910_1735821493162727_8335180122961215488_n.jpg?resize=525%2C300 1.5x, https:\/\/i0.wp.com\/wp.ufpel.edu.br\/naaf\/files\/2018\/06\/36029910_1735821493162727_8335180122961215488_n.jpg?resize=700%2C400 2x, https:\/\/i0.wp.com\/wp.ufpel.edu.br\/naaf\/files\/2018\/06\/36029910_1735821493162727_8335180122961215488_n.jpg?resize=1050%2C600 3x, https:\/\/i0.wp.com\/wp.ufpel.edu.br\/naaf\/files\/2018\/06\/36029910_1735821493162727_8335180122961215488_n.jpg?resize=1400%2C800 4x"},"classes":[]},{"id":2882,"url":"https:\/\/wp.ufpel.edu.br\/naaf\/eventos\/eventos-2022\/","url_meta":{"origin":3080,"position":4},"title":"Eventos 2022","author":"nuaad","date":"22\/03\/2022","format":false,"excerpt":"https:\/\/wp.ufpel.edu.br\/naaf\/2022\/05\/24\/formacao-para-bancas-de-heteroidentifacao\/ https:\/\/wp.ufpel.edu.br\/naaf\/2022\/04\/18\/programa-universidade-territorio-indigena\/ https:\/\/wp.ufpel.edu.br\/naaf\/2022\/03\/25\/primeira-roda-de-conversa-com-os-discentes-indigenas-quilombolas-e-negros-e-negras-cotistas-24-de-marco-de-2022\/ https:\/\/wp.ufpel.edu.br\/naaf\/2022\/03\/15\/1a-jornada-de-agroecologia-da-teia-dos-povos-em-luta-do-rio-grande-do-sul\/","rel":"","context":"Post similar","block_context":{"text":"Post similar","link":""},"img":{"alt_text":"","src":"","width":0,"height":0},"classes":[]},{"id":9,"url":"https:\/\/wp.ufpel.edu.br\/naaf\/sobre\/","url_meta":{"origin":3080,"position":5},"title":"Vida em Pelotas","author":"naaf","date":"19\/09\/2017","format":false,"excerpt":"Bem-vindo a Pelotas! Seja muito bem-vindo \u00e0 cidade de Pelotas, um lugar rico em hist\u00f3ria, cultura e com uma atmosfera acolhedora que ser\u00e1 o seu novo lar durante a jornada acad\u00eamica. Situada no sul do Brasil, Pelotas \u00e9 conhecida por seu patrim\u00f4nio arquitet\u00f4nico, suas tradi\u00e7\u00f5es culturais e pela hospitalidade de\u2026","rel":"","context":"Post similar","block_context":{"text":"Post similar","link":""},"img":{"alt_text":"","src":"","width":0,"height":0},"classes":[]}],"_links":{"self":[{"href":"https:\/\/wp.ufpel.edu.br\/naaf\/wp-json\/wp\/v2\/pages\/3080","targetHints":{"allow":["GET"]}}],"collection":[{"href":"https:\/\/wp.ufpel.edu.br\/naaf\/wp-json\/wp\/v2\/pages"}],"about":[{"href":"https:\/\/wp.ufpel.edu.br\/naaf\/wp-json\/wp\/v2\/types\/page"}],"author":[{"embeddable":true,"href":"https:\/\/wp.ufpel.edu.br\/naaf\/wp-json\/wp\/v2\/users\/1133"}],"replies":[{"embeddable":true,"href":"https:\/\/wp.ufpel.edu.br\/naaf\/wp-json\/wp\/v2\/comments?post=3080"}],"version-history":[{"count":3,"href":"https:\/\/wp.ufpel.edu.br\/naaf\/wp-json\/wp\/v2\/pages\/3080\/revisions"}],"predecessor-version":[{"id":3085,"href":"https:\/\/wp.ufpel.edu.br\/naaf\/wp-json\/wp\/v2\/pages\/3080\/revisions\/3085"}],"up":[{"embeddable":true,"href":"https:\/\/wp.ufpel.edu.br\/naaf\/wp-json\/wp\/v2\/pages\/2799"}],"wp:attachment":[{"href":"https:\/\/wp.ufpel.edu.br\/naaf\/wp-json\/wp\/v2\/media?parent=3080"}],"curies":[{"name":"wp","href":"https:\/\/api.w.org\/{rel}","templated":true}]}}

<p><img data-recalc-dims="1" loading="lazy" decoding="async" data-attachment-id="3081" data-permalink="https://wp.ufpel.edu.br/naaf/projetos-externos/stay-black/whatsapp-image-2022-04-07-at-11-13-09/" data-orig-file="https://i0.wp.com/wp.ufpel.edu.br/naaf/files/2022/04/WhatsApp-Image-2022-04-07-at-11.13.09-e1649341325447.jpeg?fit=674%2C198&amp;ssl=1" data-orig-size="674,198" data-comments-opened="0" data-image-meta="{&quot;aperture&quot;:&quot;0&quot;,&quot;credit&quot;:&quot;&quot;,&quot;camera&quot;:&quot;&quot;,&quot;caption&quot;:&quot;&quot;,&quot;created_timestamp&quot;:&quot;0&quot;,&quot;copyright&quot;:&quot;&quot;,&quot;focal_length&quot;:&quot;0&quot;,&quot;iso&quot;:&quot;0&quot;,&quot;shutter_speed&quot;:&quot;0&quot;,&quot;title&quot;:&quot;&quot;,&quot;orientation&quot;:&quot;0&quot;}" data-image-title="WhatsApp Image 2022-04-07 at 11.13.09" data-image-description="" data-image-caption="" data-medium-file="https://i0.wp.com/wp.ufpel.edu.br/naaf/files/2022/04/WhatsApp-Image-2022-04-07-at-11.13.09-e1649341325447.jpeg?fit=400%2C118&amp;ssl=1" data-large-file="https://i0.wp.com/wp.ufpel.edu.br/naaf/files/2022/04/WhatsApp-Image-2022-04-07-at-11.13.09-e1649341325447.jpeg?fit=674%2C198&amp;ssl=1" class="alignnone wp-image-3081 size-medium" src="https://i0.wp.com/wp.ufpel.edu.br/naaf/files/2022/04/WhatsApp-Image-2022-04-07-at-11.13.09-e1649341325447-400x118.jpeg?resize=400%2C118&#038;ssl=1" alt="" width="400" height="118" srcset="https://i0.wp.com/wp.ufpel.edu.br/naaf/files/2022/04/WhatsApp-Image-2022-04-07-at-11.13.09-e1649341325447.jpeg?resize=400%2C118&amp;ssl=1 400w, https://i0.wp.com/wp.ufpel.edu.br/naaf/files/2022/04/WhatsApp-Image-2022-04-07-at-11.13.09-e1649341325447.jpeg?w=674&amp;ssl=1 674w" sizes="auto, (max-width: 400px) 100vw, 400px" /></p>
<p>Idealizado em 2016, em Pelotas, pela MC e produtora Bartira &#8220;B.ART&#8221; Val Marques, o coletivo Stay Black começou enquanto um organizador de rodas de conversa, festas e eventos de rua com o propósito de exaltar a cultura negra e, hoje, é uma produtora musical focada em divulgar e fortalecer artistas negros.</p>
<p>Quando criado tinha como objetivo primeiro a organização de festas e, com o passar do tempo, começou a promover debates, rodas de conversa, palestras; tornou-se um realizador social.</p>
<p>Para conferir seu trabalho na íntegra acesse em: <a href="https://www.stayblackco.com/">Stay Black </a></p>
<p>&nbsp;</p>

<p>Idealizado em 2016, em Pelotas, pela MC e produtora Bartira &#8220;B.ART&#8221; Val Marques, o coletivo Stay Black começou enquanto um organizador de rodas de conversa, festas e eventos de rua com o propósito de exaltar a cultura negra e, hoje, é uma produtora musical focada em divulgar e fortalecer artistas negros. Quando criado tinha como &hellip; </p>
<p><a class="more-link btn" href="https://wp.ufpel.edu.br/naaf/projetos-externos/stay-black/">Continue lendo</a></p>

#SUS: Você conhece a Política Nacional de Saúde Integral da População Negra? &#8211; 16 de Julho de 2018

Acad.  Isadora Cardoso Caleiro   Na segunda feira dia dezesseis de julho aconteceu no Centro de Engenharias da UFPel – CEng, a palestra: Da Adversidade para a Diversidade: O Espaço de Jovens Negras no Mercado de Trabalho, contando com a presença de três jovens negras que atuam na área da Engenharia,…

X Edição do SECONEP, 2018. &#8211; 21, 23 e 25 de Novembro de 2018

Acads.  Lourivaldo Junior e Marcela Lima O Seminário da Consciência Negra de Pelotas - SECONEP - evento organizado e realizado anualmente por estudantes e servidores da UFPel, além da sociedade civil, completa em 2018 seus 10 anos. A importância de se realizar um evento como este é o fato de…

IFSUL DE PELOTAS INAUGURA SALA DE AÇÕES AFIRMATIVAS E DIVERSIDADE 12/09/2018

Pelas Acads. Marcela Lima e Isadora Caleiro Aconteceu na tarde de quarta-feira (12 de setembro de 2018), a inauguração da Sala dos Núcleos de Ações Afirmativas  do IFSul da cidade Pelotas, na qual foram instalados o NUGED (Núcleo de Gênero e Diversidade), NEABI (Núcleo de Estudos Afro e Indígenas) e…

Direito e Emancipação : Por uma Interpretação Libertária da Norma/ 2018 &#8211; 23 de Maio

O evento que aconteceu na quarta-feira, 23 de Maio, falou sobre o “dia depois da abolição da escravatura” Realizado no prédio do Direito da Ufpel, o evento ministrado por três palestrantes Advogados. Dr. Fábio Gonçalves, Dra. Rosângela Minho e Dr. Antônio Carlos Rosa, contou com apresentação musical feita pela Profª…

Bem-vindo a Pelotas! Seja muito bem-vindo à cidade de Pelotas, um lugar rico em história, cultura e com uma atmosfera acolhedora que será o seu novo lar durante a jornada acadêmica. Situada no sul do Brasil, Pelotas é conhecida por seu patrimônio arquitetônico, suas tradições culturais e pela hospitalidade de…
