{"id":3055,"date":"2022-04-07T09:55:15","date_gmt":"2022-04-07T12:55:15","guid":{"rendered":"https:\/\/wp.ufpel.edu.br\/naaf\/?page_id=3055"},"modified":"2022-04-18T11:14:55","modified_gmt":"2022-04-18T14:14:55","slug":"documentos-para-matricula-no-processo-seletivo-especial","status":"publish","type":"page","link":"https:\/\/wp.ufpel.edu.br\/naaf\/documentos-para-matricula-no-processo-seletivo-especial\/","title":{"rendered":"Processo Seletivo Especial para Comunidades Quilombolas e Povos Ind\u00edgenas"},"content":{"rendered":"<p><strong>EM PDF:<\/strong><\/p>\n<ul>\n<li><a href=\"https:\/\/wp.ufpel.edu.br\/naaf\/files\/2022\/04\/DECLARACAO-DE-PERTENCIMENTO-ETNICO-E-DE-RESIDENCIA-Quilombolas.pdf\">Declara\u00e7\u00e3o de Pertencimento \u00c9tnico e de Resid\u00eancia &#8211; <strong>QUILOMBOLAS<\/strong><\/a><\/li>\n<li><a href=\"https:\/\/wp.ufpel.edu.br\/naaf\/files\/2022\/04\/DECLARACAO-DE-PERTENCIMENTO-ETNICO-E-RESIDENCIA-Indigenas.pdf\" target=\"_blank\" rel=\"noopener\">Declara\u00e7\u00e3o de Pertencimento \u00c9tnico e de Resid\u00eancia &#8211; <strong>IND\u00cdGENAS<\/strong><\/a><\/li>\n<li><a href=\"https:\/\/wp.ufpel.edu.br\/naaf\/files\/2022\/04\/AUTODECLARACAO-Quilombolas.pdf\">Autodeclara\u00e7\u00e3o &#8211; <strong>QUILOMBOLAS<\/strong><\/a><\/li>\n<li><a href=\"https:\/\/wp.ufpel.edu.br\/naaf\/files\/2022\/04\/AUTODECLARACAO-Indigenas.pdf\">Autodeclara\u00e7\u00e3o &#8211; <strong>IND\u00cdGENAS<\/strong><\/a><\/li>\n<\/ul>\n<p>&nbsp;<\/p>\n<p><strong>EM WORD:<\/strong><a href=\"https:\/\/wp.ufpel.edu.br\/naaf\/files\/2022\/04\/DECLARACAO-DE-PERTENCIMENTO-ETNICO-E-DE-RESIDENCIA-Quilombolas.docx\">\u00a0<\/a><\/p>\n<ul>\n<li><a href=\"https:\/\/wp.ufpel.edu.br\/naaf\/files\/2022\/04\/DECLARACAO-DE-PERTENCIMENTO-ETNICO-E-RESIDENCIA-Indigenas.docx\">Declara\u00e7\u00e3o de Pertencimento \u00c9tnico e de Resid\u00eancia &#8211; <strong>IND\u00cdGENAS<\/strong><\/a><\/li>\n<li><a href=\"https:\/\/wp.ufpel.edu.br\/naaf\/files\/2022\/04\/DECLARACAO-DE-PERTENCIMENTO-ETNICO-E-DE-RESIDENCIA-Quilombolas.docx\">Declara\u00e7\u00e3o de Pertencimento \u00c9tnico e de Resid\u00eancia &#8211; <strong>QUILOMBOLAS<\/strong><\/a><\/li>\n<li><a href=\"https:\/\/wp.ufpel.edu.br\/naaf\/files\/2022\/04\/AUTODECLARACAO-Indigenas.docx\">Autodeclara\u00e7\u00e3o &#8211; <strong>IND\u00cdGENAS<\/strong><\/a><\/li>\n<li><a href=\"https:\/\/wp.ufpel.edu.br\/naaf\/files\/2022\/04\/AUTODECLARACAO-Quilombolas.docx\">Autodeclara\u00e7\u00e3o &#8211; <strong>QUILOMBOLAS<\/strong><\/a><\/li>\n<\/ul>\n<p>&nbsp;<\/p>\n<p>&nbsp;<\/p>\n","protected":false},"excerpt":{"rendered":"<p>EM PDF: Declara\u00e7\u00e3o de Pertencimento \u00c9tnico e de Resid\u00eancia &#8211; QUILOMBOLAS Declara\u00e7\u00e3o de Pertencimento \u00c9tnico e de Resid\u00eancia &#8211; IND\u00cdGENAS Autodeclara\u00e7\u00e3o &#8211; QUILOMBOLAS Autodeclara\u00e7\u00e3o &#8211; IND\u00cdGENAS &nbsp; EM WORD:\u00a0 Declara\u00e7\u00e3o de Pertencimento \u00c9tnico e de Resid\u00eancia &#8211; IND\u00cdGENAS Declara\u00e7\u00e3o de Pertencimento \u00c9tnico e de Resid\u00eancia &#8211; QUILOMBOLAS Autodeclara\u00e7\u00e3o &#8211; IND\u00cdGENAS Autodeclara\u00e7\u00e3o &#8211; QUILOMBOLAS &nbsp; &nbsp;<\/p>\n","protected":false},"author":1133,"featured_media":0,"parent":0,"menu_order":0,"comment_status":"closed","ping_status":"closed","template":"","meta":{"jetpack_post_was_ever_published":false,"footnotes":""},"class_list":["post-3055","page","type-page","status-publish","hentry","nodate","item-wrap"],"jetpack_sharing_enabled":true,"jetpack_shortlink":"https:\/\/wp.me\/P9uOP6-Nh","jetpack_likes_enabled":true,"jetpack-related-posts":[{"id":4704,"url":"https:\/\/wp.ufpel.edu.br\/naaf\/auxilios-2\/","url_meta":{"origin":3055,"position":0},"title":"Aux\u00edlios","author":"nuaad","date":"12\/09\/2024","format":false,"excerpt":"a) Aux\u00edlio Moradia \u00c9 um valor depositado mensalmente na conta corrente do estudante para auxiliar no pagamento de aluguel na cidade de Pelotas. O Programa de Aux\u00edlio Moradia (PAM) n\u00e3o pode ser solicitado concomitantemente ao Aux\u00edlio Deslocamento e ao Programa de Moradia Estudantil. Valor do aux\u00edlio: R$600, 00 mensais. Documenta\u00e7\u00e3o:\u2026","rel":"","context":"Post similar","block_context":{"text":"Post similar","link":""},"img":{"alt_text":"","src":"https:\/\/i0.wp.com\/wp.ufpel.edu.br\/naaf\/files\/2024\/09\/Captura-de-Tela-2024-09-12-a%CC%80s-14.37.33-400x221.png?resize=350%2C200&ssl=1","width":350,"height":200,"srcset":"https:\/\/i0.wp.com\/wp.ufpel.edu.br\/naaf\/files\/2024\/09\/Captura-de-Tela-2024-09-12-a%CC%80s-14.37.33-400x221.png?resize=350%2C200&ssl=1 1x, https:\/\/i0.wp.com\/wp.ufpel.edu.br\/naaf\/files\/2024\/09\/Captura-de-Tela-2024-09-12-a%CC%80s-14.37.33-400x221.png?resize=525%2C300&ssl=1 1.5x"},"classes":[]},{"id":4714,"url":"https:\/\/wp.ufpel.edu.br\/naaf\/bolsas\/","url_meta":{"origin":3055,"position":1},"title":"Bolsas","author":"nuaad","date":"12\/09\/2024","format":false,"excerpt":"a) Bolsa Perman\u00eancia MEC O Programa Bolsa Perman\u00eancia\/PBP, institu\u00eddo pela Portaria MEC n\u00ba 389, de 9 de maio de 2013, alterada pela Portaria MEC n\u00ba 1.999, de 10 de novembro de 2023, tem por objetivo minimizar as desigualdades sociais, \u00e9tnico-raciais e contribuir para perman\u00eancia e diploma\u00e7\u00e3o, especialmente dos estudantes de\u2026","rel":"","context":"Post similar","block_context":{"text":"Post similar","link":""},"img":{"alt_text":"","src":"https:\/\/i0.wp.com\/wp.ufpel.edu.br\/naaf\/files\/2024\/09\/Captura-de-Tela-2024-09-12-a%CC%80s-14.35.41-400x217.png?resize=350%2C200&ssl=1","width":350,"height":200,"srcset":"https:\/\/i0.wp.com\/wp.ufpel.edu.br\/naaf\/files\/2024\/09\/Captura-de-Tela-2024-09-12-a%CC%80s-14.35.41-400x217.png?resize=350%2C200&ssl=1 1x, https:\/\/i0.wp.com\/wp.ufpel.edu.br\/naaf\/files\/2024\/09\/Captura-de-Tela-2024-09-12-a%CC%80s-14.35.41-400x217.png?resize=525%2C300&ssl=1 1.5x"},"classes":[]},{"id":245,"url":"https:\/\/wp.ufpel.edu.br\/naaf\/politicas\/pos-graduacao-2\/","url_meta":{"origin":3055,"position":2},"title":"P\u00f3s-Gradua\u00e7\u00e3o","author":"naaf","date":"27\/10\/2017","format":false,"excerpt":"No primeiro semestre de 2017, a UFPel tornou-se uma das primeiras Universidades Federais do pa\u00eds a aprovar uma pol\u00edtica de cotas \u00e9tnico-raciais para a P\u00f3s-Gradua\u00e7\u00e3o. A Resolu\u00e7\u00e3o n\u00ba 05\/2017, do Conselho Universit\u00e1rio (CONSUN) da UFPel, reserva 25% das vagas nos Programas de P\u00f3s-Gradua\u00e7\u00e3o stricto sensu da institui\u00e7\u00e3o para estudantes negros,\u2026","rel":"","context":"Post similar","block_context":{"text":"Post similar","link":""},"img":{"alt_text":"","src":"","width":0,"height":0},"classes":[]},{"id":195,"url":"https:\/\/wp.ufpel.edu.br\/naaf\/politicas\/indigenas-e-quilombolas\/","url_meta":{"origin":3055,"position":3},"title":"Processo Seletivo Espec\u00edfico para Ind\u00edgenas e Quilombolas","author":"naaf","date":"27\/10\/2017","format":false,"excerpt":"Sobre as pol\u00edticas de acesso para estudantes Ind\u00edgenas e Quilombolas A\u00a0Resolu\u00e7\u00e3o n\u00ba 15\/2015, aprovada pelo Conselho Coordenador do Ensino, da Pesquisa e da Extens\u00e3o da UFPel (COCEPE), criou dez vagas espec\u00edficas, destinadas a estudantes provenientes de comunidades ind\u00edgenas e quilombolas. Os estudantes ind\u00edgenas est\u00e3o amparados tamb\u00e9m pela Lei n\u00ba 12.711\/12,\u2026","rel":"","context":"Post similar","block_context":{"text":"Post similar","link":""},"img":{"alt_text":"","src":"","width":0,"height":0},"classes":[]},{"id":2935,"url":"https:\/\/wp.ufpel.edu.br\/naaf\/egressos-indigenas-e-quilombolas\/","url_meta":{"origin":3055,"position":4},"title":"Egressos Ind\u00edgenas e Quilombolas","author":"nuaad","date":"28\/03\/2022","format":false,"excerpt":"A presen\u00e7a das cotas \u00e9tnicas-sociais e dos Processos Seletivos Espec\u00edficos (PSE) para ind\u00edgenas e quilombolas \u00e9 de fundamental import\u00e2ncia para se pensar uma sociedade minimamente mais justa e que promova alguma oportunidade de ascens\u00e3o para esses povos. Por\u00e9m, mesmo ap\u00f3s o ingresso, a perman\u00eancia desses estudantes \u00e9 desafiadora. Devido a\u2026","rel":"","context":"Post similar","block_context":{"text":"Post similar","link":""},"img":{"alt_text":"","src":"","width":0,"height":0},"classes":[]},{"id":61,"url":"https:\/\/wp.ufpel.edu.br\/naaf\/politicas\/","url_meta":{"origin":3055,"position":5},"title":"Pol\u00edticas de A\u00e7\u00f5es Afirmativas da UFPel","author":"naaf","date":"19\/09\/2017","format":false,"excerpt":"Sobre pol\u00edticas de a\u00e7\u00f5es afirmativas Ap\u00f3s um longo per\u00edodo de lutas dos movimentos sociais e implementa\u00e7\u00e3o de pol\u00edticas de n\u00edvel estadual e aut\u00f4nomas em algumas institui\u00e7\u00f5es, as pol\u00edticas de a\u00e7\u00f5es afirmativas nas Institui\u00e7\u00f5es Federais de Ensino Superior (IFES) foram aprovadas em n\u00edvel federal pela Lei 12.711\/12. Esta lei ficou conhecida\u2026","rel":"","context":"Post similar","block_context":{"text":"Post similar","link":""},"img":{"alt_text":"","src":"","width":0,"height":0},"classes":[]}],"_links":{"self":[{"href":"https:\/\/wp.ufpel.edu.br\/naaf\/wp-json\/wp\/v2\/pages\/3055","targetHints":{"allow":["GET"]}}],"collection":[{"href":"https:\/\/wp.ufpel.edu.br\/naaf\/wp-json\/wp\/v2\/pages"}],"about":[{"href":"https:\/\/wp.ufpel.edu.br\/naaf\/wp-json\/wp\/v2\/types\/page"}],"author":[{"embeddable":true,"href":"https:\/\/wp.ufpel.edu.br\/naaf\/wp-json\/wp\/v2\/users\/1133"}],"replies":[{"embeddable":true,"href":"https:\/\/wp.ufpel.edu.br\/naaf\/wp-json\/wp\/v2\/comments?post=3055"}],"version-history":[{"count":13,"href":"https:\/\/wp.ufpel.edu.br\/naaf\/wp-json\/wp\/v2\/pages\/3055\/revisions"}],"predecessor-version":[{"id":3105,"href":"https:\/\/wp.ufpel.edu.br\/naaf\/wp-json\/wp\/v2\/pages\/3055\/revisions\/3105"}],"wp:attachment":[{"href":"https:\/\/wp.ufpel.edu.br\/naaf\/wp-json\/wp\/v2\/media?parent=3055"}],"curies":[{"name":"wp","href":"https:\/\/api.w.org\/{rel}","templated":true}]}}