{"id":2867,"date":"2022-03-22T11:29:48","date_gmt":"2022-03-22T14:29:48","guid":{"rendered":"https:\/\/wp.ufpel.edu.br\/naaf\/?page_id=2867"},"modified":"2022-03-23T09:33:18","modified_gmt":"2022-03-23T12:33:18","slug":"nuaad-participa-politica-nacional-de-saude-integral-da-populacao-negra-dialogos-com-a-renafro-saude","status":"publish","type":"page","link":"https:\/\/wp.ufpel.edu.br\/naaf\/eventos\/eventos-2018\/nuaad-participa-politica-nacional-de-saude-integral-da-populacao-negra-dialogos-com-a-renafro-saude\/","title":{"rendered":"NUAAD Participa: Pol\u00edtica Nacional de Sa\u00fade Integral da Popula\u00e7\u00e3o Negra: Di\u00e1logos com a Renafro Sa\u00fade &#8211; 15 de Julho, 2018"},"content":{"rendered":"<p style=\"text-align: justify\"><span style=\"color: #000000\">No dia 15 de julho de 2018, no Sal\u00e3o Nobre da Prefeitura Municipal de Pelotas, realizou-se o evento sobre: \u201cPol\u00edtica Nacional de Sa\u00fade Integral da Popula\u00e7\u00e3o Negra\u201d, das 8 \u00e0s 12 horas. O evento, que abrangeu toda a popula\u00e7\u00e3o pelotense, se deteve na fortifica\u00e7\u00e3o da informa\u00e7\u00e3o e promo\u00e7\u00e3o sobre a sa\u00fade de trabalhadores, gestores, conselheiros, agentes de sa\u00fade, movimentos sociais e estudantis. Trataram-se assuntos que se fazem presentes no cotidiano e que muitas vezes negligenciamos.<\/span><\/p>\n<p style=\"text-align: justify\"><span style=\"color: #000000\">No Sistema \u00danico de Sa\u00fade (SUS), a\u00a0<b>Pol\u00edtica Nacional de Sa\u00fade Integral da Popula\u00e7\u00e3o Negra<\/b>,\u00a0institu\u00edda pela Portaria n\u00ba 992 de 13 de maio de 2009, visa garantir a equidade e a efetiva\u00e7\u00e3o do direito \u00e0 sa\u00fade de negras e negros. Tendo como marca o reconhecimento do racismo como determinante social das condi\u00e7\u00f5es de sa\u00fade, a Pol\u00edtica estabelece objetivos, diretrizes, estrat\u00e9gias e responsabilidades da gest\u00e3o em todas as esferas,\u00a0com vistas \u00e0 promo\u00e7\u00e3o da equidade em sa\u00fade.<\/span><\/p>\n<p style=\"text-align: justify\"><span style=\"color: #000000\">Entre suas diretrizes e objetivos inclui a\u00e7\u00f5es de cuidado, aten\u00e7\u00e3o, promo\u00e7\u00e3o \u00e0 sa\u00fade e preven\u00e7\u00e3o de doen\u00e7as, bem como de gest\u00e3o participativa, participa\u00e7\u00e3o popular e controle social, produ\u00e7\u00e3o de conhecimento, forma\u00e7\u00e3o e educa\u00e7\u00e3o permanente para trabalhadoras e trabalhadores da sa\u00fade, visando \u00e0 promo\u00e7\u00e3o da equidade em sa\u00fade da popula\u00e7\u00e3o negra.<\/span><\/p>\n<p style=\"text-align: justify\"><span style=\"color: #000000\">Foram abordados os assuntos: Pol\u00edtica Nacional de Sa\u00fade Integral da popula\u00e7\u00e3o negra no contexto das a\u00e7\u00f5es afirmativas; Renafro sa\u00fade: terap\u00eauticas tradicionais e fortalecimento do controle social no SUS e Pol\u00edtica Nacional da Popula\u00e7\u00e3o Negra no Contexto Local.<\/span><\/p>\n<p style=\"text-align: justify\"><span style=\"color: #000000\">Fonte: <a href=\"http:\/\/blog.saude.mg.gov.br\/2017\/03\/21\/sus-voce-conhece-a-politica-nacional-de-saude-integral-da-populacao-negra\/\" target=\"_blank\" rel=\"noopener\">#SUS: Voc\u00ea conhece a Pol\u00edtica Nacional de Sa\u00fade Integral da Popula\u00e7\u00e3o Negra?<\/a><\/span><\/p>\n<p><img loading=\"lazy\" decoding=\"async\" data-attachment-id=\"716\" data-permalink=\"https:\/\/wp.ufpel.edu.br\/naaf\/2090e9c0-f0bf-4b5c-b2c3-caafe491438e\/\" data-orig-file=\"https:\/\/i0.wp.com\/wp.ufpel.edu.br\/naaf\/files\/2018\/06\/2090e9c0-f0bf-4b5c-b2c3-caafe491438e.jpeg?fit=1280%2C960&amp;ssl=1\" data-orig-size=\"1280,960\" data-comments-opened=\"0\" data-image-meta=\"{&quot;aperture&quot;:&quot;0&quot;,&quot;credit&quot;:&quot;&quot;,&quot;camera&quot;:&quot;&quot;,&quot;caption&quot;:&quot;&quot;,&quot;created_timestamp&quot;:&quot;0&quot;,&quot;copyright&quot;:&quot;&quot;,&quot;focal_length&quot;:&quot;0&quot;,&quot;iso&quot;:&quot;0&quot;,&quot;shutter_speed&quot;:&quot;0&quot;,&quot;title&quot;:&quot;&quot;,&quot;orientation&quot;:&quot;0&quot;}\" data-image-title=\"2090e9c0-f0bf-4b5c-b2c3-caafe491438e\" data-image-description=\"\" data-image-caption=\"\" data-medium-file=\"https:\/\/i0.wp.com\/wp.ufpel.edu.br\/naaf\/files\/2018\/06\/2090e9c0-f0bf-4b5c-b2c3-caafe491438e.jpeg?fit=400%2C300&amp;ssl=1\" data-large-file=\"https:\/\/i0.wp.com\/wp.ufpel.edu.br\/naaf\/files\/2018\/06\/2090e9c0-f0bf-4b5c-b2c3-caafe491438e.jpeg?fit=750%2C563&amp;ssl=1\" class=\" wp-image-716 aligncenter\" src=\"https:\/\/i2.wp.com\/wp.ufpel.edu.br\/naaf\/files\/2018\/06\/2090e9c0-f0bf-4b5c-b2c3-caafe491438e.jpeg?resize=476%2C357&amp;ssl=1\" alt=\"\" width=\"476\" height=\"357\" srcset=\"https:\/\/i0.wp.com\/wp.ufpel.edu.br\/naaf\/files\/2018\/06\/2090e9c0-f0bf-4b5c-b2c3-caafe491438e.jpeg?w=1280&amp;ssl=1 1280w, https:\/\/i0.wp.com\/wp.ufpel.edu.br\/naaf\/files\/2018\/06\/2090e9c0-f0bf-4b5c-b2c3-caafe491438e.jpeg?resize=400%2C300&amp;ssl=1 400w, https:\/\/i0.wp.com\/wp.ufpel.edu.br\/naaf\/files\/2018\/06\/2090e9c0-f0bf-4b5c-b2c3-caafe491438e.jpeg?resize=768%2C576&amp;ssl=1 768w, https:\/\/i0.wp.com\/wp.ufpel.edu.br\/naaf\/files\/2018\/06\/2090e9c0-f0bf-4b5c-b2c3-caafe491438e.jpeg?resize=1024%2C768&amp;ssl=1 1024w\" sizes=\"auto, (max-width: 476px) 100vw, 476px\" \/><\/p>\n<h1><\/h1>\n","protected":false},"excerpt":{"rendered":"<p>No dia 15 de julho de 2018, no Sal\u00e3o Nobre da Prefeitura Municipal de Pelotas, realizou-se o evento sobre: \u201cPol\u00edtica Nacional de Sa\u00fade Integral da Popula\u00e7\u00e3o Negra\u201d, das 8 \u00e0s 12 horas. O evento, que abrangeu toda a popula\u00e7\u00e3o pelotense, se deteve na fortifica\u00e7\u00e3o da informa\u00e7\u00e3o e promo\u00e7\u00e3o sobre a sa\u00fade de trabalhadores, gestores, conselheiros, &hellip; <\/p>\n<p><a class=\"more-link btn\" href=\"https:\/\/wp.ufpel.edu.br\/naaf\/eventos\/eventos-2018\/nuaad-participa-politica-nacional-de-saude-integral-da-populacao-negra-dialogos-com-a-renafro-saude\/\">Continue lendo<\/a><\/p>\n","protected":false},"author":1133,"featured_media":0,"parent":2840,"menu_order":7,"comment_status":"closed","ping_status":"closed","template":"","meta":{"jetpack_post_was_ever_published":false,"footnotes":""},"class_list":["post-2867","page","type-page","status-publish","hentry","nodate","item-wrap"],"jetpack_sharing_enabled":true,"jetpack_shortlink":"https:\/\/wp.me\/P9uOP6-Kf","jetpack_likes_enabled":true,"jetpack-related-posts":[{"id":2869,"url":"https:\/\/wp.ufpel.edu.br\/naaf\/eventos\/eventos-2018\/sus-voce-conhece-a-politica-nacional-de-saude-integral-da-populacao-negra\/","url_meta":{"origin":2867,"position":0},"title":"#SUS: Voc\u00ea conhece a Pol\u00edtica Nacional de Sa\u00fade Integral da Popula\u00e7\u00e3o Negra? &#8211; 16 de Julho de 2018","author":"nuaad","date":"22\/03\/2022","format":false,"excerpt":"Acad.\u00a0 Isadora Cardoso Caleiro \u00a0\u00a0Na segunda feira dia dezesseis de julho aconteceu no Centro de Engenharias da UFPel \u2013 CEng, a palestra: Da Adversidade para a Diversidade: O Espa\u00e7o de Jovens Negras no Mercado de Trabalho, contando com a presen\u00e7a de tr\u00eas jovens negras que atuam na \u00e1rea da Engenharia,\u2026","rel":"","context":"Post similar","block_context":{"text":"Post similar","link":""},"img":{"alt_text":"","src":"https:\/\/i0.wp.com\/wp.ufpel.edu.br\/naaf\/files\/2018\/08\/evento-Da-adiversidade-para-a-diversidade-400x267.jpg?resize=350%2C200&ssl=1","width":350,"height":200},"classes":[]},{"id":2878,"url":"https:\/\/wp.ufpel.edu.br\/naaf\/eventos\/eventos-2018\/semana-da-consciencia-negra-de-arroio-grande-edicao-maristela-correa-09-10-e-12-de-novembro-2018\/","url_meta":{"origin":2867,"position":1},"title":"Semana da Consci\u00eancia Negra de Arroio Grande &#8211; Edi\u00e7\u00e3o: MARISTELA CORR\u00caA- 09, 10 e 12 de Novembro, 2018.\u00a0","author":"nuaad","date":"22\/03\/2022","format":false,"excerpt":"Acad. Geiselaine Dias, Lourivaldo Jr. Isadora Caleiro, Marcela Lima e Servidor Damasio Rodrigues O munic\u00edpio de Arroio Grande recebeu a 1\u00aa \u00a0Semana da Consci\u00eancia Negra, no m\u00eas de Novembro, evento que abordou temas como \u00a0educa\u00e7\u00e3o, cultura, sa\u00fade e seguran\u00e7a da comunidade negra arroio-grandense. Foram realizadas palestras, apresenta\u00e7\u00f5es culturais, oficinas did\u00e1tico-pedag\u00f3gicas\u2026","rel":"","context":"Post similar","block_context":{"text":"Post similar","link":""},"img":{"alt_text":"","src":"","width":0,"height":0},"classes":[]},{"id":2865,"url":"https:\/\/wp.ufpel.edu.br\/naaf\/eventos\/eventos-2018\/2o-ed-seminario-discutindo-o-25-de-julho-o-que-eu-tenho-a-ver-com-isso\/","url_meta":{"origin":2867,"position":2},"title":"\u00a02\u00ba Ed. Semin\u00e1rio: Discutindo O 25 De Julho \u2013 O Que Eu Tenho a Ver Com Isso? 26, 27, 28 de Julho de 2018","author":"nuaad","date":"22\/03\/2022","format":false,"excerpt":"Nos dias 26, 27 e 28 de julho, no Audit\u00f3rio T\u00e9rreo do Campus II-ICH, DA Universidade Federal de Pelotas (UFPel), foi realizada a segunda edi\u00e7\u00e3o do Semin\u00e1rio \u201cDiscutindo O 25 De Julho \u2013 O Que Eu Tenho a Ver Com Isso?\u201d, organizado pelo N\u00facleo de A\u00e7\u00f5es Afirmativas e Diversidade (NUAAD),\u2026","rel":"","context":"Post similar","block_context":{"text":"Post similar","link":""},"img":{"alt_text":"","src":"","width":0,"height":0},"classes":[]},{"id":2880,"url":"https:\/\/wp.ufpel.edu.br\/naaf\/eventos\/eventos-2018\/x-edicao-do-seconep-2018\/","url_meta":{"origin":2867,"position":3},"title":"X Edi\u00e7\u00e3o do SECONEP, 2018. &#8211; 21, 23 e 25 de Novembro de 2018","author":"nuaad","date":"22\/03\/2022","format":false,"excerpt":"Acads. \u00a0Lourivaldo Junior e Marcela Lima O Semin\u00e1rio da Consci\u00eancia Negra de Pelotas - SECONEP - evento organizado e realizado anualmente por estudantes e servidores da UFPel, al\u00e9m da sociedade civil, completa em 2018 seus 10 anos. A import\u00e2ncia de se realizar um evento como este \u00e9 o fato de\u2026","rel":"","context":"Post similar","block_context":{"text":"Post similar","link":""},"img":{"alt_text":"","src":"","width":0,"height":0},"classes":[]},{"id":2832,"url":"https:\/\/wp.ufpel.edu.br\/naaf\/eventos\/eventos-2017\/discutindo-o-25-de-julho-o-que-eu-tenho-a-ver-com-isso-24-de-julho-de-2017\/","url_meta":{"origin":2867,"position":4},"title":"Discutindo O 25 De Julho \u2013 O Que Eu Tenho a Ver Com Isso? &#8211; 24 de Julho de 2017","author":"nuaad","date":"22\/03\/2022","format":false,"excerpt":"Percebe-se o quanto \u00e9 necess\u00e1rio o empoderamento das mulheres que vivem na cidade de Pelotas, incluindo estudantes das universidades\/faculdades e a popula\u00e7\u00e3o local. A partir desta demanda o NUAAD prop\u00f4s este evento com o objetivo de informar e\/ou conscientizar seus participantes, a fim de que conscientes e unidXs seja poss\u00edvel\u2026","rel":"","context":"Post similar","block_context":{"text":"Post similar","link":""},"img":{"alt_text":"","src":"https:\/\/i0.wp.com\/wp.ufpel.edu.br\/naaf\/files\/2017\/09\/20258308_1716317298674263_5726712877145438825_n-400x265.jpg?resize=350%2C200&ssl=1","width":350,"height":200},"classes":[]},{"id":2842,"url":"https:\/\/wp.ufpel.edu.br\/naaf\/eventos\/eventos-2018\/evento-ix-seminario-da-consciencia-negra-de-pelotas-seconep-2017-13-a-18-de-novembro\/","url_meta":{"origin":2867,"position":5},"title":"Evento IX Semin\u00e1rio da Consci\u00eancia Negra de Pelotas -SECONEP\/2017 &#8211; 13 \u00e0 18 de Novembro","author":"nuaad","date":"22\/03\/2022","format":false,"excerpt":"Realizado de 13 \u00a0\u00e0 18 de Novembro, no Museu do Doce, localizado no Centro de Pelotas, Pra\u00e7a Cel Pedro Os\u00f3rio, Casar\u00e3o 8. Sendo que no dia 18 foi o encerramento com o nome sempre denominado como Kizomba na Pra\u00e7a - tarde para interagir completamente com atividades art\u00edsticas e comidas e\u2026","rel":"","context":"Post similar","block_context":{"text":"Post similar","link":""},"img":{"alt_text":"","src":"https:\/\/i0.wp.com\/wp.ufpel.edu.br\/naaf\/files\/2018\/06\/23213210_758574631011012_4904965281141643428_o-1.jpg?resize=350%2C200","width":350,"height":200},"classes":[]}],"_links":{"self":[{"href":"https:\/\/wp.ufpel.edu.br\/naaf\/wp-json\/wp\/v2\/pages\/2867","targetHints":{"allow":["GET"]}}],"collection":[{"href":"https:\/\/wp.ufpel.edu.br\/naaf\/wp-json\/wp\/v2\/pages"}],"about":[{"href":"https:\/\/wp.ufpel.edu.br\/naaf\/wp-json\/wp\/v2\/types\/page"}],"author":[{"embeddable":true,"href":"https:\/\/wp.ufpel.edu.br\/naaf\/wp-json\/wp\/v2\/users\/1133"}],"replies":[{"embeddable":true,"href":"https:\/\/wp.ufpel.edu.br\/naaf\/wp-json\/wp\/v2\/comments?post=2867"}],"version-history":[{"count":2,"href":"https:\/\/wp.ufpel.edu.br\/naaf\/wp-json\/wp\/v2\/pages\/2867\/revisions"}],"predecessor-version":[{"id":2894,"href":"https:\/\/wp.ufpel.edu.br\/naaf\/wp-json\/wp\/v2\/pages\/2867\/revisions\/2894"}],"up":[{"embeddable":true,"href":"https:\/\/wp.ufpel.edu.br\/naaf\/wp-json\/wp\/v2\/pages\/2840"}],"wp:attachment":[{"href":"https:\/\/wp.ufpel.edu.br\/naaf\/wp-json\/wp\/v2\/media?parent=2867"}],"curies":[{"name":"wp","href":"https:\/\/api.w.org\/{rel}","templated":true}]}}