{"id":2865,"date":"2022-03-22T11:27:16","date_gmt":"2022-03-22T14:27:16","guid":{"rendered":"https:\/\/wp.ufpel.edu.br\/naaf\/?page_id=2865"},"modified":"2022-03-23T09:32:18","modified_gmt":"2022-03-23T12:32:18","slug":"2o-ed-seminario-discutindo-o-25-de-julho-o-que-eu-tenho-a-ver-com-isso","status":"publish","type":"page","link":"https:\/\/wp.ufpel.edu.br\/naaf\/eventos\/eventos-2018\/2o-ed-seminario-discutindo-o-25-de-julho-o-que-eu-tenho-a-ver-com-isso\/","title":{"rendered":"\u00a02\u00ba Ed. Semin\u00e1rio: Discutindo O 25 De Julho \u2013 O Que Eu Tenho a Ver Com Isso? 26, 27, 28 de Julho de 2018"},"content":{"rendered":"<p style=\"text-align: justify\"><span style=\"color: #000000\"><span style=\"font-weight: 400\">Nos dias 26, 27 e 28 de julho, no Audit\u00f3rio T\u00e9rreo do Campus II-ICH, DA Universidade Federal de Pelotas (UFPel), foi realizada a segunda edi\u00e7\u00e3o do Semin\u00e1rio \u201cDiscutindo O 25 De Julho \u2013 O Que Eu Tenho a Ver Com Isso?\u201d, organizado pelo N\u00facleo de A\u00e7\u00f5es Afirmativas e Diversidade (NUAAD), que tem por fun\u00e7\u00e3o <\/span><span style=\"font-weight: 400\">gerenciar as vagas ocupadas por cotistas ou direcionadas a estes, como tamb\u00e9m promover atividades educativas e informativas<\/span><span style=\"font-weight: 400\"> em parceria com o N\u00facleo de G\u00eanero (NUGEN), que \u00a0desenvolve atividades relacionadas ao gerenciamento das quest\u00f5es relacionadas aos conflitos e integra\u00e7\u00e3o entre multig\u00eaneros na Universidade. Ambos os n\u00facleos fazem parte da estrutura da Coordena\u00e7\u00e3o de Inclus\u00e3o e Diversidade (CID), da UFPel.<\/span><\/span><\/p>\n<p style=\"text-align: justify\"><span style=\"color: #000000\"><span style=\"font-weight: 400\">No seu segundo ano consecutivo o evento contou com as presen\u00e7as ilustres das palestrantes Ana Paula, Ledeci Coutinho, Lisiane Lemos Kaastrup, Sirley Amaro e Tha\u00edse Mendes Farias, que apresentaram \u00e0 popula\u00e7\u00e3o acad\u00eamica e comunidade em geral assuntos relacionados \u00e0 mulher negra, como \u00a0Educa\u00e7\u00e3o, Empreendedorismo, Tecnologia, Ativismo, Viol\u00eancia Dom\u00e9stica, Sa\u00fade Mental e \u00cdcones Negros. <\/span><span style=\"font-weight: 400\">Foi destacada a import\u00e2ncia da presen\u00e7a de mulheres negras na Universidade e conscientizou-se os alunos sobre as dificuldades que elas encontram no dia a dia, resultantes dos preconceitos raciais e de g\u00eanero.<\/span><\/span><\/p>\n<p style=\"text-align: justify\"><span style=\"font-weight: 400;color: #000000\">O Semin\u00e1rio foi de grande import\u00e2ncia e pode incentivar v\u00e1rias mulheres em rela\u00e7\u00e3o ao empoderamento, resist\u00eancia e persist\u00eancia, n\u00e3o s\u00f3 pelas palestras e o momento cultural que contou com a apresenta\u00e7\u00e3o da CIA Filhos de Tereza e o desfile com as roupas africanas do projeto Kanimambo, mas tamb\u00e9m por ter dado a oportunidade de fala \u00e0s mulheres negras que puderam se identificar umas com as outras. O Evento p\u00f4de ser acompanhado presencialmente e atrav\u00e9s da transmiss\u00e3o ao vivo que ocorreu via Rede Social: \u201cOutras Vozes\u201d.<\/span><\/p>\n<p style=\"text-align: justify\"><span style=\"font-weight: 400;color: #000000\">O NUAAD gostaria de enfatizar a import\u00e2ncia da parceria com o NUGEN para a realiza\u00e7\u00e3o do Evento. Os dois N\u00facleos cuidam de assuntos relacionados \u00e0s minorias na Universidade e visam acolher estes grupos. Al\u00e9m disso, \u00e9 preciso agradecer ao ICH por ter oferecido seu espa\u00e7o por tr\u00eas dias para sediar o Semin\u00e1rio, ao Caf\u00e9 35 e a SECULT pelos patroc\u00ednios cedidos e a todas as pessoas e setores da Universidade Federal de Pelotas que ajudaram de alguma forma na organiza\u00e7\u00e3o do Evento.<\/span><\/p>\n","protected":false},"excerpt":{"rendered":"<p>Nos dias 26, 27 e 28 de julho, no Audit\u00f3rio T\u00e9rreo do Campus II-ICH, DA Universidade Federal de Pelotas (UFPel), foi realizada a segunda edi\u00e7\u00e3o do Semin\u00e1rio \u201cDiscutindo O 25 De Julho \u2013 O Que Eu Tenho a Ver Com Isso?\u201d, organizado pelo N\u00facleo de A\u00e7\u00f5es Afirmativas e Diversidade (NUAAD), que tem por fun\u00e7\u00e3o gerenciar &hellip; <\/p>\n<p><a class=\"more-link btn\" href=\"https:\/\/wp.ufpel.edu.br\/naaf\/eventos\/eventos-2018\/2o-ed-seminario-discutindo-o-25-de-julho-o-que-eu-tenho-a-ver-com-isso\/\">Continue lendo<\/a><\/p>\n","protected":false},"author":1133,"featured_media":0,"parent":2840,"menu_order":5,"comment_status":"closed","ping_status":"closed","template":"","meta":{"jetpack_post_was_ever_published":false,"footnotes":""},"class_list":["post-2865","page","type-page","status-publish","hentry","nodate","item-wrap"],"jetpack_sharing_enabled":true,"jetpack_shortlink":"https:\/\/wp.me\/P9uOP6-Kd","jetpack_likes_enabled":true,"jetpack-related-posts":[{"id":2832,"url":"https:\/\/wp.ufpel.edu.br\/naaf\/eventos\/eventos-2017\/discutindo-o-25-de-julho-o-que-eu-tenho-a-ver-com-isso-24-de-julho-de-2017\/","url_meta":{"origin":2865,"position":0},"title":"Discutindo O 25 De Julho \u2013 O Que Eu Tenho a Ver Com Isso? &#8211; 24 de Julho de 2017","author":"nuaad","date":"22\/03\/2022","format":false,"excerpt":"Percebe-se o quanto \u00e9 necess\u00e1rio o empoderamento das mulheres que vivem na cidade de Pelotas, incluindo estudantes das universidades\/faculdades e a popula\u00e7\u00e3o local. A partir desta demanda o NUAAD prop\u00f4s este evento com o objetivo de informar e\/ou conscientizar seus participantes, a fim de que conscientes e unidXs seja poss\u00edvel\u2026","rel":"","context":"Post similar","block_context":{"text":"Post similar","link":""},"img":{"alt_text":"","src":"https:\/\/i0.wp.com\/wp.ufpel.edu.br\/naaf\/files\/2017\/09\/20258308_1716317298674263_5726712877145438825_n-400x265.jpg?resize=350%2C200&ssl=1","width":350,"height":200},"classes":[]},{"id":2861,"url":"https:\/\/wp.ufpel.edu.br\/naaf\/eventos\/eventos-2018\/nuaad-na-radiocom-a-importancia-das-cotas-como-instrumento-de-reparacao-social-na-historica-2018-26-de-maio\/","url_meta":{"origin":2865,"position":1},"title":"NUAAD na R\u00e1diocom, a Import\u00e2ncia das Cotas como Instrumento de Repara\u00e7\u00e3o Social na Hist\u00f3rica\/ 2018 &#8211; 26 de Maio","author":"nuaad","date":"22\/03\/2022","format":false,"excerpt":"O programa apresentado por Felipe Souza, no dia 26\/05, na R\u00e1dioCom , contou com a significativa participa\u00e7\u00e3o das entrevistadas Beatriz Helena Mendes da Silva, Bacharel em Antropologia pela UFPEL e Rosemar Gomes Lemos, Professora Associada da UFPEL, Chefe do N\u00facleo de A\u00e7\u00f5es Afirmativas e Diversidade (NUAAD) ambas contribu\u00edram com as\u2026","rel":"","context":"Post similar","block_context":{"text":"Post similar","link":""},"img":{"alt_text":"","src":"https:\/\/i0.wp.com\/wp.ufpel.edu.br\/naaf\/files\/2018\/06\/32242c2b-6d13-4b62-a03a-cad70444a8b2.jpeg?resize=350%2C200","width":350,"height":200,"srcset":"https:\/\/i0.wp.com\/wp.ufpel.edu.br\/naaf\/files\/2018\/06\/32242c2b-6d13-4b62-a03a-cad70444a8b2.jpeg?resize=350%2C200 1x, https:\/\/i0.wp.com\/wp.ufpel.edu.br\/naaf\/files\/2018\/06\/32242c2b-6d13-4b62-a03a-cad70444a8b2.jpeg?resize=525%2C300 1.5x, https:\/\/i0.wp.com\/wp.ufpel.edu.br\/naaf\/files\/2018\/06\/32242c2b-6d13-4b62-a03a-cad70444a8b2.jpeg?resize=700%2C400 2x"},"classes":[]},{"id":2875,"url":"https:\/\/wp.ufpel.edu.br\/naaf\/eventos\/eventos-2018\/foto-coletiva-dos-negros-e-negras-da-ufpel-20-de-novembro-2018\/","url_meta":{"origin":2865,"position":2},"title":"Foto coletiva dos Negros e Negras da UFPel &#8211; 20 de Novembro, 2018","author":"nuaad","date":"22\/03\/2022","format":false,"excerpt":"SIM, REPRESENTATIVIDADE IMPORTA! E ESTAMOS AQUI! E \u00e9 por isso, que n\u00f3s da Universidade Federal de Pelotas, nos espelhamos nos eventos da UFRGS, para mostrar que a UFPEL, tem sim, um grande n\u00famero de alunos negros e que somos resist\u00eancia! Portanto, convidamos docentes, discentes, servidores e terceirizadxs negrxs a se\u2026","rel":"","context":"Post similar","block_context":{"text":"Post similar","link":""},"img":{"alt_text":"","src":"https:\/\/i0.wp.com\/wp.ufpel.edu.br\/naaf\/files\/2018\/12\/FOTO-TWO-NEGROS-20-DE-NOV.jpg?resize=350%2C200","width":350,"height":200,"srcset":"https:\/\/i0.wp.com\/wp.ufpel.edu.br\/naaf\/files\/2018\/12\/FOTO-TWO-NEGROS-20-DE-NOV.jpg?resize=350%2C200 1x, https:\/\/i0.wp.com\/wp.ufpel.edu.br\/naaf\/files\/2018\/12\/FOTO-TWO-NEGROS-20-DE-NOV.jpg?resize=525%2C300 1.5x, https:\/\/i0.wp.com\/wp.ufpel.edu.br\/naaf\/files\/2018\/12\/FOTO-TWO-NEGROS-20-DE-NOV.jpg?resize=700%2C400 2x"},"classes":[]},{"id":4689,"url":"https:\/\/wp.ufpel.edu.br\/naaf\/sobre-nos\/","url_meta":{"origin":2865,"position":3},"title":"Sobre n\u00f3s","author":"nuaad","date":"06\/09\/2024","format":false,"excerpt":"O N\u00facleo de A\u00e7\u00f5es Afirmativas e Diversidade desenvolve atividades relacionadas ao gerenciamento das vagas ocupadas por cotistas ou direcionadas a estes; atividades educativas e informativas nas escolas p\u00fablicas de Educa\u00e7\u00e3o B\u00e1sica, bem como a promo\u00e7\u00e3o de eventos que permitam a aproxima\u00e7\u00e3o da Universidade e a inclus\u00e3o de ind\u00edgenas e quilombolas\u2026","rel":"","context":"Post similar","block_context":{"text":"Post similar","link":""},"img":{"alt_text":"","src":"","width":0,"height":0},"classes":[]},{"id":2869,"url":"https:\/\/wp.ufpel.edu.br\/naaf\/eventos\/eventos-2018\/sus-voce-conhece-a-politica-nacional-de-saude-integral-da-populacao-negra\/","url_meta":{"origin":2865,"position":4},"title":"#SUS: Voc\u00ea conhece a Pol\u00edtica Nacional de Sa\u00fade Integral da Popula\u00e7\u00e3o Negra? &#8211; 16 de Julho de 2018","author":"nuaad","date":"22\/03\/2022","format":false,"excerpt":"Acad.\u00a0 Isadora Cardoso Caleiro \u00a0\u00a0Na segunda feira dia dezesseis de julho aconteceu no Centro de Engenharias da UFPel \u2013 CEng, a palestra: Da Adversidade para a Diversidade: O Espa\u00e7o de Jovens Negras no Mercado de Trabalho, contando com a presen\u00e7a de tr\u00eas jovens negras que atuam na \u00e1rea da Engenharia,\u2026","rel":"","context":"Post similar","block_context":{"text":"Post similar","link":""},"img":{"alt_text":"","src":"https:\/\/i0.wp.com\/wp.ufpel.edu.br\/naaf\/files\/2018\/08\/evento-Da-adiversidade-para-a-diversidade-400x267.jpg?resize=350%2C200&ssl=1","width":350,"height":200},"classes":[]},{"id":2844,"url":"https:\/\/wp.ufpel.edu.br\/naaf\/eventos\/eventos-2018\/curso-de-capacitacao-promovido-pelo-nuaad-para-comissao-de-verificacao-de-alunos-e-servidores-ingressantes-na-ufpel-via-cotas-raciais\/","url_meta":{"origin":2865,"position":5},"title":"Curso de Capacita\u00e7\u00e3o promovido pelo NUAAD, para Comiss\u00e3o de Verifica\u00e7\u00e3o de alunos e servidores ingressantes na UFPel via Cotas Raciais.\u00a025 e 26 de Janeiro de 2018 \u00a0\u00a0","author":"nuaad","date":"22\/03\/2022","format":false,"excerpt":"Acad\u00eamica Geiselaine Dias e Servidor Damasio Duval \u00a0\u00a0\u00a0\u00a0\u00a0\u00a0\u00a0\u00a0\u00a0\u00a0\u00a0\u00a0\u00a0\u00a0\u00a0\u00a0\u00a0\u00a0\u00a0\u00a0\u00a0\u00a0\u00a0\u00a0\u00a0\u00a0\u00a0\u00a0\u00a0\u00a0\u00a0\u00a0\u00a0\u00a0\u00a0\u00a0\u00a0\u00a0\u00a0\u00a0\u00a0 \u00a0 \u00a0 \u00a0 \u00a0 \u00a0 \u00a0 \u00a0 \u00a0 \u00a0 \u00a0\u00a0 O N\u00facleo de A\u00e7\u00f5es Afirmativas e Diversidade da UFPel, realizou, nos dias 25 e 26 de janeiro, o Curso de Capacita\u00e7\u00e3o para Comiss\u00f5es de Heteroidentifica\u00e7\u00e3o, no pr\u00e9dio Lyceu Rio-grandense - \u00a0Sala do\u2026","rel":"","context":"Post similar","block_context":{"text":"Post similar","link":""},"img":{"alt_text":"","src":"","width":0,"height":0},"classes":[]}],"_links":{"self":[{"href":"https:\/\/wp.ufpel.edu.br\/naaf\/wp-json\/wp\/v2\/pages\/2865","targetHints":{"allow":["GET"]}}],"collection":[{"href":"https:\/\/wp.ufpel.edu.br\/naaf\/wp-json\/wp\/v2\/pages"}],"about":[{"href":"https:\/\/wp.ufpel.edu.br\/naaf\/wp-json\/wp\/v2\/types\/page"}],"author":[{"embeddable":true,"href":"https:\/\/wp.ufpel.edu.br\/naaf\/wp-json\/wp\/v2\/users\/1133"}],"replies":[{"embeddable":true,"href":"https:\/\/wp.ufpel.edu.br\/naaf\/wp-json\/wp\/v2\/comments?post=2865"}],"version-history":[{"count":3,"href":"https:\/\/wp.ufpel.edu.br\/naaf\/wp-json\/wp\/v2\/pages\/2865\/revisions"}],"predecessor-version":[{"id":2901,"href":"https:\/\/wp.ufpel.edu.br\/naaf\/wp-json\/wp\/v2\/pages\/2865\/revisions\/2901"}],"up":[{"embeddable":true,"href":"https:\/\/wp.ufpel.edu.br\/naaf\/wp-json\/wp\/v2\/pages\/2840"}],"wp:attachment":[{"href":"https:\/\/wp.ufpel.edu.br\/naaf\/wp-json\/wp\/v2\/media?parent=2865"}],"curies":[{"name":"wp","href":"https:\/\/api.w.org\/{rel}","templated":true}]}}