{"id":2830,"date":"2022-03-22T10:53:06","date_gmt":"2022-03-22T13:53:06","guid":{"rendered":"https:\/\/wp.ufpel.edu.br\/naaf\/?page_id=2830"},"modified":"2022-03-23T09:19:44","modified_gmt":"2022-03-23T12:19:44","slug":"palestra-a-insercao-do-negro-na-engenharia-e-no-mercado-de-trabalho-15-de-maio-de-2017","status":"publish","type":"page","link":"https:\/\/wp.ufpel.edu.br\/naaf\/eventos\/eventos-2017\/palestra-a-insercao-do-negro-na-engenharia-e-no-mercado-de-trabalho-15-de-maio-de-2017\/","title":{"rendered":"Palestra: A Inser\u00e7\u00e3o do Negro na Engenharia e no Mercado de Trabalho &#8211; 15 de Maio de 2017"},"content":{"rendered":"<p><span style=\"color: #000000\">O Grupo de Estudo do CENG: Exatas Diversidades Afro Ind\u00edgena Brasileiras &#8211; ProEDAI, realizou no dia 15 de Maio a palestra: A Inser\u00e7\u00e3o do Negro na Engenharia e no Mercado de Trabalho, o\u00a0palestrante do evento foi o professor <strong>Roberlaine Ribeiro Jorge<\/strong>, Diretor do Campus Alegrete da UNIPAMPA. Este evento faz parte do Projeto de Ensino ProEDAI, que tem como objetivo integrar e dar apoio pedag\u00f3gico aos alunos cotistas das modalidades L2 e L4 do Centro de Engenharias.<\/span><\/p>\n<p><span style=\"color: #000000\"><strong>Fotos:<\/strong><\/span><\/p>\n<p><span style=\"color: #000000\"><strong><a style=\"color: #000000\" href=\"https:\/\/i0.wp.com\/wp.ufpel.edu.br\/naaf\/files\/2017\/09\/18451362_1691632694188204_6419659562097589787_o.jpg?ssl=1\"><img data-recalc-dims=\"1\" loading=\"lazy\" decoding=\"async\" data-attachment-id=\"255\" data-permalink=\"https:\/\/wp.ufpel.edu.br\/naaf\/eventos\/18451362_1691632694188204_6419659562097589787_o\/\" data-orig-file=\"https:\/\/i0.wp.com\/wp.ufpel.edu.br\/naaf\/files\/2017\/09\/18451362_1691632694188204_6419659562097589787_o.jpg?fit=2048%2C1239&amp;ssl=1\" data-orig-size=\"2048,1239\" data-comments-opened=\"0\" data-image-meta=\"{&quot;aperture&quot;:&quot;0&quot;,&quot;credit&quot;:&quot;&quot;,&quot;camera&quot;:&quot;&quot;,&quot;caption&quot;:&quot;&quot;,&quot;created_timestamp&quot;:&quot;0&quot;,&quot;copyright&quot;:&quot;&quot;,&quot;focal_length&quot;:&quot;0&quot;,&quot;iso&quot;:&quot;0&quot;,&quot;shutter_speed&quot;:&quot;0&quot;,&quot;title&quot;:&quot;&quot;,&quot;orientation&quot;:&quot;0&quot;}\" data-image-title=\"18451362_1691632694188204_6419659562097589787_o\" data-image-description=\"\" data-image-caption=\"\" data-medium-file=\"https:\/\/i0.wp.com\/wp.ufpel.edu.br\/naaf\/files\/2017\/09\/18451362_1691632694188204_6419659562097589787_o.jpg?fit=400%2C242&amp;ssl=1\" data-large-file=\"https:\/\/i0.wp.com\/wp.ufpel.edu.br\/naaf\/files\/2017\/09\/18451362_1691632694188204_6419659562097589787_o.jpg?fit=750%2C454&amp;ssl=1\" class=\"alignnone wp-image-255\" src=\"https:\/\/i0.wp.com\/wp.ufpel.edu.br\/naaf\/files\/2017\/09\/18451362_1691632694188204_6419659562097589787_o.jpg?resize=258%2C156&#038;ssl=1\" alt=\"\" width=\"258\" height=\"156\" srcset=\"https:\/\/i0.wp.com\/wp.ufpel.edu.br\/naaf\/files\/2017\/09\/18451362_1691632694188204_6419659562097589787_o.jpg?resize=400%2C242&amp;ssl=1 400w, https:\/\/i0.wp.com\/wp.ufpel.edu.br\/naaf\/files\/2017\/09\/18451362_1691632694188204_6419659562097589787_o.jpg?resize=768%2C465&amp;ssl=1 768w, https:\/\/i0.wp.com\/wp.ufpel.edu.br\/naaf\/files\/2017\/09\/18451362_1691632694188204_6419659562097589787_o.jpg?resize=1024%2C620&amp;ssl=1 1024w, https:\/\/i0.wp.com\/wp.ufpel.edu.br\/naaf\/files\/2017\/09\/18451362_1691632694188204_6419659562097589787_o.jpg?w=2048&amp;ssl=1 2048w, https:\/\/i0.wp.com\/wp.ufpel.edu.br\/naaf\/files\/2017\/09\/18451362_1691632694188204_6419659562097589787_o.jpg?w=1500&amp;ssl=1 1500w\" sizes=\"auto, (max-width: 258px) 100vw, 258px\" \/>\u00a0\u00a0 <\/a><a style=\"color: #000000\" href=\"https:\/\/i0.wp.com\/wp.ufpel.edu.br\/naaf\/files\/2017\/09\/18489611_1691632904188183_734133055006932568_o.jpg?ssl=1\"><img data-recalc-dims=\"1\" loading=\"lazy\" decoding=\"async\" data-attachment-id=\"257\" data-permalink=\"https:\/\/wp.ufpel.edu.br\/naaf\/eventos\/18489611_1691632904188183_734133055006932568_o\/\" data-orig-file=\"https:\/\/i0.wp.com\/wp.ufpel.edu.br\/naaf\/files\/2017\/09\/18489611_1691632904188183_734133055006932568_o.jpg?fit=2048%2C1365&amp;ssl=1\" data-orig-size=\"2048,1365\" data-comments-opened=\"0\" data-image-meta=\"{&quot;aperture&quot;:&quot;0&quot;,&quot;credit&quot;:&quot;&quot;,&quot;camera&quot;:&quot;&quot;,&quot;caption&quot;:&quot;&quot;,&quot;created_timestamp&quot;:&quot;0&quot;,&quot;copyright&quot;:&quot;&quot;,&quot;focal_length&quot;:&quot;0&quot;,&quot;iso&quot;:&quot;0&quot;,&quot;shutter_speed&quot;:&quot;0&quot;,&quot;title&quot;:&quot;&quot;,&quot;orientation&quot;:&quot;0&quot;}\" data-image-title=\"18489611_1691632904188183_734133055006932568_o\" data-image-description=\"\" data-image-caption=\"\" data-medium-file=\"https:\/\/i0.wp.com\/wp.ufpel.edu.br\/naaf\/files\/2017\/09\/18489611_1691632904188183_734133055006932568_o.jpg?fit=400%2C267&amp;ssl=1\" data-large-file=\"https:\/\/i0.wp.com\/wp.ufpel.edu.br\/naaf\/files\/2017\/09\/18489611_1691632904188183_734133055006932568_o.jpg?fit=750%2C500&amp;ssl=1\" class=\"wp-image-257 alignnone\" src=\"https:\/\/i0.wp.com\/wp.ufpel.edu.br\/naaf\/files\/2017\/09\/18489611_1691632904188183_734133055006932568_o.jpg?resize=239%2C159&#038;ssl=1\" alt=\"\" width=\"239\" height=\"159\" srcset=\"https:\/\/i0.wp.com\/wp.ufpel.edu.br\/naaf\/files\/2017\/09\/18489611_1691632904188183_734133055006932568_o.jpg?resize=400%2C267&amp;ssl=1 400w, https:\/\/i0.wp.com\/wp.ufpel.edu.br\/naaf\/files\/2017\/09\/18489611_1691632904188183_734133055006932568_o.jpg?resize=768%2C512&amp;ssl=1 768w, https:\/\/i0.wp.com\/wp.ufpel.edu.br\/naaf\/files\/2017\/09\/18489611_1691632904188183_734133055006932568_o.jpg?resize=1024%2C683&amp;ssl=1 1024w, https:\/\/i0.wp.com\/wp.ufpel.edu.br\/naaf\/files\/2017\/09\/18489611_1691632904188183_734133055006932568_o.jpg?w=2048&amp;ssl=1 2048w, https:\/\/i0.wp.com\/wp.ufpel.edu.br\/naaf\/files\/2017\/09\/18489611_1691632904188183_734133055006932568_o.jpg?w=1500&amp;ssl=1 1500w\" sizes=\"auto, (max-width: 239px) 100vw, 239px\" \/><\/a>\u00a0\u00a0 <a style=\"color: #000000\" href=\"https:\/\/i0.wp.com\/wp.ufpel.edu.br\/naaf\/files\/2017\/09\/18449683_1691632967521510_4087915675475288855_o.jpg?ssl=1\"><img data-recalc-dims=\"1\" loading=\"lazy\" decoding=\"async\" data-attachment-id=\"254\" data-permalink=\"https:\/\/wp.ufpel.edu.br\/naaf\/eventos\/18449683_1691632967521510_4087915675475288855_o\/\" data-orig-file=\"https:\/\/i0.wp.com\/wp.ufpel.edu.br\/naaf\/files\/2017\/09\/18449683_1691632967521510_4087915675475288855_o.jpg?fit=2196%2C938&amp;ssl=1\" data-orig-size=\"2196,938\" data-comments-opened=\"0\" data-image-meta=\"{&quot;aperture&quot;:&quot;0&quot;,&quot;credit&quot;:&quot;&quot;,&quot;camera&quot;:&quot;&quot;,&quot;caption&quot;:&quot;&quot;,&quot;created_timestamp&quot;:&quot;0&quot;,&quot;copyright&quot;:&quot;&quot;,&quot;focal_length&quot;:&quot;0&quot;,&quot;iso&quot;:&quot;0&quot;,&quot;shutter_speed&quot;:&quot;0&quot;,&quot;title&quot;:&quot;&quot;,&quot;orientation&quot;:&quot;0&quot;}\" data-image-title=\"18449683_1691632967521510_4087915675475288855_o\" data-image-description=\"\" data-image-caption=\"\" data-medium-file=\"https:\/\/i0.wp.com\/wp.ufpel.edu.br\/naaf\/files\/2017\/09\/18449683_1691632967521510_4087915675475288855_o.jpg?fit=400%2C171&amp;ssl=1\" data-large-file=\"https:\/\/i0.wp.com\/wp.ufpel.edu.br\/naaf\/files\/2017\/09\/18449683_1691632967521510_4087915675475288855_o.jpg?fit=750%2C320&amp;ssl=1\" class=\"wp-image-254 alignnone\" src=\"https:\/\/i0.wp.com\/wp.ufpel.edu.br\/naaf\/files\/2017\/09\/18449683_1691632967521510_4087915675475288855_o.jpg?resize=390%2C166&#038;ssl=1\" alt=\"\" width=\"390\" height=\"166\" srcset=\"https:\/\/i0.wp.com\/wp.ufpel.edu.br\/naaf\/files\/2017\/09\/18449683_1691632967521510_4087915675475288855_o.jpg?resize=400%2C171&amp;ssl=1 400w, https:\/\/i0.wp.com\/wp.ufpel.edu.br\/naaf\/files\/2017\/09\/18449683_1691632967521510_4087915675475288855_o.jpg?resize=768%2C328&amp;ssl=1 768w, https:\/\/i0.wp.com\/wp.ufpel.edu.br\/naaf\/files\/2017\/09\/18449683_1691632967521510_4087915675475288855_o.jpg?resize=1024%2C437&amp;ssl=1 1024w, https:\/\/i0.wp.com\/wp.ufpel.edu.br\/naaf\/files\/2017\/09\/18449683_1691632967521510_4087915675475288855_o.jpg?w=1500&amp;ssl=1 1500w\" sizes=\"auto, (max-width: 390px) 100vw, 390px\" \/><\/a><\/strong><\/span><span style=\"color: #000000\"><a style=\"color: #000000\" href=\"https:\/\/i0.wp.com\/wp.ufpel.edu.br\/naaf\/files\/2017\/09\/18342215_1683137658371041_1553969276771628744_n.jpg?ssl=1\"><img data-recalc-dims=\"1\" loading=\"lazy\" decoding=\"async\" data-attachment-id=\"252\" data-permalink=\"https:\/\/wp.ufpel.edu.br\/naaf\/eventos\/18342215_1683137658371041_1553969276771628744_n\/\" data-orig-file=\"https:\/\/i0.wp.com\/wp.ufpel.edu.br\/naaf\/files\/2017\/09\/18342215_1683137658371041_1553969276771628744_n.jpg?fit=960%2C678&amp;ssl=1\" data-orig-size=\"960,678\" data-comments-opened=\"0\" data-image-meta=\"{&quot;aperture&quot;:&quot;0&quot;,&quot;credit&quot;:&quot;&quot;,&quot;camera&quot;:&quot;&quot;,&quot;caption&quot;:&quot;&quot;,&quot;created_timestamp&quot;:&quot;0&quot;,&quot;copyright&quot;:&quot;&quot;,&quot;focal_length&quot;:&quot;0&quot;,&quot;iso&quot;:&quot;0&quot;,&quot;shutter_speed&quot;:&quot;0&quot;,&quot;title&quot;:&quot;&quot;,&quot;orientation&quot;:&quot;0&quot;}\" data-image-title=\"18342215_1683137658371041_1553969276771628744_n\" data-image-description=\"\" data-image-caption=\"\" data-medium-file=\"https:\/\/i0.wp.com\/wp.ufpel.edu.br\/naaf\/files\/2017\/09\/18342215_1683137658371041_1553969276771628744_n.jpg?fit=400%2C283&amp;ssl=1\" data-large-file=\"https:\/\/i0.wp.com\/wp.ufpel.edu.br\/naaf\/files\/2017\/09\/18342215_1683137658371041_1553969276771628744_n.jpg?fit=750%2C530&amp;ssl=1\" class=\"wp-image-252 aligncenter\" src=\"https:\/\/i0.wp.com\/wp.ufpel.edu.br\/naaf\/files\/2017\/09\/18342215_1683137658371041_1553969276771628744_n.jpg?resize=505%2C357&#038;ssl=1\" alt=\"\" width=\"505\" height=\"357\" srcset=\"https:\/\/i0.wp.com\/wp.ufpel.edu.br\/naaf\/files\/2017\/09\/18342215_1683137658371041_1553969276771628744_n.jpg?resize=400%2C283&amp;ssl=1 400w, https:\/\/i0.wp.com\/wp.ufpel.edu.br\/naaf\/files\/2017\/09\/18342215_1683137658371041_1553969276771628744_n.jpg?resize=768%2C542&amp;ssl=1 768w, https:\/\/i0.wp.com\/wp.ufpel.edu.br\/naaf\/files\/2017\/09\/18342215_1683137658371041_1553969276771628744_n.jpg?w=960&amp;ssl=1 960w\" sizes=\"auto, (max-width: 505px) 100vw, 505px\" \/><\/a><\/span><\/p>\n<p>&nbsp;<\/p>\n","protected":false},"excerpt":{"rendered":"<p>O Grupo de Estudo do CENG: Exatas Diversidades Afro Ind\u00edgena Brasileiras &#8211; ProEDAI, realizou no dia 15 de Maio a palestra: A Inser\u00e7\u00e3o do Negro na Engenharia e no Mercado de Trabalho, o\u00a0palestrante do evento foi o professor Roberlaine Ribeiro Jorge, Diretor do Campus Alegrete da UNIPAMPA. Este evento faz parte do Projeto de Ensino &hellip; <\/p>\n<p><a class=\"more-link btn\" href=\"https:\/\/wp.ufpel.edu.br\/naaf\/eventos\/eventos-2017\/palestra-a-insercao-do-negro-na-engenharia-e-no-mercado-de-trabalho-15-de-maio-de-2017\/\">Continue lendo<\/a><\/p>\n","protected":false},"author":1133,"featured_media":0,"parent":2820,"menu_order":4,"comment_status":"closed","ping_status":"closed","template":"","meta":{"jetpack_post_was_ever_published":false,"footnotes":""},"class_list":["post-2830","page","type-page","status-publish","hentry","nodate","item-wrap"],"jetpack_sharing_enabled":true,"jetpack_shortlink":"https:\/\/wp.me\/P9uOP6-JE","jetpack_likes_enabled":true,"jetpack-related-posts":[{"id":2856,"url":"https:\/\/wp.ufpel.edu.br\/naaf\/eventos\/eventos-2018\/direito-e-emancipacao-por-uma-interpretacao-libertaria-da-norma-2018-23-de-maio\/","url_meta":{"origin":2830,"position":0},"title":"Direito e Emancipa\u00e7\u00e3o : Por uma Interpreta\u00e7\u00e3o Libert\u00e1ria da Norma\/ 2018 &#8211; 23 de Maio","author":"nuaad","date":"22\/03\/2022","format":false,"excerpt":"O evento que aconteceu na quarta-feira, 23 de Maio, falou sobre o \u201cdia depois da aboli\u00e7\u00e3o da escravatura\u201d Realizado no pr\u00e9dio do Direito da Ufpel, o evento ministrado por tr\u00eas palestrantes Advogados. Dr. F\u00e1bio Gon\u00e7alves, Dra. Ros\u00e2ngela Minho e Dr. Ant\u00f4nio Carlos Rosa, contou com apresenta\u00e7\u00e3o musical feita pela Prof\u00aa\u2026","rel":"","context":"Post similar","block_context":{"text":"Post similar","link":""},"img":{"alt_text":"","src":"https:\/\/i0.wp.com\/wp.ufpel.edu.br\/naaf\/files\/2018\/06\/36029910_1735821493162727_8335180122961215488_n.jpg?resize=350%2C200","width":350,"height":200,"srcset":"https:\/\/i0.wp.com\/wp.ufpel.edu.br\/naaf\/files\/2018\/06\/36029910_1735821493162727_8335180122961215488_n.jpg?resize=350%2C200 1x, https:\/\/i0.wp.com\/wp.ufpel.edu.br\/naaf\/files\/2018\/06\/36029910_1735821493162727_8335180122961215488_n.jpg?resize=525%2C300 1.5x, https:\/\/i0.wp.com\/wp.ufpel.edu.br\/naaf\/files\/2018\/06\/36029910_1735821493162727_8335180122961215488_n.jpg?resize=700%2C400 2x, https:\/\/i0.wp.com\/wp.ufpel.edu.br\/naaf\/files\/2018\/06\/36029910_1735821493162727_8335180122961215488_n.jpg?resize=1050%2C600 3x, https:\/\/i0.wp.com\/wp.ufpel.edu.br\/naaf\/files\/2018\/06\/36029910_1735821493162727_8335180122961215488_n.jpg?resize=1400%2C800 4x"},"classes":[]},{"id":2869,"url":"https:\/\/wp.ufpel.edu.br\/naaf\/eventos\/eventos-2018\/sus-voce-conhece-a-politica-nacional-de-saude-integral-da-populacao-negra\/","url_meta":{"origin":2830,"position":1},"title":"#SUS: Voc\u00ea conhece a Pol\u00edtica Nacional de Sa\u00fade Integral da Popula\u00e7\u00e3o Negra? &#8211; 16 de Julho de 2018","author":"nuaad","date":"22\/03\/2022","format":false,"excerpt":"Acad.\u00a0 Isadora Cardoso Caleiro \u00a0\u00a0Na segunda feira dia dezesseis de julho aconteceu no Centro de Engenharias da UFPel \u2013 CEng, a palestra: Da Adversidade para a Diversidade: O Espa\u00e7o de Jovens Negras no Mercado de Trabalho, contando com a presen\u00e7a de tr\u00eas jovens negras que atuam na \u00e1rea da Engenharia,\u2026","rel":"","context":"Post similar","block_context":{"text":"Post similar","link":""},"img":{"alt_text":"","src":"https:\/\/i0.wp.com\/wp.ufpel.edu.br\/naaf\/files\/2018\/08\/evento-Da-adiversidade-para-a-diversidade-400x267.jpg?resize=350%2C200&ssl=1","width":350,"height":200},"classes":[]},{"id":2823,"url":"https:\/\/wp.ufpel.edu.br\/naaf\/eventos\/eventos-2017\/palestra-preconceito-racial-e-igualdade-juridica-no-brasil-21-de-marco-de-2017\/","url_meta":{"origin":2830,"position":2},"title":"Palestra: Preconceito Racial e Igualdade Jur\u00eddica no Brasil &#8211; 21 de Mar\u00e7o de 2017","author":"nuaad","date":"22\/03\/2022","format":false,"excerpt":"O NUAAD realizou no dia 21 de Mar\u00e7o a palestra: Preconceito Racial e Igualdade Jur\u00eddica no Brasil, ministrada por Eunice Aparecida de Jesus Prudente (USP) e Marielda Barcellos Medeiros (Ativista do Movimento Negro e Mestre em Educa\u00e7\u00e3o). O evento ocorreu no Sal\u00e3o de Atos da Faculdade Federal de Direito de\u2026","rel":"","context":"Post similar","block_context":{"text":"Post similar","link":""},"img":{"alt_text":"","src":"https:\/\/i0.wp.com\/wp.ufpel.edu.br\/naaf\/files\/2017\/09\/17434673_428778540793716_5764155037675212311_o-400x266.jpg?resize=350%2C200&ssl=1","width":350,"height":200},"classes":[]},{"id":2827,"url":"https:\/\/wp.ufpel.edu.br\/naaf\/eventos\/eventos-2017\/palestra-de-acolhida-aos-alunos-cotistas-ufpel-26-de-abril-de-2017\/","url_meta":{"origin":2830,"position":3},"title":"Palestra de Acolhida aos Alunos Cotistas &#8211; UFPEL &#8211; 26 de Abril de 2017","author":"nuaad","date":"22\/03\/2022","format":false,"excerpt":"O NUAAD realizou no dia 26 de Abril de 2017 uma palestra de Acolhida aos Alunos Cotistas da UFpel ministrada por Frei David (Forma\u00e7\u00e3o Superior em Filosofia e Teologia- ITF) no Audit\u00f3rio do Centro de Artes. H\u00e1 mais de 20 anos, Frei David dedica-se a trabalhos populares, sobretudo na \u00e1rea\u2026","rel":"","context":"Post similar","block_context":{"text":"Post similar","link":""},"img":{"alt_text":"","src":"https:\/\/i0.wp.com\/wp.ufpel.edu.br\/naaf\/files\/2017\/09\/DSC_0565-400x229.jpg?resize=350%2C200&ssl=1","width":350,"height":200},"classes":[]},{"id":2880,"url":"https:\/\/wp.ufpel.edu.br\/naaf\/eventos\/eventos-2018\/x-edicao-do-seconep-2018\/","url_meta":{"origin":2830,"position":4},"title":"X Edi\u00e7\u00e3o do SECONEP, 2018. &#8211; 21, 23 e 25 de Novembro de 2018","author":"nuaad","date":"22\/03\/2022","format":false,"excerpt":"Acads. \u00a0Lourivaldo Junior e Marcela Lima O Semin\u00e1rio da Consci\u00eancia Negra de Pelotas - SECONEP - evento organizado e realizado anualmente por estudantes e servidores da UFPel, al\u00e9m da sociedade civil, completa em 2018 seus 10 anos. A import\u00e2ncia de se realizar um evento como este \u00e9 o fato de\u2026","rel":"","context":"Post similar","block_context":{"text":"Post similar","link":""},"img":{"alt_text":"","src":"","width":0,"height":0},"classes":[]},{"id":2871,"url":"https:\/\/wp.ufpel.edu.br\/naaf\/eventos\/eventos-2018\/ifsul-de-pelotas-inaugura-sala-de-acoes-afirmativas-e-diversidade-12-09-2018\/","url_meta":{"origin":2830,"position":5},"title":"IFSUL DE PELOTAS INAUGURA SALA DE A\u00c7\u00d5ES AFIRMATIVAS E DIVERSIDADE 12\/09\/2018","author":"nuaad","date":"22\/03\/2022","format":false,"excerpt":"\u00a0Pelas Acads. Marcela Lima e Isadora Caleiro Aconteceu na tarde de quarta-feira (12 de setembro de 2018), a inaugura\u00e7\u00e3o da Sala dos N\u00facleos de A\u00e7\u00f5es Afirmativas \u00a0do IFSul da cidade Pelotas, na qual foram instalados o NUGED (N\u00facleo de G\u00eanero e Diversidade), NEABI (N\u00facleo de Estudos Afro e Ind\u00edgenas) e\u2026","rel":"","context":"Post similar","block_context":{"text":"Post similar","link":""},"img":{"alt_text":"","src":"","width":0,"height":0},"classes":[]}],"_links":{"self":[{"href":"https:\/\/wp.ufpel.edu.br\/naaf\/wp-json\/wp\/v2\/pages\/2830","targetHints":{"allow":["GET"]}}],"collection":[{"href":"https:\/\/wp.ufpel.edu.br\/naaf\/wp-json\/wp\/v2\/pages"}],"about":[{"href":"https:\/\/wp.ufpel.edu.br\/naaf\/wp-json\/wp\/v2\/types\/page"}],"author":[{"embeddable":true,"href":"https:\/\/wp.ufpel.edu.br\/naaf\/wp-json\/wp\/v2\/users\/1133"}],"replies":[{"embeddable":true,"href":"https:\/\/wp.ufpel.edu.br\/naaf\/wp-json\/wp\/v2\/comments?post=2830"}],"version-history":[{"count":1,"href":"https:\/\/wp.ufpel.edu.br\/naaf\/wp-json\/wp\/v2\/pages\/2830\/revisions"}],"predecessor-version":[{"id":2831,"href":"https:\/\/wp.ufpel.edu.br\/naaf\/wp-json\/wp\/v2\/pages\/2830\/revisions\/2831"}],"up":[{"embeddable":true,"href":"https:\/\/wp.ufpel.edu.br\/naaf\/wp-json\/wp\/v2\/pages\/2820"}],"wp:attachment":[{"href":"https:\/\/wp.ufpel.edu.br\/naaf\/wp-json\/wp\/v2\/media?parent=2830"}],"curies":[{"name":"wp","href":"https:\/\/api.w.org\/{rel}","templated":true}]}}