{"id":2801,"date":"2022-03-17T10:29:13","date_gmt":"2022-03-17T13:29:13","guid":{"rendered":"https:\/\/wp.ufpel.edu.br\/naaf\/?page_id=2801"},"modified":"2022-03-30T11:45:16","modified_gmt":"2022-03-30T14:45:16","slug":"video-nas-aldeias","status":"publish","type":"page","link":"https:\/\/wp.ufpel.edu.br\/naaf\/projetos-externos\/video-nas-aldeias\/","title":{"rendered":"V\u00eddeo nas Aldeias"},"content":{"rendered":"<p><img data-recalc-dims=\"1\" loading=\"lazy\" decoding=\"async\" data-attachment-id=\"2804\" data-permalink=\"https:\/\/wp.ufpel.edu.br\/naaf\/projetos-externos\/video-nas-aldeias\/wa3\/\" data-orig-file=\"https:\/\/i0.wp.com\/wp.ufpel.edu.br\/naaf\/files\/2022\/03\/wa3.jpg?fit=900%2C310&amp;ssl=1\" data-orig-size=\"900,310\" data-comments-opened=\"0\" data-image-meta=\"{&quot;aperture&quot;:&quot;0&quot;,&quot;credit&quot;:&quot;&quot;,&quot;camera&quot;:&quot;&quot;,&quot;caption&quot;:&quot;&quot;,&quot;created_timestamp&quot;:&quot;0&quot;,&quot;copyright&quot;:&quot;&quot;,&quot;focal_length&quot;:&quot;0&quot;,&quot;iso&quot;:&quot;0&quot;,&quot;shutter_speed&quot;:&quot;0&quot;,&quot;title&quot;:&quot;&quot;,&quot;orientation&quot;:&quot;0&quot;}\" data-image-title=\"wa3\" data-image-description=\"\" data-image-caption=\"\" data-medium-file=\"https:\/\/i0.wp.com\/wp.ufpel.edu.br\/naaf\/files\/2022\/03\/wa3.jpg?fit=400%2C138&amp;ssl=1\" data-large-file=\"https:\/\/i0.wp.com\/wp.ufpel.edu.br\/naaf\/files\/2022\/03\/wa3.jpg?fit=750%2C258&amp;ssl=1\" class=\"alignnone wp-image-2804\" src=\"https:\/\/i0.wp.com\/wp.ufpel.edu.br\/naaf\/files\/2022\/03\/wa3.jpg?resize=643%2C222&#038;ssl=1\" alt=\"\" width=\"643\" height=\"222\" srcset=\"https:\/\/i0.wp.com\/wp.ufpel.edu.br\/naaf\/files\/2022\/03\/wa3.jpg?resize=400%2C138&amp;ssl=1 400w, https:\/\/i0.wp.com\/wp.ufpel.edu.br\/naaf\/files\/2022\/03\/wa3.jpg?resize=768%2C265&amp;ssl=1 768w, https:\/\/i0.wp.com\/wp.ufpel.edu.br\/naaf\/files\/2022\/03\/wa3.jpg?resize=750%2C258&amp;ssl=1 750w, https:\/\/i0.wp.com\/wp.ufpel.edu.br\/naaf\/files\/2022\/03\/wa3.jpg?w=900&amp;ssl=1 900w\" sizes=\"auto, (max-width: 643px) 100vw, 643px\" \/><\/p>\n<p style=\"text-align: justify;\">Iniciado em 1986 pela ONG Centro de Trabalho Indigenista, o projeto V\u00eddeo nas Aldeias foi organizado a fim de auxiliar no desenvolvimento de produ\u00e7\u00f5es audiovisuais pr\u00f3prias aos povos ind\u00edgenas. Tendo mais de 70 filmes produzidos &#8211; longas, curtas, fic\u00e7\u00f5es, document\u00e1rios -, o projeto continua at\u00e9 hoje oferecendo ferramentas para que os povos de diversas etnias constituam suas rela\u00e7\u00f5es espec\u00edficas com o v\u00eddeo e, ent\u00e3o, possam promover suas pr\u00f3prias narrativas atrav\u00e9s da imagem gravada, em contraposi\u00e7\u00e3o \u00e0 filmografia cl\u00e1ssica brasileira que perpetua estere\u00f3tipos visuais e narrativas racistas.<\/p>\n<p style=\"text-align: justify;\">Para conferir o acervo do V\u00eddeo nas Aldeias e conhecer a vasta produ\u00e7\u00e3o do projeto, acesse em:\u00a0<a href=\"http:\/\/www.videonasaldeias.org.br\/2009\/vna.php?p=1\" target=\"_blank\" rel=\"noopener\">V\u00eddeo nas Aldeias<\/a>.<\/p>\n<p>&nbsp;<\/p>\n","protected":false},"excerpt":{"rendered":"<p>Iniciado em 1986 pela ONG Centro de Trabalho Indigenista, o projeto V\u00eddeo nas Aldeias foi organizado a fim de auxiliar no desenvolvimento de produ\u00e7\u00f5es audiovisuais pr\u00f3prias aos povos ind\u00edgenas. Tendo mais de 70 filmes produzidos &#8211; longas, curtas, fic\u00e7\u00f5es, document\u00e1rios -, o projeto continua at\u00e9 hoje oferecendo ferramentas para que os povos de diversas etnias &hellip; <\/p>\n<p><a class=\"more-link btn\" href=\"https:\/\/wp.ufpel.edu.br\/naaf\/projetos-externos\/video-nas-aldeias\/\">Continue lendo<\/a><\/p>\n","protected":false},"author":1133,"featured_media":0,"parent":2799,"menu_order":0,"comment_status":"closed","ping_status":"closed","template":"","meta":{"jetpack_post_was_ever_published":false,"footnotes":""},"class_list":["post-2801","page","type-page","status-publish","hentry","nodate","item-wrap"],"jetpack_sharing_enabled":true,"jetpack_shortlink":"https:\/\/wp.me\/P9uOP6-Jb","jetpack_likes_enabled":true,"jetpack-related-posts":[{"id":2809,"url":"https:\/\/wp.ufpel.edu.br\/naaf\/apoiopedagogico\/projeto-de-leitura-intercultural\/","url_meta":{"origin":2801,"position":0},"title":"Projeto de Leitura Intercultural","author":"nuaad","date":"31\/03\/2022","format":false,"excerpt":"Vemos que, historicamente, h\u00e1 um apagamento e silenciamento de narrativas e intelectualidades n\u00e3o-brancas. Seja na literatura ou na academia, a presen\u00e7a de autores negros e ind\u00edgenas \u00e9 escassa e, mesmo quando presente, ignorada. Portanto, \u00e9 necess\u00e1rio enxergarmos as produ\u00e7\u00f5es dessas comunidades e compreendermos sua pluralidade cultural e seus legados te\u00f3rico-pr\u00e1ticos\u2026","rel":"","context":"Post similar","block_context":{"text":"Post similar","link":""},"img":{"alt_text":"","src":"https:\/\/i0.wp.com\/wp.ufpel.edu.br\/naaf\/files\/2022\/03\/WhatsApp-Image-2022-03-29-at-11.32.34.jpeg?resize=350%2C200","width":350,"height":200,"srcset":"https:\/\/i0.wp.com\/wp.ufpel.edu.br\/naaf\/files\/2022\/03\/WhatsApp-Image-2022-03-29-at-11.32.34.jpeg?resize=350%2C200 1x, https:\/\/i0.wp.com\/wp.ufpel.edu.br\/naaf\/files\/2022\/03\/WhatsApp-Image-2022-03-29-at-11.32.34.jpeg?resize=525%2C300 1.5x"},"classes":[]},{"id":2968,"url":"https:\/\/wp.ufpel.edu.br\/naaf\/projetos-externos\/museu-afro-brasil-sul-mabsul\/","url_meta":{"origin":2801,"position":1},"title":"Museu Afro-Brasil-Sul (MABSul)","author":"nuaad","date":"31\/03\/2022","format":false,"excerpt":"O\u00a0Museu Afro-Brasil-Sul (MABSul), encabe\u00e7ado pela Prof. Dr. Rosemar Lemos, foi iniciado em 2020 e \u00e9 um projeto vinculado ao Centro de Artes da Universidade Federal de Pelotas e pertencente \u00e0 Divis\u00e3o de Pesquisa e Extens\u00e3o da UFPel. Com o intuito de resgatar e preservar o patrim\u00f4nio material e imaterial da\u2026","rel":"","context":"Post similar","block_context":{"text":"Post similar","link":""},"img":{"alt_text":"","src":"https:\/\/i0.wp.com\/wp.ufpel.edu.br\/naaf\/files\/2022\/03\/mabsul-400x225.jpg?resize=350%2C200&ssl=1","width":350,"height":200,"srcset":"https:\/\/i0.wp.com\/wp.ufpel.edu.br\/naaf\/files\/2022\/03\/mabsul-400x225.jpg?resize=350%2C200&ssl=1 1x, https:\/\/i0.wp.com\/wp.ufpel.edu.br\/naaf\/files\/2022\/03\/mabsul-400x225.jpg?resize=525%2C300&ssl=1 1.5x"},"classes":[]},{"id":195,"url":"https:\/\/wp.ufpel.edu.br\/naaf\/politicas\/indigenas-e-quilombolas\/","url_meta":{"origin":2801,"position":2},"title":"Processo Seletivo Espec\u00edfico para Ind\u00edgenas e Quilombolas","author":"naaf","date":"27\/10\/2017","format":false,"excerpt":"Sobre as pol\u00edticas de acesso para estudantes Ind\u00edgenas e Quilombolas A\u00a0Resolu\u00e7\u00e3o n\u00ba 15\/2015, aprovada pelo Conselho Coordenador do Ensino, da Pesquisa e da Extens\u00e3o da UFPel (COCEPE), criou dez vagas espec\u00edficas, destinadas a estudantes provenientes de comunidades ind\u00edgenas e quilombolas. Os estudantes ind\u00edgenas est\u00e3o amparados tamb\u00e9m pela Lei n\u00ba 12.711\/12,\u2026","rel":"","context":"Post similar","block_context":{"text":"Post similar","link":""},"img":{"alt_text":"","src":"","width":0,"height":0},"classes":[]},{"id":3097,"url":"https:\/\/wp.ufpel.edu.br\/naaf\/projetos-externos\/articulacao-dos-povos-indigenas-da-regiao-sul-arpin-sul\/","url_meta":{"origin":2801,"position":3},"title":"Articula\u00e7\u00e3o dos Povos Ind\u00edgenas da Regi\u00e3o Sul &#8211; ArpinSul","author":"nuaad","date":"18\/04\/2022","format":false,"excerpt":"Atuando desde 2006, a Articula\u00e7\u00e3o dos Povos Ind\u00edgenas da Regi\u00e3o Sul (ArpinSul) \u00e9 uma organiza\u00e7\u00e3o que busca a integra\u00e7\u00e3o e articula\u00e7\u00e3o pol\u00edtica das etnias ind\u00edgenas do Rio Grande do Sul, Paran\u00e1 e Santa Catarina sendo, principalmente, dos povos Kaingang, Xokleng, Xet\u00e1 e descendentes de Charrua para combater as pol\u00edticas anti-ind\u00edgenas\u2026","rel":"","context":"Post similar","block_context":{"text":"Post similar","link":""},"img":{"alt_text":"","src":"https:\/\/i0.wp.com\/wp.ufpel.edu.br\/naaf\/files\/2022\/04\/WhatsApp-Image-2022-04-07-at-11.45.20-1.jpeg?resize=350%2C200&ssl=1","width":350,"height":200},"classes":[]},{"id":2852,"url":"https:\/\/wp.ufpel.edu.br\/naaf\/eventos\/eventos-2018\/projeto-dea-da-universidade-federal-de-pelotas-fazendo-a-diferenca-na-escola-2018-09-e-14-de-maio\/","url_meta":{"origin":2801,"position":4},"title":"Projeto DEA, da Universidade Federal de Pelotas, Fazendo a diferen\u00e7a na Escola\/ 2018 &#8211; 09 e 14 de Maio","author":"nuaad","date":"22\/03\/2022","format":false,"excerpt":"Nos dias 09 e 14 de Maio, com o apoio do NUAAD, o \u00a0grupo do DEA (Design, Escola e Arte) com o projeto - Viagem ao Futuro, se dirigiu at\u00e9 o Instituto S\u00e3o Benedito, localizado na F\u00e9lix. Trabalhando com a tem\u00e1tica: Express\u00f5es Culturais Africanas - TURBANTES, PINTURA FACIAL E M\u00c1SCARAS\u2026","rel":"","context":"Post similar","block_context":{"text":"Post similar","link":""},"img":{"alt_text":"","src":"https:\/\/i0.wp.com\/wp.ufpel.edu.br\/naaf\/files\/2018\/06\/d386d742-8b3a-4e6c-ab24-d8ca478f6be9.jpeg?resize=350%2C200","width":350,"height":200,"srcset":"https:\/\/i0.wp.com\/wp.ufpel.edu.br\/naaf\/files\/2018\/06\/d386d742-8b3a-4e6c-ab24-d8ca478f6be9.jpeg?resize=350%2C200 1x, https:\/\/i0.wp.com\/wp.ufpel.edu.br\/naaf\/files\/2018\/06\/d386d742-8b3a-4e6c-ab24-d8ca478f6be9.jpeg?resize=525%2C300 1.5x, https:\/\/i0.wp.com\/wp.ufpel.edu.br\/naaf\/files\/2018\/06\/d386d742-8b3a-4e6c-ab24-d8ca478f6be9.jpeg?resize=700%2C400 2x, https:\/\/i0.wp.com\/wp.ufpel.edu.br\/naaf\/files\/2018\/06\/d386d742-8b3a-4e6c-ab24-d8ca478f6be9.jpeg?resize=1050%2C600 3x"},"classes":[]},{"id":2812,"url":"https:\/\/wp.ufpel.edu.br\/naaf\/apoiopedagogico\/projeto-de-acompanhamento-e-apoio-pedagogico-nuaad\/","url_meta":{"origin":2801,"position":5},"title":"Acompanhamento e Apoio Pedag\u00f3gico NUAAD","author":"nuaad","date":"23\/03\/2022","format":false,"excerpt":"A presen\u00e7a das cotas e dos processos seletivos espec\u00edficos \u00e0s popula\u00e7\u00f5es quilombolas, ind\u00edgenas e negros e negras de baixa renda se faz indiscutivelmente necess\u00e1ria para fornecer a essas comunidades alguma oportunidade de ascens\u00e3o. Contudo, devido \u00e0 marginaliza\u00e7\u00e3o desses grupos, s\u00e3o frequentemente carentes de suporte material, vulner\u00e1veis psicologicamente e possuem problemas\u2026","rel":"","context":"Post similar","block_context":{"text":"Post similar","link":""},"img":{"alt_text":"","src":"","width":0,"height":0},"classes":[]}],"_links":{"self":[{"href":"https:\/\/wp.ufpel.edu.br\/naaf\/wp-json\/wp\/v2\/pages\/2801","targetHints":{"allow":["GET"]}}],"collection":[{"href":"https:\/\/wp.ufpel.edu.br\/naaf\/wp-json\/wp\/v2\/pages"}],"about":[{"href":"https:\/\/wp.ufpel.edu.br\/naaf\/wp-json\/wp\/v2\/types\/page"}],"author":[{"embeddable":true,"href":"https:\/\/wp.ufpel.edu.br\/naaf\/wp-json\/wp\/v2\/users\/1133"}],"replies":[{"embeddable":true,"href":"https:\/\/wp.ufpel.edu.br\/naaf\/wp-json\/wp\/v2\/comments?post=2801"}],"version-history":[{"count":5,"href":"https:\/\/wp.ufpel.edu.br\/naaf\/wp-json\/wp\/v2\/pages\/2801\/revisions"}],"predecessor-version":[{"id":2967,"href":"https:\/\/wp.ufpel.edu.br\/naaf\/wp-json\/wp\/v2\/pages\/2801\/revisions\/2967"}],"up":[{"embeddable":true,"href":"https:\/\/wp.ufpel.edu.br\/naaf\/wp-json\/wp\/v2\/pages\/2799"}],"wp:attachment":[{"href":"https:\/\/wp.ufpel.edu.br\/naaf\/wp-json\/wp\/v2\/media?parent=2801"}],"curies":[{"name":"wp","href":"https:\/\/api.w.org\/{rel}","templated":true}]}}