{"id":2066,"date":"2020-07-02T12:40:58","date_gmt":"2020-07-02T15:40:58","guid":{"rendered":"https:\/\/wp.ufpel.edu.br\/naaf\/?page_id=2066"},"modified":"2020-07-02T12:40:58","modified_gmt":"2020-07-02T15:40:58","slug":"fale-conosco","status":"publish","type":"page","link":"https:\/\/wp.ufpel.edu.br\/naaf\/contato\/fale-conosco\/","title":{"rendered":"Fale conosco"},"content":{"rendered":"\n<div class=\"wpcf7 no-js\" id=\"wpcf7-f2059-o1\" lang=\"pt-BR\" dir=\"ltr\" data-wpcf7-id=\"2059\">\n<div class=\"screen-reader-response\"><p role=\"status\" aria-live=\"polite\" aria-atomic=\"true\"><\/p> <ul><\/ul><\/div>\n<form action=\"\/naaf\/wp-json\/wp\/v2\/pages\/2066#wpcf7-f2059-o1\" method=\"post\" class=\"wpcf7-form init\" aria-label=\"Formul\u00e1rios de contato\" novalidate=\"novalidate\" data-status=\"init\">\n<fieldset class=\"hidden-fields-container\"><input type=\"hidden\" name=\"_wpcf7\" value=\"2059\" \/><input type=\"hidden\" name=\"_wpcf7_version\" value=\"6.1.4\" \/><input type=\"hidden\" name=\"_wpcf7_locale\" value=\"pt_BR\" \/><input type=\"hidden\" name=\"_wpcf7_unit_tag\" value=\"wpcf7-f2059-o1\" \/><input type=\"hidden\" name=\"_wpcf7_container_post\" value=\"0\" \/><input type=\"hidden\" name=\"_wpcf7_posted_data_hash\" value=\"\" \/>\n<\/fieldset>\n<p><label> <b>Seu nome<\/b> (obrigat\u00f3rio)<br \/>\n<span class=\"wpcf7-form-control-wrap\" data-name=\"your-name\"><input size=\"40\" maxlength=\"400\" class=\"wpcf7-form-control wpcf7-text wpcf7-validates-as-required\" aria-required=\"true\" aria-invalid=\"false\" value=\"\" type=\"text\" name=\"your-name\" \/><\/span> <\/label>\n<\/p>\n<p><label> <b>Seu e-mail<\/b> (obrigat\u00f3rio)<br \/>\n<span class=\"wpcf7-form-control-wrap\" data-name=\"your-email\"><input size=\"40\" maxlength=\"400\" class=\"wpcf7-form-control wpcf7-email wpcf7-validates-as-required wpcf7-text wpcf7-validates-as-email\" aria-required=\"true\" aria-invalid=\"false\" value=\"\" type=\"email\" name=\"your-email\" \/><\/span> <\/label>\n<\/p>\n<p><label> <b>Assunto <\/b> <\/label><br \/>\n<span class=\"wpcf7-form-control-wrap\" data-name=\"Assunto\"><select class=\"wpcf7-form-control wpcf7-select\" aria-invalid=\"false\" name=\"Assunto\"><option value=\"\">&#8212;Escolha uma op\u00e7\u00e3o&#8212;<\/option><option value=\"Matr\u00edcula\">Matr\u00edcula<\/option><option value=\"Elogio\">Elogio<\/option><option value=\"Cr\u00edtica\">Cr\u00edtica<\/option><option value=\"D\u00favida\">D\u00favida<\/option><option value=\"Sugest\u00e3o\">Sugest\u00e3o<\/option><\/select><\/span>\n<\/p>\n<p><label> Caso o assunto seja <b>\"Matr\u00edcula\"<\/b>, favor informar os seguintes campos:<br \/>\n<\/label><label>Processo Seletivo:<\/label><br \/>\n<span class=\"wpcf7-form-control-wrap\" data-name=\"menu-530\"><select class=\"wpcf7-form-control wpcf7-select\" aria-invalid=\"false\" name=\"menu-530\"><option value=\"\">&#8212;Escolha uma op\u00e7\u00e3o&#8212;<\/option><option value=\"SISU\">SISU<\/option><option value=\"PAVE\">PAVE<\/option><option value=\"Processo Seletivo Espec\u00edfico para Ind\u00edgenas e Quilombolas\">Processo Seletivo Espec\u00edfico para Ind\u00edgenas e Quilombolas<\/option><option value=\"Processo Seletivo para ingresso em Programa de P\u00f3s-Gradua\u00e7\u00e3o\">Processo Seletivo para ingresso em Programa de P\u00f3s-Gradua\u00e7\u00e3o<\/option><option value=\"Outro\">Outro<\/option><\/select><\/span>\n<\/p>\n<p><label>Per\u00edodo de Ingresso<\/label><br \/>\n<span class=\"wpcf7-form-control-wrap\" data-name=\"menu-287\"><select class=\"wpcf7-form-control wpcf7-select\" aria-invalid=\"false\" name=\"menu-287\"><option value=\"\">&#8212;Escolha uma op\u00e7\u00e3o&#8212;<\/option><option value=\"Anterior a 2016\">Anterior a 2016<\/option><option value=\"2016\/1\">2016\/1<\/option><option value=\"2016\/2\">2016\/2<\/option><option value=\"2017\/1\">2017\/1<\/option><option value=\"2017\/2\">2017\/2<\/option><option value=\"2018\/1\">2018\/1<\/option><option value=\"2018\/2\">2018\/2<\/option><option value=\"2019\/1\">2019\/1<\/option><option value=\"2019\/2\">2019\/2<\/option><option value=\"2020\/1\">2020\/1<\/option><option value=\"2020\/2\">2020\/2<\/option><\/select><\/span>\n<\/p>\n<p><label>Modalidade de ingresso<\/label><br \/>\n<span class=\"wpcf7-form-control-wrap\" data-name=\"menu-417\"><select class=\"wpcf7-form-control wpcf7-select\" aria-invalid=\"false\" name=\"menu-417\"><option value=\"\">&#8212;Escolha uma op\u00e7\u00e3o&#8212;<\/option><option value=\"L2\">L2<\/option><option value=\"L6\">L6<\/option><option value=\"L10\">L10<\/option><option value=\"L14\">L14<\/option><option value=\"Outra\">Outra<\/option><\/select><\/span>\n<\/p>\n<p><label> <b>Sua mensagem<\/b><br \/>\n<span class=\"wpcf7-form-control-wrap\" data-name=\"your-message\"><textarea cols=\"40\" rows=\"10\" maxlength=\"2000\" class=\"wpcf7-form-control wpcf7-textarea\" aria-invalid=\"false\" name=\"your-message\"><\/textarea><\/span> <\/label>\n<\/p>\n<p><input class=\"wpcf7-form-control wpcf7-submit has-spinner\" type=\"submit\" value=\"Enviar\" \/>\n<\/p><p style=\"display: none !important;\" class=\"akismet-fields-container\" data-prefix=\"_wpcf7_ak_\"><label>&#916;<textarea name=\"_wpcf7_ak_hp_textarea\" cols=\"45\" rows=\"8\" maxlength=\"100\"><\/textarea><\/label><input type=\"hidden\" id=\"ak_js_1\" name=\"_wpcf7_ak_js\" value=\"46\"\/><script>document.getElementById( \"ak_js_1\" ).setAttribute( \"value\", ( new Date() ).getTime() );<\/script><\/p><div class=\"wpcf7-response-output\" aria-hidden=\"true\"><\/div>\n<\/form>\n<\/div>\n\n<p>&nbsp;<\/p>\n<p>Caso as informa\u00e7\u00f5es n\u00e3o estejam preenchidas corretamente, o N\u00facleo de A\u00e7\u00f5es Afirmativas e Diversidade poder\u00e1 n\u00e3o responder sua mensagem.<\/p>\n","protected":false},"excerpt":{"rendered":"<p>&nbsp; Caso as informa\u00e7\u00f5es n\u00e3o estejam preenchidas corretamente, o N\u00facleo de A\u00e7\u00f5es Afirmativas e Diversidade poder\u00e1 n\u00e3o responder sua mensagem.<\/p>\n","protected":false},"author":781,"featured_media":0,"parent":13,"menu_order":0,"comment_status":"closed","ping_status":"closed","template":"","meta":{"jetpack_post_was_ever_published":false,"footnotes":""},"class_list":["post-2066","page","type-page","status-publish","hentry","nodate","item-wrap"],"jetpack_sharing_enabled":true,"jetpack_shortlink":"https:\/\/wp.me\/P9uOP6-xk","jetpack_likes_enabled":true,"jetpack-related-posts":[{"id":3447,"url":"https:\/\/wp.ufpel.edu.br\/naaf\/diretrizes-para-recurso\/","url_meta":{"origin":2066,"position":0},"title":"Diretrizes para Recurso","author":"nuaad","date":"26\/08\/2022","format":false,"excerpt":"A divulga\u00e7\u00e3o dos resultados do procedimento de heteroidentifica\u00e7\u00e3o \u00e9 de responsabilidade da unidade organizadora do processo seletivo. O(a) candidato(a) dever\u00e1 acompanhar a p\u00e1gina oficial do processo seletivo do qual participa. Em caso de indeferimento, o(a) candidato(a) poder\u00e1 interpor recurso, no prazo de 3 dias \u00fateis, contados a partir da divulga\u00e7\u00e3o\u2026","rel":"","context":"Post similar","block_context":{"text":"Post similar","link":""},"img":{"alt_text":"","src":"","width":0,"height":0},"classes":[]},{"id":1627,"url":"https:\/\/wp.ufpel.edu.br\/naaf\/pave\/pave-2019-2\/","url_meta":{"origin":2066,"position":1},"title":"2019\/2","author":"naaf","date":"18\/06\/2019","format":false,"excerpt":"Chamada Regular PAVE 2019\/2 - Relat\u00f3rio Preliminar - Chamada Regular PAVE 2019\/2 - Relat\u00f3rio Definitivo \u2013 Chamada Regular Primeira Convoca\u00e7\u00e3o N\u00e3o houve candidatos por cota \u00e9tnico-racial Segunda Convoca\u00e7\u00e3o PAVE 2019\/2 - Relat\u00f3rio Preliminar - Segunda Convoca\u00e7\u00e3o PAVE 2019\/2 - Relat\u00f3rio Definitivo - Segunda Convoca\u00e7\u00e3o Terceira Convoca\u00e7\u00e3o N\u00e3o houve candidatos por\u2026","rel":"","context":"Post similar","block_context":{"text":"Post similar","link":""},"img":{"alt_text":"","src":"","width":0,"height":0},"classes":[]},{"id":1318,"url":"https:\/\/wp.ufpel.edu.br\/naaf\/pave\/2019-1\/","url_meta":{"origin":2066,"position":2},"title":"2019\/1","author":"naaf","date":"12\/02\/2019","format":false,"excerpt":"Chamada Regular PAVE 2019\/1 - Relat\u00f3rio Preliminar - Chamada Regular\u00a0 PAVE 2019\/1 - Relat\u00f3rio Definitivo \u2013 Chamada Regular\u00a0 1\u00aa Convoca\u00e7\u00e3o PAVE 2019\/1 - Relat\u00f3rio Preliminar \u2013 1\u00aa Convoca\u00e7\u00e3o PAVE 2019\/1 - Relat\u00f3rio Definitivo \u2013 1\u00aa Convoca\u00e7\u00e3o 2\u00aa Convoca\u00e7\u00e3o N\u00e3o houve candidatos por cota \u00e9tnico-racial. 3\u00aa Convoca\u00e7\u00e3o PAVE 2019\/1 - Relat\u00f3rio\u2026","rel":"","context":"Post similar","block_context":{"text":"Post similar","link":""},"img":{"alt_text":"","src":"","width":0,"height":0},"classes":[]},{"id":2809,"url":"https:\/\/wp.ufpel.edu.br\/naaf\/apoiopedagogico\/projeto-de-leitura-intercultural\/","url_meta":{"origin":2066,"position":3},"title":"Projeto de Leitura Intercultural","author":"nuaad","date":"31\/03\/2022","format":false,"excerpt":"Vemos que, historicamente, h\u00e1 um apagamento e silenciamento de narrativas e intelectualidades n\u00e3o-brancas. Seja na literatura ou na academia, a presen\u00e7a de autores negros e ind\u00edgenas \u00e9 escassa e, mesmo quando presente, ignorada. Portanto, \u00e9 necess\u00e1rio enxergarmos as produ\u00e7\u00f5es dessas comunidades e compreendermos sua pluralidade cultural e seus legados te\u00f3rico-pr\u00e1ticos\u2026","rel":"","context":"Post similar","block_context":{"text":"Post similar","link":""},"img":{"alt_text":"","src":"https:\/\/i0.wp.com\/wp.ufpel.edu.br\/naaf\/files\/2022\/03\/WhatsApp-Image-2022-03-29-at-11.32.34.jpeg?resize=350%2C200","width":350,"height":200,"srcset":"https:\/\/i0.wp.com\/wp.ufpel.edu.br\/naaf\/files\/2022\/03\/WhatsApp-Image-2022-03-29-at-11.32.34.jpeg?resize=350%2C200 1x, https:\/\/i0.wp.com\/wp.ufpel.edu.br\/naaf\/files\/2022\/03\/WhatsApp-Image-2022-03-29-at-11.32.34.jpeg?resize=525%2C300 1.5x"},"classes":[]},{"id":4704,"url":"https:\/\/wp.ufpel.edu.br\/naaf\/auxilios-2\/","url_meta":{"origin":2066,"position":4},"title":"Aux\u00edlios","author":"nuaad","date":"12\/09\/2024","format":false,"excerpt":"a) Aux\u00edlio Moradia \u00c9 um valor depositado mensalmente na conta corrente do estudante para auxiliar no pagamento de aluguel na cidade de Pelotas. O Programa de Aux\u00edlio Moradia (PAM) n\u00e3o pode ser solicitado concomitantemente ao Aux\u00edlio Deslocamento e ao Programa de Moradia Estudantil. Valor do aux\u00edlio: R$600, 00 mensais. Documenta\u00e7\u00e3o:\u2026","rel":"","context":"Post similar","block_context":{"text":"Post similar","link":""},"img":{"alt_text":"","src":"https:\/\/i0.wp.com\/wp.ufpel.edu.br\/naaf\/files\/2024\/09\/Captura-de-Tela-2024-09-12-a%CC%80s-14.37.33-400x221.png?resize=350%2C200&ssl=1","width":350,"height":200,"srcset":"https:\/\/i0.wp.com\/wp.ufpel.edu.br\/naaf\/files\/2024\/09\/Captura-de-Tela-2024-09-12-a%CC%80s-14.37.33-400x221.png?resize=350%2C200&ssl=1 1x, https:\/\/i0.wp.com\/wp.ufpel.edu.br\/naaf\/files\/2024\/09\/Captura-de-Tela-2024-09-12-a%CC%80s-14.37.33-400x221.png?resize=525%2C300&ssl=1 1.5x"},"classes":[]},{"id":73,"url":"https:\/\/wp.ufpel.edu.br\/naaf\/analisedaspoliticas\/","url_meta":{"origin":2066,"position":5},"title":"Notas","author":"naaf","date":"19\/09\/2017","format":false,"excerpt":"Manifesto dos estudantes Ind\u00edgenas e Quilombolas da UFPel Em resposta \u00e0s dificuldades impostas pela pandemia de coronav\u00edrus e \u00e0s pr\u00f3prias limita\u00e7\u00f5es que encontram em suas trajet\u00f3rias acad\u00eamicas, os discentes Ind\u00edgenas e Quilombolas da UFPel elaboraram e divulgaram o documento \u201cManifesto dos Estudantes Ind\u00edgenas e Quilombolas\u201d. Neste Manifesto, esses estudantes exp\u00f5em\u2026","rel":"","context":"Post similar","block_context":{"text":"Post similar","link":""},"img":{"alt_text":"","src":"","width":0,"height":0},"classes":[]}],"_links":{"self":[{"href":"https:\/\/wp.ufpel.edu.br\/naaf\/wp-json\/wp\/v2\/pages\/2066","targetHints":{"allow":["GET"]}}],"collection":[{"href":"https:\/\/wp.ufpel.edu.br\/naaf\/wp-json\/wp\/v2\/pages"}],"about":[{"href":"https:\/\/wp.ufpel.edu.br\/naaf\/wp-json\/wp\/v2\/types\/page"}],"author":[{"embeddable":true,"href":"https:\/\/wp.ufpel.edu.br\/naaf\/wp-json\/wp\/v2\/users\/781"}],"replies":[{"embeddable":true,"href":"https:\/\/wp.ufpel.edu.br\/naaf\/wp-json\/wp\/v2\/comments?post=2066"}],"version-history":[{"count":2,"href":"https:\/\/wp.ufpel.edu.br\/naaf\/wp-json\/wp\/v2\/pages\/2066\/revisions"}],"predecessor-version":[{"id":2069,"href":"https:\/\/wp.ufpel.edu.br\/naaf\/wp-json\/wp\/v2\/pages\/2066\/revisions\/2069"}],"up":[{"embeddable":true,"href":"https:\/\/wp.ufpel.edu.br\/naaf\/wp-json\/wp\/v2\/pages\/13"}],"wp:attachment":[{"href":"https:\/\/wp.ufpel.edu.br\/naaf\/wp-json\/wp\/v2\/media?parent=2066"}],"curies":[{"name":"wp","href":"https:\/\/api.w.org\/{rel}","templated":true}]}}