{"id":88,"date":"2021-04-20T15:58:23","date_gmt":"2021-04-20T18:58:23","guid":{"rendered":"https:\/\/wp.ufpel.edu.br\/musicapibid\/?page_id=88"},"modified":"2021-04-24T08:20:18","modified_gmt":"2021-04-24T11:20:18","slug":"datas-comemorativas","status":"publish","type":"page","link":"https:\/\/wp.ufpel.edu.br\/musicapibid\/textos\/datas-comemorativas\/","title":{"rendered":"Datas comemorativas"},"content":{"rendered":"<h1 style=\"text-align: center\">Dia Nacional do Choro &#8211; 23 de abril.<\/h1>\n<p><img class=\"size-medium wp-image-109 alignleft\" src=\"https:\/\/wp.ufpel.edu.br\/musicapibid\/files\/2021\/04\/WhatsApp-Image-2021-04-24-at-08.01.37-400x400.jpeg\" alt=\"\" width=\"400\" height=\"400\" srcset=\"https:\/\/wp.ufpel.edu.br\/musicapibid\/files\/2021\/04\/WhatsApp-Image-2021-04-24-at-08.01.37-400x400.jpeg 400w, https:\/\/wp.ufpel.edu.br\/musicapibid\/files\/2021\/04\/WhatsApp-Image-2021-04-24-at-08.01.37-1024x1024.jpeg 1024w, https:\/\/wp.ufpel.edu.br\/musicapibid\/files\/2021\/04\/WhatsApp-Image-2021-04-24-at-08.01.37-200x200.jpeg 200w, https:\/\/wp.ufpel.edu.br\/musicapibid\/files\/2021\/04\/WhatsApp-Image-2021-04-24-at-08.01.37-768x768.jpeg 768w, https:\/\/wp.ufpel.edu.br\/musicapibid\/files\/2021\/04\/WhatsApp-Image-2021-04-24-at-08.01.37-1536x1536.jpeg 1536w, https:\/\/wp.ufpel.edu.br\/musicapibid\/files\/2021\/04\/WhatsApp-Image-2021-04-24-at-08.01.37.jpeg 1706w\" sizes=\"(max-width: 400px) 100vw, 400px\" \/>Hoje \u00e9 o Dia Nacional do Choro, e a gente quer saber: voc\u00ea sabe por que o dia 23 de abril foi escolhido para comemorar essa data? Neste dia, em 1897, nascia no Rio de Janeiro uma das figuras exponenciais da m\u00fasica popular brasileira: Pixinguinha! Al\u00e9m de ser um compositor de destaque na m\u00fasica nacional, ele contribuiu diretamente para que o choro encontrasse uma forma musical definitiva.<\/p>\n<p>O choro surgiu no cen\u00e1rio musical brasileiro no final do s\u00e9culo 19, tendo destaque os m\u00fasicos Callado, Anacleto de Medeiros, Chiquinha Gonzaga e Ernesto Nazareth. Esse g\u00eanero era resultado da mescla entre elementos da m\u00fasica africana e europeia, sendo executado neste per\u00edodo principalmente por funcion\u00e1rios p\u00fablicos, instrumentistas de baseadas militares e oper\u00e1rios t\u00eaxteis.<\/p>\n<p>A escolha do termo \u2018choro\u2019 para denominar este g\u00eanero musical, perpassa diversas teorias, por\u00e9m, umas das mais difundidas \u00e9 que o termo surge devido aos sons plangentes, que induziam uma sensa\u00e7\u00e3o de melancolia na musica. Popularmente chamado de chorinho, este g\u00eanero \u00e9 tido como a primeira m\u00fasica popular urbana t\u00edpica do Brasil, e hoje ultrapassa os 130 anos de exist\u00eancia!<\/p>\n<hr \/>\n<h1 style=\"text-align: center\">Dia Nacional do Disco de Vinil &#8211; 20 de abril.<\/h1>\n<p><img class=\"size-medium wp-image-93 alignleft\" src=\"https:\/\/wp.ufpel.edu.br\/musicapibid\/files\/2021\/04\/WhatsApp-Image-2021-04-20-at-13.26.19-400x400.jpeg\" alt=\"\" width=\"400\" height=\"400\" srcset=\"https:\/\/wp.ufpel.edu.br\/musicapibid\/files\/2021\/04\/WhatsApp-Image-2021-04-20-at-13.26.19-400x400.jpeg 400w, https:\/\/wp.ufpel.edu.br\/musicapibid\/files\/2021\/04\/WhatsApp-Image-2021-04-20-at-13.26.19-1024x1024.jpeg 1024w, https:\/\/wp.ufpel.edu.br\/musicapibid\/files\/2021\/04\/WhatsApp-Image-2021-04-20-at-13.26.19-200x200.jpeg 200w, https:\/\/wp.ufpel.edu.br\/musicapibid\/files\/2021\/04\/WhatsApp-Image-2021-04-20-at-13.26.19-768x768.jpeg 768w, https:\/\/wp.ufpel.edu.br\/musicapibid\/files\/2021\/04\/WhatsApp-Image-2021-04-20-at-13.26.19.jpeg 1080w\" sizes=\"(max-width: 400px) 100vw, 400px\" \/>Voc\u00ea conhece a hist\u00f3ria do Disco de Vinil? Sabia que hoje \u00e9 o dia dele? Aqui no Brasil, o dia 20 de abril foi escolhido para ser o dia do Disco de Vinil em homenagem a data de morte do m\u00fasico brasileiro Ataulfo Alves, cantor e compositor de samba, que morreu em 1968.<\/p>\n<p>O Disco de vinil, conhecido simplesmente como Vinil ou Long Playing Record (LP) [1] \u00e9 uma chapa, fabricada atrav\u00e9s de processos eletromec\u00e2nicos (como galvanoplastia e prensagem), feita de policloreto de vinila. Esse modelo de armazenamento de \u00e1udio foi inventado pelo engenheiro Peter Carl Goldmark para substituir os velhos discos de 78 rpm, e passou a ser utilizado em junho de 1948.<\/p>\n<p>Utilizados para a veicula\u00e7\u00e3o de \u00e1lbuns completos (ao vivo, colet\u00e2nea, de est\u00fadio, de grandes \u00eaxitos, ou de remisturas), os LP\u2019s tinham a capacidade m\u00e1xima de rodar de 23 a 30 minutos por cada lado do disco.<\/p>\n<p>Desde o in\u00edcio da sua comercializa\u00e7\u00e3o, em 1948, enfrentou a concorr\u00eancia de diversos formatos similares, como a fita cassete e o cartucho ou stereo 8, por\u00e9m nenhum desses chegou a amea\u00e7ar a posi\u00e7\u00e3o dos LP&#8217;s como principal meio de armazenamento de \u00e1udio entre os anos de 1960 e 1980. Foi apenas com a inven\u00e7\u00e3o do CD que iniciou-se o decl\u00ednio do disco de vinil. Apesar disso, a partir da d\u00e9cada de 2000 a ind\u00fastria registou um novo interesse neste formato de armazenamento musical, e o aumento das vendas dos LP\u2019s at\u00e9 os dias de hoje.<\/p>\n<p>Compartilhe com outras pessoas para conhecerem mais sobre o mundo da m\u00fasica!<\/p>\n","protected":false},"excerpt":{"rendered":"<p>Dia Nacional do Choro &#8211; 23 de abril. Hoje \u00e9 o Dia Nacional do Choro, e a gente quer saber: voc\u00ea sabe por que o dia 23 de abril foi escolhido para comemorar essa data? Neste dia, em 1897, nascia no Rio de Janeiro uma das figuras exponenciais da m\u00fasica popular brasileira: Pixinguinha! Al\u00e9m de [&hellip;]<\/p>\n","protected":false},"author":1104,"featured_media":0,"parent":18,"menu_order":0,"comment_status":"closed","ping_status":"closed","template":"","meta":{"footnotes":""},"class_list":["post-88","page","type-page","status-publish","hentry"],"_links":{"self":[{"href":"https:\/\/wp.ufpel.edu.br\/musicapibid\/wp-json\/wp\/v2\/pages\/88","targetHints":{"allow":["GET"]}}],"collection":[{"href":"https:\/\/wp.ufpel.edu.br\/musicapibid\/wp-json\/wp\/v2\/pages"}],"about":[{"href":"https:\/\/wp.ufpel.edu.br\/musicapibid\/wp-json\/wp\/v2\/types\/page"}],"author":[{"embeddable":true,"href":"https:\/\/wp.ufpel.edu.br\/musicapibid\/wp-json\/wp\/v2\/users\/1104"}],"replies":[{"embeddable":true,"href":"https:\/\/wp.ufpel.edu.br\/musicapibid\/wp-json\/wp\/v2\/comments?post=88"}],"version-history":[{"count":4,"href":"https:\/\/wp.ufpel.edu.br\/musicapibid\/wp-json\/wp\/v2\/pages\/88\/revisions"}],"predecessor-version":[{"id":95,"href":"https:\/\/wp.ufpel.edu.br\/musicapibid\/wp-json\/wp\/v2\/pages\/88\/revisions\/95"}],"up":[{"embeddable":true,"href":"https:\/\/wp.ufpel.edu.br\/musicapibid\/wp-json\/wp\/v2\/pages\/18"}],"wp:attachment":[{"href":"https:\/\/wp.ufpel.edu.br\/musicapibid\/wp-json\/wp\/v2\/media?parent=88"}],"curies":[{"name":"wp","href":"https:\/\/api.w.org\/{rel}","templated":true}]}}