{"id":74,"date":"2021-02-23T14:49:09","date_gmt":"2021-02-23T17:49:09","guid":{"rendered":"https:\/\/wp.ufpel.edu.br\/musicalic\/?page_id=74"},"modified":"2023-11-09T19:00:06","modified_gmt":"2023-11-09T22:00:06","slug":"diretorio-academico","status":"publish","type":"page","link":"https:\/\/wp.ufpel.edu.br\/musicalic\/diretorio-academico\/","title":{"rendered":"Diret\u00f3rio Acad\u00eamico"},"content":{"rendered":"<header class=\"entry-header\">\n<h1 class=\"entry-title\"><span style=\"color: #000000;\">DAMul<\/span><\/h1>\n<\/header>\n<div class=\"entry-content\">\n<p><span style=\"color: #000000;\">DAMul \u2013 Diret\u00f3rio Acad\u00eamico da M\u00fasica Licenciatura<\/span><\/p>\n<p><span style=\"color: #000000;\"><a style=\"color: #000000;\" href=\"https:\/\/wp.ufpel.edu.br\/ca\/damul\/damul.musica@gmail.com\">damul.musica@gmail.com<\/a><\/span><\/p>\n<\/div>\n","protected":false},"excerpt":{"rendered":"<p>DAMul DAMul \u2013 Diret\u00f3rio Acad\u00eamico da M\u00fasica Licenciatura damul.musica@gmail.com<\/p>\n","protected":false},"author":1024,"featured_media":0,"parent":0,"menu_order":0,"comment_status":"closed","ping_status":"closed","template":"","meta":{"footnotes":""},"class_list":["post-74","page","type-page","status-publish","hentry"],"jetpack_sharing_enabled":true,"_links":{"self":[{"href":"https:\/\/wp.ufpel.edu.br\/musicalic\/wp-json\/wp\/v2\/pages\/74","targetHints":{"allow":["GET"]}}],"collection":[{"href":"https:\/\/wp.ufpel.edu.br\/musicalic\/wp-json\/wp\/v2\/pages"}],"about":[{"href":"https:\/\/wp.ufpel.edu.br\/musicalic\/wp-json\/wp\/v2\/types\/page"}],"author":[{"embeddable":true,"href":"https:\/\/wp.ufpel.edu.br\/musicalic\/wp-json\/wp\/v2\/users\/1024"}],"replies":[{"embeddable":true,"href":"https:\/\/wp.ufpel.edu.br\/musicalic\/wp-json\/wp\/v2\/comments?post=74"}],"version-history":[{"count":2,"href":"https:\/\/wp.ufpel.edu.br\/musicalic\/wp-json\/wp\/v2\/pages\/74\/revisions"}],"predecessor-version":[{"id":278,"href":"https:\/\/wp.ufpel.edu.br\/musicalic\/wp-json\/wp\/v2\/pages\/74\/revisions\/278"}],"wp:attachment":[{"href":"https:\/\/wp.ufpel.edu.br\/musicalic\/wp-json\/wp\/v2\/media?parent=74"}],"curies":[{"name":"wp","href":"https:\/\/api.w.org\/{rel}","templated":true}]}}