{"id":71,"date":"2021-02-23T14:49:09","date_gmt":"2021-02-23T17:49:09","guid":{"rendered":"https:\/\/wp.ufpel.edu.br\/musicalic\/?page_id=71"},"modified":"2023-11-09T18:48:29","modified_gmt":"2023-11-09T21:48:29","slug":"oficina-de-piano","status":"publish","type":"page","link":"https:\/\/wp.ufpel.edu.br\/musicalic\/oficina-de-piano\/","title":{"rendered":"Oficina de Piano"},"content":{"rendered":"<div class=\"ficha-dados cor-borda\" style=\"text-align: justify;\">\n<div class=\"ficha-campo\"><span style=\"color: #000000; font-family: arial, helvetica, sans-serif; font-size: 12pt;\">Despertar o gosto pela m\u00fasica atrav\u00e9s da alfabetiza\u00e7\u00e3o Musical por meio de aulas de Piano\/Teclado, visando aquisi\u00e7\u00e3o do conhecimento do instrumento e no\u00e7\u00f5es b\u00e1sicas dos fundamentos da m\u00fasica atrav\u00e9s de um repert\u00f3rio variado e contextualizado. As aulas s\u00e3o ministradas para alunos da comunidades, a partir dos 5 anos de idade, por professores de Piano do Centro de Artes e graduandos dos cursos de m\u00fasica que recebem treinamento pedag\u00f3gico espec\u00edfico.<\/span><\/div>\n<\/div>\n<nav class=\"abas-superior cor-borda cor-texto clearfix\"><\/nav>\n<p>&nbsp;<\/p>\n<p style=\"text-align: justify;\"><span style=\"color: #000000; font-family: arial, helvetica, sans-serif; font-size: 12pt;\"><strong>Objetivo Geral:<\/strong><\/span><\/p>\n<p style=\"text-align: justify;\"><span style=\"color: #000000; font-family: arial, helvetica, sans-serif; font-size: 12pt;\">Proporcionar o desenvolvimento de meios de produ\u00e7\u00e3o musical a pessoas da comunidade, a partir dos 5 anos de idade, atrav\u00e9s de aulas individuais de piano\/teclado e recitais coletivos. Objetiva tamb\u00e9m oferecer aos alunos da Licenciatura em M\u00fasica espa\u00e7o para desenvolver atividades orientadas de ensino do instrumento.<\/span><\/p>\n<p style=\"text-align: justify;\"><span style=\"color: #000000; font-family: arial, helvetica, sans-serif; font-size: 12pt;\"><strong>Metodologia:<\/strong><\/span><\/p>\n<p style=\"text-align: justify;\"><span style=\"color: #000000; font-family: arial, helvetica, sans-serif; font-size: 12pt;\">12 encontros, ao longo do semestre em aulas coletivas e\/ou individuais semanais (uma aula individual de 50 minutos), ministrados pelos alunos da Licenciatura em M\u00fasica participantes do projeto de Ensino Oficina de Pedagogia do Piano, bem como pelos professores de Piano do Centro de Artes. Ao final das atividades ser\u00e1 realizado um recital\/sarau para apresenta\u00e7\u00e3o dos alunos participantes, monitores ministrantes e professores.<\/span><\/p>\n<p style=\"text-align: justify;\"><span style=\"color: #000000; font-family: arial, helvetica, sans-serif; font-size: 12pt;\"><strong>Encontros:<\/strong><\/span><\/p>\n<p style=\"text-align: justify;\"><span style=\"color: #000000; font-family: arial, helvetica, sans-serif; font-size: 12pt;\"><strong>Dia:<\/strong> XXXXXX<\/span><\/p>\n<p style=\"text-align: justify;\"><span style=\"color: #000000; font-family: arial, helvetica, sans-serif; font-size: 12pt;\"><strong>Hor\u00e1rio:<\/strong> XXXXX<\/span><\/p>\n<p style=\"text-align: justify;\"><span style=\"color: #000000; font-family: arial, helvetica, sans-serif; font-size: 12pt;\"><strong>Local:<\/strong> XXXXXX<\/span><\/p>\n","protected":false},"excerpt":{"rendered":"<p>Despertar o gosto pela m\u00fasica atrav\u00e9s da alfabetiza\u00e7\u00e3o Musical por meio de aulas de Piano\/Teclado, visando aquisi\u00e7\u00e3o do conhecimento do instrumento e no\u00e7\u00f5es b\u00e1sicas dos fundamentos da m\u00fasica atrav\u00e9s de um repert\u00f3rio variado e contextualizado. As aulas s\u00e3o ministradas para alunos da comunidades, a partir dos 5 anos de idade, por professores de Piano do&hellip;<\/p>\n","protected":false},"author":1024,"featured_media":0,"parent":0,"menu_order":0,"comment_status":"closed","ping_status":"closed","template":"","meta":{"footnotes":""},"class_list":["post-71","page","type-page","status-publish","hentry"],"jetpack_sharing_enabled":true,"_links":{"self":[{"href":"https:\/\/wp.ufpel.edu.br\/musicalic\/wp-json\/wp\/v2\/pages\/71","targetHints":{"allow":["GET"]}}],"collection":[{"href":"https:\/\/wp.ufpel.edu.br\/musicalic\/wp-json\/wp\/v2\/pages"}],"about":[{"href":"https:\/\/wp.ufpel.edu.br\/musicalic\/wp-json\/wp\/v2\/types\/page"}],"author":[{"embeddable":true,"href":"https:\/\/wp.ufpel.edu.br\/musicalic\/wp-json\/wp\/v2\/users\/1024"}],"replies":[{"embeddable":true,"href":"https:\/\/wp.ufpel.edu.br\/musicalic\/wp-json\/wp\/v2\/comments?post=71"}],"version-history":[{"count":4,"href":"https:\/\/wp.ufpel.edu.br\/musicalic\/wp-json\/wp\/v2\/pages\/71\/revisions"}],"predecessor-version":[{"id":275,"href":"https:\/\/wp.ufpel.edu.br\/musicalic\/wp-json\/wp\/v2\/pages\/71\/revisions\/275"}],"wp:attachment":[{"href":"https:\/\/wp.ufpel.edu.br\/musicalic\/wp-json\/wp\/v2\/media?parent=71"}],"curies":[{"name":"wp","href":"https:\/\/api.w.org\/{rel}","templated":true}]}}