{"id":66,"date":"2021-02-23T14:49:08","date_gmt":"2021-02-23T17:49:08","guid":{"rendered":"https:\/\/wp.ufpel.edu.br\/musicalic\/?page_id=66"},"modified":"2023-11-09T16:10:32","modified_gmt":"2023-11-09T19:10:32","slug":"plano-pedagogico","status":"publish","type":"page","link":"https:\/\/wp.ufpel.edu.br\/musicalic\/plano-pedagogico\/","title":{"rendered":"Calend\u00e1rio Acad\u00eamico"},"content":{"rendered":"<blockquote class=\"wp-embedded-content\" data-secret=\"i9w4YKwcYR\"><p><a href=\"https:\/\/wp.ufpel.edu.br\/cra\/calendarios-academicos\/calendario-academico-2023\/\">Calend\u00e1rio Acad\u00eamico 2023<\/a><\/p><\/blockquote>\n<p><iframe loading=\"lazy\" class=\"wp-embedded-content\" sandbox=\"allow-scripts\" security=\"restricted\" style=\"position: absolute; clip: rect(1px, 1px, 1px, 1px);\" title=\"&#8220;Calend\u00e1rio Acad\u00eamico 2023&#8221; &#8212; Coordena\u00e7\u00e3o de Registros Acad\u00eamicos\" src=\"https:\/\/wp.ufpel.edu.br\/cra\/calendarios-academicos\/calendario-academico-2023\/embed\/#?secret=HlcQ3vue2K#?secret=i9w4YKwcYR\" data-secret=\"i9w4YKwcYR\" width=\"600\" height=\"338\" frameborder=\"0\" marginwidth=\"0\" marginheight=\"0\" scrolling=\"no\"><\/iframe><\/p>\n<p><a href=\"https:\/\/wp.ufpel.edu.br\/cra\/calendarios-academicos\/calendario-academico-2023\/\">https:\/\/wp.ufpel.edu.br\/cra\/calendarios-academicos\/calendario-academico-2023\/<\/a><\/p>\n","protected":false},"excerpt":{"rendered":"<p>https:\/\/wp.ufpel.edu.br\/cra\/calendarios-academicos\/calendario-academico-2023\/<\/p>\n","protected":false},"author":1024,"featured_media":0,"parent":0,"menu_order":0,"comment_status":"closed","ping_status":"closed","template":"","meta":{"footnotes":""},"class_list":["post-66","page","type-page","status-publish","hentry"],"jetpack_sharing_enabled":true,"_links":{"self":[{"href":"https:\/\/wp.ufpel.edu.br\/musicalic\/wp-json\/wp\/v2\/pages\/66","targetHints":{"allow":["GET"]}}],"collection":[{"href":"https:\/\/wp.ufpel.edu.br\/musicalic\/wp-json\/wp\/v2\/pages"}],"about":[{"href":"https:\/\/wp.ufpel.edu.br\/musicalic\/wp-json\/wp\/v2\/types\/page"}],"author":[{"embeddable":true,"href":"https:\/\/wp.ufpel.edu.br\/musicalic\/wp-json\/wp\/v2\/users\/1024"}],"replies":[{"embeddable":true,"href":"https:\/\/wp.ufpel.edu.br\/musicalic\/wp-json\/wp\/v2\/comments?post=66"}],"version-history":[{"count":6,"href":"https:\/\/wp.ufpel.edu.br\/musicalic\/wp-json\/wp\/v2\/pages\/66\/revisions"}],"predecessor-version":[{"id":161,"href":"https:\/\/wp.ufpel.edu.br\/musicalic\/wp-json\/wp\/v2\/pages\/66\/revisions\/161"}],"wp:attachment":[{"href":"https:\/\/wp.ufpel.edu.br\/musicalic\/wp-json\/wp\/v2\/media?parent=66"}],"curies":[{"name":"wp","href":"https:\/\/api.w.org\/{rel}","templated":true}]}}

Calendário Acadêmico

<blockquote class="wp-embedded-content" data-secret="i9w4YKwcYR"><p><a href="https://wp.ufpel.edu.br/cra/calendarios-academicos/calendario-academico-2023/">Calendário Acadêmico 2023</a></p></blockquote>
<p><iframe loading="lazy" class="wp-embedded-content" sandbox="allow-scripts" security="restricted" style="position: absolute; clip: rect(1px, 1px, 1px, 1px);" title="&#8220;Calendário Acadêmico 2023&#8221; &#8212; Coordenação de Registros Acadêmicos" src="https://wp.ufpel.edu.br/cra/calendarios-academicos/calendario-academico-2023/embed/#?secret=HlcQ3vue2K#?secret=i9w4YKwcYR" data-secret="i9w4YKwcYR" width="600" height="338" frameborder="0" marginwidth="0" marginheight="0" scrolling="no"></iframe></p>
<p><a href="https://wp.ufpel.edu.br/cra/calendarios-academicos/calendario-academico-2023/">https://wp.ufpel.edu.br/cra/calendarios-academicos/calendario-academico-2023/</a></p>
