{"id":64,"date":"2021-02-23T14:49:08","date_gmt":"2021-02-23T17:49:08","guid":{"rendered":"https:\/\/wp.ufpel.edu.br\/musicalic\/?page_id=64"},"modified":"2025-02-26T16:18:42","modified_gmt":"2025-02-26T19:18:42","slug":"servidores","status":"publish","type":"page","link":"https:\/\/wp.ufpel.edu.br\/musicalic\/servidores\/","title":{"rendered":"Servidores"},"content":{"rendered":"<div class=\"textwidget\">\n<h3 style=\"text-align: justify;\"><span style=\"font-family: arial, helvetica, sans-serif; color: #000000;\">O corpo de servidores vinculado ao curso de M\u00fasica Licenciatura do Centro de Artes \/ UFPEL \u00e9 composto pelos Docentes e T\u00e9cnico-Administrativos em Educa\u00e7\u00e3o (TAEs) listados a seguir:<\/span><\/h3>\n<\/div>\n<p>&nbsp;<\/p>\n<p>&nbsp;<\/p>\n<ul>\n<li><span style=\"font-family: 'times new roman', times, serif; font-size: 14pt; color: #000000;\"><a style=\"color: #000000;\" href=\"http:\/\/lattes.cnpq.br\/4443219995219208\">MSc. Carlos Alberto Oliveira da Silva<\/a><\/span><\/li>\n<\/ul>\n<p>&nbsp;<\/p>\n<ul>\n<li><span style=\"font-family: 'times new roman', times, serif; font-size: 14pt; color: #000000;\"><a style=\"color: #000000;\" href=\"http:\/\/lattes.cnpq.br\/5492536890560567\">MSc. Clarice Franco de Souza<\/a><\/span><\/li>\n<\/ul>\n<p>&nbsp;<\/p>\n<ul>\n<li><span style=\"font-family: 'times new roman', times, serif; font-size: 14pt; color: #000000;\"><a style=\"color: #000000;\" href=\"http:\/\/lattes.cnpq.br\/3902097869731480\">Dr. Edson Ponick<\/a><\/span><\/li>\n<\/ul>\n<h3><\/h3>\n<ul>\n<li><span style=\"font-family: 'times new roman', times, serif; color: #000000; font-size: 14pt;\"><a style=\"color: #000000;\" href=\"http:\/\/lattes.cnpq.br\/4115190263903268\">Dr. Felipe da Silva Martins<\/a><\/span><\/li>\n<\/ul>\n<p>&nbsp;<\/p>\n<ul>\n<li><span style=\"font-family: 'times new roman', times, serif; font-size: 14pt; color: #000000;\"><a style=\"color: #000000;\" href=\"http:\/\/lattes.cnpq.br\/1738479305538809\">Dra. Isabel Bonat Hirsch<\/a><\/span><\/li>\n<\/ul>\n<p>&nbsp;<\/p>\n<ul>\n<li><span style=\"font-family: 'times new roman', times, serif; font-size: 14pt; color: #000000;\"><a style=\"color: #000000;\" href=\"http:\/\/lattes.cnpq.br\/2554490871736489\">MSc. Jo\u00e3o Alexandre Straub Gomes<\/a><\/span><\/li>\n<\/ul>\n<p>&nbsp;<\/p>\n<ul>\n<li><span style=\"font-family: 'times new roman', times, serif; font-size: 14pt; color: #000000;\"><a style=\"color: #000000;\" href=\"http:\/\/lattes.cnpq.br\/9937779010433532\">Dr. Jos\u00e9 Everton da Silva Rozzini<\/a><\/span><\/li>\n<\/ul>\n<p>&nbsp;<\/p>\n<ul>\n<li><span style=\"font-family: 'times new roman', times, serif; font-size: 14pt; color: #000000;\"><a style=\"color: #000000;\" href=\"http:\/\/lattes.cnpq.br\/3475496856222702\">Dra. L\u00e9lia Negrini Diniz<\/a><\/span><\/li>\n<\/ul>\n<p>&nbsp;<\/p>\n<ul>\n<li><span style=\"font-family: 'times new roman', times, serif; font-size: 14pt; color: #000000;\"><a style=\"color: #000000;\" href=\"http:\/\/lattes.cnpq.br\/0007278260015680\">Dra. Luciana Elisa Lozada Ten\u00f3rio<\/a><\/span><\/li>\n<\/ul>\n<p>&nbsp;<\/p>\n<ul>\n<li><span style=\"font-family: 'times new roman', times, serif; font-size: 14pt; color: #000000;\"><a style=\"color: #000000;\" href=\"http:\/\/lattes.cnpq.br\/6184113115147850\">Dr. Lu\u00eds Fernando Hering Coelho<\/a><\/span><\/li>\n<\/ul>\n<p>&nbsp;<\/p>\n<ul>\n<li><span style=\"font-family: 'times new roman', times, serif; font-size: 14pt; color: #000000;\"><a style=\"color: #000000;\" href=\"https:\/\/institucional.ufpel.edu.br\/servidores\/id\/24129\">Maria Christina Rocha Bachilli<\/a><\/span><\/li>\n<\/ul>\n<p>&nbsp;<\/p>\n<ul>\n<li><span style=\"font-family: 'times new roman', times, serif; font-size: 14pt; color: #000000;\"><a style=\"color: #000000;\" href=\"http:\/\/lattes.cnpq.br\/2532404937273915\">MSc. Rafael Garcia Borges<\/a><\/span><\/li>\n<\/ul>\n<p>&nbsp;<\/p>\n<ul>\n<li><span style=\"font-family: 'times new roman', times, serif; font-size: 14pt; color: #000000;\"><a style=\"color: #000000;\" href=\"http:\/\/lattes.cnpq.br\/9144601716292183\">Dra. Regiana Blanke Wille<\/a><\/span><\/li>\n<\/ul>\n<p>&nbsp;<\/p>\n<ul>\n<li><span style=\"font-family: 'times new roman', times, serif; font-size: 14pt; color: #000000;\"><a style=\"color: #000000;\" href=\"http:\/\/lattes.cnpq.br\/0612672242223654\">Dra. S\u00f4nia Andr\u00e9 Cava de Oliveira<\/a><\/span><\/li>\n<\/ul>\n<p>&nbsp;<\/p>\n<p>&nbsp;<\/p>\n","protected":false},"excerpt":{"rendered":"<p>O corpo de servidores vinculado ao curso de M\u00fasica Licenciatura do Centro de Artes \/ UFPEL \u00e9 composto pelos Docentes e T\u00e9cnico-Administrativos em Educa\u00e7\u00e3o (TAEs) listados a seguir: &nbsp; &nbsp; MSc. Carlos Alberto Oliveira da Silva &nbsp; MSc. Clarice Franco de Souza &nbsp; Dr. Edson Ponick Dr. Felipe da Silva Martins &nbsp; Dra. Isabel Bonat&hellip;<\/p>\n","protected":false},"author":1024,"featured_media":0,"parent":0,"menu_order":0,"comment_status":"closed","ping_status":"closed","template":"","meta":{"footnotes":""},"class_list":["post-64","page","type-page","status-publish","hentry"],"jetpack_sharing_enabled":true,"_links":{"self":[{"href":"https:\/\/wp.ufpel.edu.br\/musicalic\/wp-json\/wp\/v2\/pages\/64","targetHints":{"allow":["GET"]}}],"collection":[{"href":"https:\/\/wp.ufpel.edu.br\/musicalic\/wp-json\/wp\/v2\/pages"}],"about":[{"href":"https:\/\/wp.ufpel.edu.br\/musicalic\/wp-json\/wp\/v2\/types\/page"}],"author":[{"embeddable":true,"href":"https:\/\/wp.ufpel.edu.br\/musicalic\/wp-json\/wp\/v2\/users\/1024"}],"replies":[{"embeddable":true,"href":"https:\/\/wp.ufpel.edu.br\/musicalic\/wp-json\/wp\/v2\/comments?post=64"}],"version-history":[{"count":6,"href":"https:\/\/wp.ufpel.edu.br\/musicalic\/wp-json\/wp\/v2\/pages\/64\/revisions"}],"predecessor-version":[{"id":297,"href":"https:\/\/wp.ufpel.edu.br\/musicalic\/wp-json\/wp\/v2\/pages\/64\/revisions\/297"}],"wp:attachment":[{"href":"https:\/\/wp.ufpel.edu.br\/musicalic\/wp-json\/wp\/v2\/media?parent=64"}],"curies":[{"name":"wp","href":"https:\/\/api.w.org\/{rel}","templated":true}]}}