{"id":56,"date":"2021-02-23T14:13:35","date_gmt":"2021-02-23T17:13:35","guid":{"rendered":"https:\/\/wp.ufpel.edu.br\/musicalic\/?page_id=56"},"modified":"2023-11-09T19:15:48","modified_gmt":"2023-11-09T22:15:48","slug":"focem","status":"publish","type":"page","link":"https:\/\/wp.ufpel.edu.br\/musicalic\/focem\/","title":{"rendered":"FOCEM"},"content":{"rendered":"<p style=\"text-align: justify;\"><span style=\"font-family: arial, helvetica, sans-serif; color: #000000; font-size: 12pt;\">O projeto Forma\u00e7\u00e3o Continuada em Educa\u00e7\u00e3o Musical &#8211; FOCEM &#8211; visa oferecer oficinas de musicaliza\u00e7\u00e3o para professores que atuam, preferencialmente, na educa\u00e7\u00e3o infantil e anos iniciais do ensino fundamental da rede p\u00fablica de ensino, podendo ser ofertado tamb\u00e9m para professores dos demais n\u00edveis da educa\u00e7\u00e3o b\u00e1sica. Tem como objetivo qualificar ainda mais o trabalho musical j\u00e1 desenvolvido nas escolas. O FOCEM se dedica principalmente a forma\u00e7\u00e3o continuada musical de professores que n\u00e3o s\u00e3o especialistas em m\u00fasica, especialmente aos Pedagogos ou ainda aqueles oriundos dos curso em n\u00edvel t\u00e9cnico de Magist\u00e9rio e\/ou Normal. As oficinas s\u00e3o oferecidas basicamente em duas modalidades: Itinerante, ou seja, acontecendo de forma pontual nas institui\u00e7\u00f5es anfitri\u00e3s e a presencial continuada, onde semanalmente a turma de professores se re\u00fane nas instala\u00e7\u00f5es da UFPel para obter forma\u00e7\u00e3o musical. Por conta da pandemia da COVID-19, o projeto \u00e9 oferecido, por\u00e9m, de forma remota.<\/span><\/p>\n<p style=\"text-align: justify;\"><strong><span style=\"font-family: arial, helvetica, sans-serif; color: #000000; font-size: 12pt;\">Objetivo Geral:\u00a0<\/span><\/strong><\/p>\n<p style=\"text-align: justify;\"><span style=\"font-family: arial, helvetica, sans-serif; color: #000000; font-size: 12pt;\">Qualificar o ensino de m\u00fasica j\u00e1 desenvolvido pelos professores da rede p\u00fablica que trabalham na educa\u00e7\u00e3o b\u00e1sica.<\/span><\/p>\n<p style=\"text-align: justify;\"><strong><span style=\"font-family: arial, helvetica, sans-serif; color: #000000; font-size: 12pt;\">Metodologia:<\/span><\/strong><\/p>\n<p style=\"text-align: justify;\"><span style=\"font-family: arial, helvetica, sans-serif; color: #000000; font-size: 12pt;\">Oficinas semanais regulares divididas em m\u00f3dulos de 10 encontros de 3h cada, incluindo atividades de musicaliza\u00e7\u00e3o a partir da percep\u00e7\u00e3o, percuss\u00e3o corporal e brincadeiras musicais. A cada semestre s\u00e3o oferecidos, pelo menos, 2 m\u00f3dulos sequenciais. Tamb\u00e9m s\u00e3o oferecidas oficinas itinerantes solicitadas por escolas, secretarias de educa\u00e7\u00e3o de outros munic\u00edpios e demais institui\u00e7\u00f5es educativas da regi\u00e3o sul do Estado do RS. Com a pandemia da COVID-19, as oficinas s\u00e3o oferecidas de forma remota, com atividade s\u00edncronas e ass\u00edncronas.<\/span><\/p>\n<p style=\"text-align: justify;\"><strong><span style=\"font-family: arial, helvetica, sans-serif; color: #000000; font-size: 12pt;\">Mais informa\u00e7\u00f5es:<\/span><\/strong><\/p>\n<p><span style=\"font-size: 18pt;\"><strong><a href=\"https:\/\/www.instagram.com\/focem.ufpel\/\">FOCEM<\/a><\/strong><\/span><\/p>\n<p style=\"text-align: justify;\">\n","protected":false},"excerpt":{"rendered":"<p>O projeto Forma\u00e7\u00e3o Continuada em Educa\u00e7\u00e3o Musical &#8211; FOCEM &#8211; visa oferecer oficinas de musicaliza\u00e7\u00e3o para professores que atuam, preferencialmente, na educa\u00e7\u00e3o infantil e anos iniciais do ensino fundamental da rede p\u00fablica de ensino, podendo ser ofertado tamb\u00e9m para professores dos demais n\u00edveis da educa\u00e7\u00e3o b\u00e1sica. Tem como objetivo qualificar ainda mais o trabalho musical&hellip;<\/p>\n","protected":false},"author":1024,"featured_media":0,"parent":0,"menu_order":0,"comment_status":"closed","ping_status":"closed","template":"","meta":{"footnotes":""},"class_list":["post-56","page","type-page","status-publish","hentry"],"jetpack_sharing_enabled":true,"_links":{"self":[{"href":"https:\/\/wp.ufpel.edu.br\/musicalic\/wp-json\/wp\/v2\/pages\/56","targetHints":{"allow":["GET"]}}],"collection":[{"href":"https:\/\/wp.ufpel.edu.br\/musicalic\/wp-json\/wp\/v2\/pages"}],"about":[{"href":"https:\/\/wp.ufpel.edu.br\/musicalic\/wp-json\/wp\/v2\/types\/page"}],"author":[{"embeddable":true,"href":"https:\/\/wp.ufpel.edu.br\/musicalic\/wp-json\/wp\/v2\/users\/1024"}],"replies":[{"embeddable":true,"href":"https:\/\/wp.ufpel.edu.br\/musicalic\/wp-json\/wp\/v2\/comments?post=56"}],"version-history":[{"count":5,"href":"https:\/\/wp.ufpel.edu.br\/musicalic\/wp-json\/wp\/v2\/pages\/56\/revisions"}],"predecessor-version":[{"id":227,"href":"https:\/\/wp.ufpel.edu.br\/musicalic\/wp-json\/wp\/v2\/pages\/56\/revisions\/227"}],"wp:attachment":[{"href":"https:\/\/wp.ufpel.edu.br\/musicalic\/wp-json\/wp\/v2\/media?parent=56"}],"curies":[{"name":"wp","href":"https:\/\/api.w.org\/{rel}","templated":true}]}}

<p style="text-align: justify;"><span style="font-family: arial, helvetica, sans-serif; color: #000000; font-size: 12pt;">O projeto Formação Continuada em Educação Musical &#8211; FOCEM &#8211; visa oferecer oficinas de musicalização para professores que atuam, preferencialmente, na educação infantil e anos iniciais do ensino fundamental da rede pública de ensino, podendo ser ofertado também para professores dos demais níveis da educação básica. Tem como objetivo qualificar ainda mais o trabalho musical já desenvolvido nas escolas. O FOCEM se dedica principalmente a formação continuada musical de professores que não são especialistas em música, especialmente aos Pedagogos ou ainda aqueles oriundos dos curso em nível técnico de Magistério e/ou Normal. As oficinas são oferecidas basicamente em duas modalidades: Itinerante, ou seja, acontecendo de forma pontual nas instituições anfitriãs e a presencial continuada, onde semanalmente a turma de professores se reúne nas instalações da UFPel para obter formação musical. Por conta da pandemia da COVID-19, o projeto é oferecido, porém, de forma remota.</span></p>
<p style="text-align: justify;"><strong><span style="font-family: arial, helvetica, sans-serif; color: #000000; font-size: 12pt;">Objetivo Geral: </span></strong></p>
<p style="text-align: justify;"><span style="font-family: arial, helvetica, sans-serif; color: #000000; font-size: 12pt;">Qualificar o ensino de música já desenvolvido pelos professores da rede pública que trabalham na educação básica.</span></p>
<p style="text-align: justify;"><strong><span style="font-family: arial, helvetica, sans-serif; color: #000000; font-size: 12pt;">Metodologia:</span></strong></p>
<p style="text-align: justify;"><span style="font-family: arial, helvetica, sans-serif; color: #000000; font-size: 12pt;">Oficinas semanais regulares divididas em módulos de 10 encontros de 3h cada, incluindo atividades de musicalização a partir da percepção, percussão corporal e brincadeiras musicais. A cada semestre são oferecidos, pelo menos, 2 módulos sequenciais. Também são oferecidas oficinas itinerantes solicitadas por escolas, secretarias de educação de outros municípios e demais instituições educativas da região sul do Estado do RS. Com a pandemia da COVID-19, as oficinas são oferecidas de forma remota, com atividade síncronas e assíncronas.</span></p>
<p style="text-align: justify;"><strong><span style="font-family: arial, helvetica, sans-serif; color: #000000; font-size: 12pt;">Mais informações:</span></strong></p>
<p><span style="font-size: 18pt;"><strong><a href="https://www.instagram.com/focem.ufpel/">FOCEM</a></strong></span></p>
<p style="text-align: justify;">

<p>O projeto Formação Continuada em Educação Musical &#8211; FOCEM &#8211; visa oferecer oficinas de musicalização para professores que atuam, preferencialmente, na educação infantil e anos iniciais do ensino fundamental da rede pública de ensino, podendo ser ofertado também para professores dos demais níveis da educação básica. Tem como objetivo qualificar ainda mais o trabalho musical&hellip;</p>
