{"id":243,"date":"2023-11-09T18:15:03","date_gmt":"2023-11-09T21:15:03","guid":{"rendered":"https:\/\/wp.ufpel.edu.br\/musicalic\/?page_id=243"},"modified":"2024-11-22T10:29:44","modified_gmt":"2024-11-22T13:29:44","slug":"grupovocalinfantojuvenil","status":"publish","type":"page","link":"https:\/\/wp.ufpel.edu.br\/musicalic\/grupovocalinfantojuvenil\/","title":{"rendered":"Grupo Vocal Infanto Juvenil"},"content":{"rendered":"<p style=\"text-align: justify;\"><span style=\"color: #000000; font-family: arial, helvetica, sans-serif; font-size: 12pt;\">Considerando como uma das fun\u00e7\u00f5es da universidade a constru\u00e7\u00e3o e difus\u00e3o de conhecimentos universais que garantam o acesso \u00e0 ci\u00eancia e \u00e0 cultura, contribuindo para o desenvolvimento de uma sociedade mais justa, objetiva-se com este projeto a amplia\u00e7\u00e3o do acesso da comunidade pelotense ao ensino e pr\u00e1tica musical, especificamente com a pr\u00e1tica vocal coletiva para o p\u00fablico infanto-juvenil (de 11 a 14 anos). Para tanto, metodologicamente teremos um encontro semanal com dura\u00e7\u00e3o de duas horas denominado \u201cEnsaio Geral\u201d, onde construiremos as bases t\u00e9cnicas para o canto coletivo bem como o repert\u00f3rio de apresenta\u00e7\u00e3o, objetivando paralelamente estimular a compreens\u00e3o da performance art\u00edstica tamb\u00e9m como espa\u00e7o de aprendizagem musical. Ainda na perspectiva de colaborar com a curricularizacao da extens\u00e3o no curso de m\u00fasica licenciatura, este projeto ser\u00e1 espa\u00e7o de atua\u00e7\u00e3o dos estudantes vinculados com o componente curricular \u201cOrienta\u00e7\u00e3o e pr\u00e1tica pedag\u00f3gico-musical 2 \u2013 c\u00f3d: 05001298), deste modo, o espa\u00e7o das aulas ser\u00e1 utilizado para a reflex\u00e3o e constru\u00e7\u00e3o te\u00f3rica acerca do tema<\/span><\/p>\n<p style=\"text-align: justify;\"><span style=\"color: #000000; font-family: arial, helvetica, sans-serif; font-size: 12pt;\"><strong>Objetivo geral:<\/strong><\/span><\/p>\n<p style=\"text-align: justify;\"><span style=\"color: #000000; font-family: arial, helvetica, sans-serif; font-size: 12pt;\">Desenvolver a pr\u00e1tica vocal coletiva infanto-juvenil.<\/span><\/p>\n<p style=\"text-align: justify;\"><span style=\"color: #000000; font-family: arial, helvetica, sans-serif; font-size: 12pt;\"><strong>Metodologia:<\/strong><\/span><\/p>\n<p style=\"text-align: justify;\"><span style=\"color: #000000; font-family: arial, helvetica, sans-serif; font-size: 12pt;\">O projeto se divide em tr\u00eas eixos: os ensaios; as apresenta\u00e7\u00f5es; e as prepara\u00e7\u00f5es t\u00e9cnicas.<\/span><\/p>\n<p style=\"text-align: justify;\"><span style=\"color: #000000; font-family: arial, helvetica, sans-serif; font-size: 12pt;\">Os ensaios ter\u00e3o dura\u00e7\u00e3o de aproximadamente duas horas, sendo um espa\u00e7o para aquisi\u00e7\u00e3o de t\u00e9cnica e repert\u00f3rio. Estes processos ser\u00e3o executados a partir das metodologias ativas da educa\u00e7\u00e3o musical, que prezam pelo uso da corporeidade, bem como da compreens\u00e3o cultural de cada sujeito durante o processo de constru\u00e7\u00e3o do conhecimento musical. As apresenta\u00e7\u00f5es tamb\u00e9m se colocam como um processo pedag\u00f3gico, pois buscaremos evidenciar os processos informais de aprendizagem que o contexto da performance pode oferecer, al\u00e9m de tamb\u00e9m construir, nos participantes do projeto a valoriza\u00e7\u00e3o da frui\u00e7\u00e3o em arte, seja como artista, seja como expectador. E por fim as prepara\u00e7\u00f5es t\u00e9cnicas ser\u00e3o encontros da equipe t\u00e9cnica do projeto para o planejamento, organiza\u00e7\u00e3o e reflex\u00e3o dos processos executamos.<\/span><\/p>\n<p style=\"text-align: justify;\"><span style=\"color: #000000; font-family: arial, helvetica, sans-serif; font-size: 12pt;\"><strong>Encontros:<\/strong><\/span><\/p>\n<p style=\"text-align: justify;\"><span style=\"color: #000000; font-family: arial, helvetica, sans-serif; font-size: 12pt;\"><strong>Dia:<\/strong> Quinta-feira<\/span><\/p>\n<p style=\"text-align: justify;\"><span style=\"color: #000000; font-family: arial, helvetica, sans-serif; font-size: 12pt;\"><strong>Hor\u00e1rio:<\/strong> 18:30 at\u00e9 20:00<\/span><\/p>\n<p style=\"text-align: justify;\"><span style=\"color: #000000; font-family: arial, helvetica, sans-serif; font-size: 12pt;\"><strong>Local:<\/strong> Sala Preta \u2013 Centro de Artes \u2013 Bloco 1 (Alberto Rosa, 62)<\/span><\/p>\n<p style=\"text-align: justify;\"><span style=\"color: #000000; font-family: arial, helvetica, sans-serif; font-size: 12pt;\"><strong>Mais informa\u00e7\u00f5es:<\/strong><\/span><\/p>\n<p><strong><a href=\"mailto:grupovocalinfantojuvenil@gmail.com\">Email: grupovocalinfantojuvenil@gmail.com<\/a><\/strong><\/p>\n<p><strong>Instagram: <a href=\"https:\/\/www.instagram.com\/guviju.ufpel\/\">@guviju.ufpel<\/a><\/strong><\/p>\n<p>&nbsp;<\/p>\n","protected":false},"excerpt":{"rendered":"<p>Considerando como uma das fun\u00e7\u00f5es da universidade a constru\u00e7\u00e3o e difus\u00e3o de conhecimentos universais que garantam o acesso \u00e0 ci\u00eancia e \u00e0 cultura, contribuindo para o desenvolvimento de uma sociedade mais justa, objetiva-se com este projeto a amplia\u00e7\u00e3o do acesso da comunidade pelotense ao ensino e pr\u00e1tica musical, especificamente com a pr\u00e1tica vocal coletiva para&hellip;<\/p>\n","protected":false},"author":1343,"featured_media":0,"parent":0,"menu_order":0,"comment_status":"closed","ping_status":"closed","template":"","meta":{"footnotes":""},"class_list":["post-243","page","type-page","status-publish","hentry"],"jetpack_sharing_enabled":true,"_links":{"self":[{"href":"https:\/\/wp.ufpel.edu.br\/musicalic\/wp-json\/wp\/v2\/pages\/243","targetHints":{"allow":["GET"]}}],"collection":[{"href":"https:\/\/wp.ufpel.edu.br\/musicalic\/wp-json\/wp\/v2\/pages"}],"about":[{"href":"https:\/\/wp.ufpel.edu.br\/musicalic\/wp-json\/wp\/v2\/types\/page"}],"author":[{"embeddable":true,"href":"https:\/\/wp.ufpel.edu.br\/musicalic\/wp-json\/wp\/v2\/users\/1343"}],"replies":[{"embeddable":true,"href":"https:\/\/wp.ufpel.edu.br\/musicalic\/wp-json\/wp\/v2\/comments?post=243"}],"version-history":[{"count":4,"href":"https:\/\/wp.ufpel.edu.br\/musicalic\/wp-json\/wp\/v2\/pages\/243\/revisions"}],"predecessor-version":[{"id":295,"href":"https:\/\/wp.ufpel.edu.br\/musicalic\/wp-json\/wp\/v2\/pages\/243\/revisions\/295"}],"wp:attachment":[{"href":"https:\/\/wp.ufpel.edu.br\/musicalic\/wp-json\/wp\/v2\/media?parent=243"}],"curies":[{"name":"wp","href":"https:\/\/api.w.org\/{rel}","templated":true}]}}