{"id":229,"date":"2023-11-09T17:59:01","date_gmt":"2023-11-09T20:59:01","guid":{"rendered":"https:\/\/wp.ufpel.edu.br\/musicalic\/?page_id=229"},"modified":"2023-11-09T19:16:38","modified_gmt":"2023-11-09T22:16:38","slug":"fazendo-um-som","status":"publish","type":"page","link":"https:\/\/wp.ufpel.edu.br\/musicalic\/fazendo-um-som\/","title":{"rendered":"Fazendo um som"},"content":{"rendered":"<p style=\"text-align: justify;\"><span style=\"font-family: arial, helvetica, sans-serif; color: #000000; font-size: 12pt;\">O projeto &#8220;Fazendo um Som&#8221; visa oportunizar a participa\u00e7\u00e3o de jovens e adultos, principalmente, os que se encontram em situa\u00e7\u00e3o de vulnerabilidade social, a partir de grupos de estudos musicais buscando oferecer um ambiente de aprendizado e cultura.<\/span><\/p>\n<p style=\"text-align: justify;\"><strong><span style=\"font-family: arial, helvetica, sans-serif; color: #000000; font-size: 12pt;\">Objetivo Geral:\u00a0<\/span><\/strong><\/p>\n<p style=\"text-align: justify;\"><span style=\"font-family: arial, helvetica, sans-serif; color: #000000; font-size: 12pt;\">Promover estudos musicais para jovens e adultos em situa\u00e7\u00e3o de vulnerabilidade social no munic\u00edpio de Pelotas\/RS.<\/span><\/p>\n<p style=\"text-align: justify;\"><strong><span style=\"font-family: arial, helvetica, sans-serif; color: #000000; font-size: 12pt;\">Metodologia:<\/span><\/strong><\/p>\n<p style=\"text-align: justify;\"><span style=\"font-family: arial, helvetica, sans-serif; color: #000000; font-size: 12pt;\">As atividades ser\u00e3o desenvolvidas de acordo com a necessidade e disponibilidade de cada institui\u00e7\u00e3o ou grupo<br \/>\nCada uma das oficinas ter\u00e1 dura\u00e7\u00e3o de 2h semanais, entre atividades de planejamento e pr\u00e1tica e ser\u00e3o organizadas, conduzidas e ministradas pelos acad\u00eamicos dos cursos de m\u00fasica da UFPel.<\/span><\/p>\n<p style=\"text-align: justify;\"><strong><span style=\"font-family: arial, helvetica, sans-serif; color: #000000; font-size: 12pt;\">Espa\u00e7os atendidos:<\/span><\/strong><\/p>\n<p>&nbsp;<\/p>\n<p style=\"text-align: justify;\"><strong><span style=\"font-family: arial, helvetica, sans-serif; color: #000000; font-size: 12pt;\">Instituto Nossa Senhora da Concei\u00e7\u00e3o<\/span><\/strong><\/p>\n<p style=\"text-align: justify;\"><strong><span style=\"font-family: arial, helvetica, sans-serif; color: #000000; font-size: 12pt;\">Instituto S\u00e3o Benedito<\/span><\/strong><\/p>\n<p style=\"text-align: justify;\"><strong><span style=\"font-family: arial, helvetica, sans-serif; color: #000000; font-size: 12pt;\">Legi\u00e3o da Boa Vontade &#8211; LBV<\/span><\/strong><\/p>\n<p style=\"text-align: justify;\"><strong><span style=\"font-family: arial, helvetica, sans-serif; color: #000000; font-size: 12pt;\">Orquestra Municipal de Pelotas<\/span><\/strong><\/p>\n<p><strong><span style=\"font-family: arial, helvetica, sans-serif; color: #000000; font-size: 12pt;\">Orquestra do Areal<\/span><\/strong><\/p>\n<hr \/>\n<p style=\"text-align: justify;\"><strong><span style=\"font-family: arial, helvetica, sans-serif; color: #000000; font-size: 12pt;\">Mais informa\u00e7\u00f5es:<\/span><\/strong><\/p>\n<p><strong><span style=\"font-family: arial, helvetica, sans-serif; font-size: 18pt;\"><a href=\"https:\/\/www.instagram.com\/projetofazendoumsom\/\">Fazendo um Som<\/a><\/span><\/strong><\/p>\n<p style=\"text-align: justify;\">\n","protected":false},"excerpt":{"rendered":"<p>O projeto &#8220;Fazendo um Som&#8221; visa oportunizar a participa\u00e7\u00e3o de jovens e adultos, principalmente, os que se encontram em situa\u00e7\u00e3o de vulnerabilidade social, a partir de grupos de estudos musicais buscando oferecer um ambiente de aprendizado e cultura. Objetivo Geral:\u00a0 Promover estudos musicais para jovens e adultos em situa\u00e7\u00e3o de vulnerabilidade social no munic\u00edpio de&hellip;<\/p>\n","protected":false},"author":1343,"featured_media":0,"parent":0,"menu_order":0,"comment_status":"closed","ping_status":"closed","template":"","meta":{"footnotes":""},"class_list":["post-229","page","type-page","status-publish","hentry"],"jetpack_sharing_enabled":true,"_links":{"self":[{"href":"https:\/\/wp.ufpel.edu.br\/musicalic\/wp-json\/wp\/v2\/pages\/229","targetHints":{"allow":["GET"]}}],"collection":[{"href":"https:\/\/wp.ufpel.edu.br\/musicalic\/wp-json\/wp\/v2\/pages"}],"about":[{"href":"https:\/\/wp.ufpel.edu.br\/musicalic\/wp-json\/wp\/v2\/types\/page"}],"author":[{"embeddable":true,"href":"https:\/\/wp.ufpel.edu.br\/musicalic\/wp-json\/wp\/v2\/users\/1343"}],"replies":[{"embeddable":true,"href":"https:\/\/wp.ufpel.edu.br\/musicalic\/wp-json\/wp\/v2\/comments?post=229"}],"version-history":[{"count":5,"href":"https:\/\/wp.ufpel.edu.br\/musicalic\/wp-json\/wp\/v2\/pages\/229\/revisions"}],"predecessor-version":[{"id":279,"href":"https:\/\/wp.ufpel.edu.br\/musicalic\/wp-json\/wp\/v2\/pages\/229\/revisions\/279"}],"wp:attachment":[{"href":"https:\/\/wp.ufpel.edu.br\/musicalic\/wp-json\/wp\/v2\/media?parent=229"}],"curies":[{"name":"wp","href":"https:\/\/api.w.org\/{rel}","templated":true}]}}