{"id":196,"date":"2023-11-09T17:28:11","date_gmt":"2023-11-09T20:28:11","guid":{"rendered":"https:\/\/wp.ufpel.edu.br\/musicalic\/?page_id=196"},"modified":"2023-11-09T17:28:11","modified_gmt":"2023-11-09T20:28:11","slug":"praticas-educacionais-em-musica-e-formacao-profissional","status":"publish","type":"page","link":"https:\/\/wp.ufpel.edu.br\/musicalic\/praticas-educacionais-em-musica-e-formacao-profissional\/","title":{"rendered":"Pr\u00e1ticas educacionais em m\u00fasica e forma\u00e7\u00e3o profissional"},"content":{"rendered":"","protected":false},"excerpt":{"rendered":"","protected":false},"author":1343,"featured_media":0,"parent":0,"menu_order":0,"comment_status":"closed","ping_status":"closed","template":"","meta":{"footnotes":""},"class_list":["post-196","page","type-page","status-publish","hentry"],"jetpack_sharing_enabled":true,"_links":{"self":[{"href":"https:\/\/wp.ufpel.edu.br\/musicalic\/wp-json\/wp\/v2\/pages\/196","targetHints":{"allow":["GET"]}}],"collection":[{"href":"https:\/\/wp.ufpel.edu.br\/musicalic\/wp-json\/wp\/v2\/pages"}],"about":[{"href":"https:\/\/wp.ufpel.edu.br\/musicalic\/wp-json\/wp\/v2\/types\/page"}],"author":[{"embeddable":true,"href":"https:\/\/wp.ufpel.edu.br\/musicalic\/wp-json\/wp\/v2\/users\/1343"}],"replies":[{"embeddable":true,"href":"https:\/\/wp.ufpel.edu.br\/musicalic\/wp-json\/wp\/v2\/comments?post=196"}],"version-history":[{"count":1,"href":"https:\/\/wp.ufpel.edu.br\/musicalic\/wp-json\/wp\/v2\/pages\/196\/revisions"}],"predecessor-version":[{"id":198,"href":"https:\/\/wp.ufpel.edu.br\/musicalic\/wp-json\/wp\/v2\/pages\/196\/revisions\/198"}],"wp:attachment":[{"href":"https:\/\/wp.ufpel.edu.br\/musicalic\/wp-json\/wp\/v2\/media?parent=196"}],"curies":[{"name":"wp","href":"https:\/\/api.w.org\/{rel}","templated":true}]}}

Práticas educacionais em música e formação profissional
