{"id":230,"date":"2017-09-14T13:36:12","date_gmt":"2017-09-14T16:36:12","guid":{"rendered":"https:\/\/wp.ufpel.edu.br\/museumaciel\/?page_id=230"},"modified":"2017-09-16T14:02:05","modified_gmt":"2017-09-16T17:02:05","slug":"museu-gruppelli","status":"publish","type":"page","link":"https:\/\/wp.ufpel.edu.br\/museumaciel\/museu-gruppelli\/","title":{"rendered":"Museu Gruppelli"},"content":{"rendered":"<p style=\"text-align: justify\">O Museu Gruppelli fica localizado no 7\u00b0 distrito da cidade de Pelotas e foi inaugurado em outubro de 1998, por iniciativa da comunidade local. O acervo do Museu foi reunido atrav\u00e9s da coleta e de doa\u00e7\u00f5es feitas por moradores da regi\u00e3o, capitaneados pela fam\u00edlia Gruppelli, cujo objetivo era reunir refer\u00eancias do patrim\u00f4nio rural que fossem significativas para a popula\u00e7\u00e3o circunvizinha. O contato com a comunidade local sempre foi mediado pela fam\u00edlia, mas com uma vis\u00e3o comunit\u00e1ria aglutinadora.<\/p>\n<p style=\"text-align: justify\">A ideia da cria\u00e7\u00e3o do Museu surgiu devido a muitas pessoas que vinham relembrar sua inf\u00e2ncia na col\u00f4nia, como no caso de parentes, vizinhos e veranistas. A maioria dos objetos que faz parte do Museu j\u00e1 se encontrava no pr\u00e9dio em que ele se situa hoje. Com o decorrer do tempo, o n\u00famero de objetos salvaguardados foi aumentando gradativamente, seja por doa\u00e7\u00e3o da pr\u00f3pria fam\u00edlia Gruppelli, ou mesmo, por iniciativa de moradores locais que tiveram despertado o interesse em preservar as mem\u00f3rias do cotidiano dessa regi\u00e3o.<\/p>\n<p>Localiza\u00e7\u00e3o e contato:<\/p>\n<p>Col\u00f4nia Municipal &#8211; 7\u00ba Distrito de Pelotas.<\/p>\n<p>Contatos podem ser feitos atrav\u00e9s do <a href=\"https:\/\/www.facebook.com\/museugruppelli\">Facebook<\/a>. <a href=\"https:\/\/wp.ufpel.edu.br\/museumaciel\/files\/2017\/09\/13567321_819645491499859_7403619170492595095_n.jpg\"><img loading=\"lazy\" decoding=\"async\" class=\"aligncenter size-medium wp-image-429\" src=\"https:\/\/wp.ufpel.edu.br\/museumaciel\/files\/2017\/09\/13567321_819645491499859_7403619170492595095_n-424x318.jpg\" alt=\"\" width=\"424\" height=\"318\" srcset=\"https:\/\/wp.ufpel.edu.br\/museumaciel\/files\/2017\/09\/13567321_819645491499859_7403619170492595095_n-424x318.jpg 424w, https:\/\/wp.ufpel.edu.br\/museumaciel\/files\/2017\/09\/13567321_819645491499859_7403619170492595095_n-212x159.jpg 212w, https:\/\/wp.ufpel.edu.br\/museumaciel\/files\/2017\/09\/13567321_819645491499859_7403619170492595095_n-768x576.jpg 768w, https:\/\/wp.ufpel.edu.br\/museumaciel\/files\/2017\/09\/13567321_819645491499859_7403619170492595095_n-945x709.jpg 945w, https:\/\/wp.ufpel.edu.br\/museumaciel\/files\/2017\/09\/13567321_819645491499859_7403619170492595095_n-600x450.jpg 600w, https:\/\/wp.ufpel.edu.br\/museumaciel\/files\/2017\/09\/13567321_819645491499859_7403619170492595095_n.jpg 960w\" sizes=\"auto, (max-width: 424px) 100vw, 424px\" \/><\/a> <a href=\"https:\/\/wp.ufpel.edu.br\/museumaciel\/files\/2017\/09\/DSC_0068.jpg\"><img loading=\"lazy\" decoding=\"async\" class=\"aligncenter size-medium wp-image-430\" src=\"https:\/\/wp.ufpel.edu.br\/museumaciel\/files\/2017\/09\/DSC_0068-211x318.jpg\" alt=\"\" width=\"211\" height=\"318\" srcset=\"https:\/\/wp.ufpel.edu.br\/museumaciel\/files\/2017\/09\/DSC_0068-211x318.jpg 211w, https:\/\/wp.ufpel.edu.br\/museumaciel\/files\/2017\/09\/DSC_0068-106x159.jpg 106w, https:\/\/wp.ufpel.edu.br\/museumaciel\/files\/2017\/09\/DSC_0068-768x1155.jpg 768w, https:\/\/wp.ufpel.edu.br\/museumaciel\/files\/2017\/09\/DSC_0068-945x1421.jpg 945w, https:\/\/wp.ufpel.edu.br\/museumaciel\/files\/2017\/09\/DSC_0068-600x902.jpg 600w\" sizes=\"auto, (max-width: 211px) 100vw, 211px\" \/><\/a> <a href=\"https:\/\/wp.ufpel.edu.br\/museumaciel\/files\/2017\/09\/DSC_0071.jpg\"><img loading=\"lazy\" decoding=\"async\" class=\"aligncenter size-medium wp-image-431\" src=\"https:\/\/wp.ufpel.edu.br\/museumaciel\/files\/2017\/09\/DSC_0071-424x282.jpg\" alt=\"\" width=\"424\" height=\"282\" srcset=\"https:\/\/wp.ufpel.edu.br\/museumaciel\/files\/2017\/09\/DSC_0071-424x282.jpg 424w, https:\/\/wp.ufpel.edu.br\/museumaciel\/files\/2017\/09\/DSC_0071-212x141.jpg 212w, https:\/\/wp.ufpel.edu.br\/museumaciel\/files\/2017\/09\/DSC_0071-768x511.jpg 768w, https:\/\/wp.ufpel.edu.br\/museumaciel\/files\/2017\/09\/DSC_0071-945x628.jpg 945w, https:\/\/wp.ufpel.edu.br\/museumaciel\/files\/2017\/09\/DSC_0071-600x399.jpg 600w\" sizes=\"auto, (max-width: 424px) 100vw, 424px\" \/><\/a> <a href=\"https:\/\/wp.ufpel.edu.br\/museumaciel\/files\/2017\/09\/DSC_0085.jpg\"><img loading=\"lazy\" decoding=\"async\" class=\"aligncenter size-medium wp-image-432\" src=\"https:\/\/wp.ufpel.edu.br\/museumaciel\/files\/2017\/09\/DSC_0085-424x282.jpg\" alt=\"\" width=\"424\" height=\"282\" srcset=\"https:\/\/wp.ufpel.edu.br\/museumaciel\/files\/2017\/09\/DSC_0085-424x282.jpg 424w, https:\/\/wp.ufpel.edu.br\/museumaciel\/files\/2017\/09\/DSC_0085-212x141.jpg 212w, https:\/\/wp.ufpel.edu.br\/museumaciel\/files\/2017\/09\/DSC_0085-768x511.jpg 768w, https:\/\/wp.ufpel.edu.br\/museumaciel\/files\/2017\/09\/DSC_0085-945x628.jpg 945w, https:\/\/wp.ufpel.edu.br\/museumaciel\/files\/2017\/09\/DSC_0085-600x399.jpg 600w\" sizes=\"auto, (max-width: 424px) 100vw, 424px\" \/><\/a> <a href=\"https:\/\/wp.ufpel.edu.br\/museumaciel\/files\/2017\/09\/DSC_0089.jpg\"><img loading=\"lazy\" decoding=\"async\" class=\"aligncenter size-medium wp-image-433\" src=\"https:\/\/wp.ufpel.edu.br\/museumaciel\/files\/2017\/09\/DSC_0089-211x318.jpg\" alt=\"\" width=\"211\" height=\"318\" srcset=\"https:\/\/wp.ufpel.edu.br\/museumaciel\/files\/2017\/09\/DSC_0089-211x318.jpg 211w, https:\/\/wp.ufpel.edu.br\/museumaciel\/files\/2017\/09\/DSC_0089-106x159.jpg 106w, https:\/\/wp.ufpel.edu.br\/museumaciel\/files\/2017\/09\/DSC_0089-768x1155.jpg 768w, https:\/\/wp.ufpel.edu.br\/museumaciel\/files\/2017\/09\/DSC_0089-945x1421.jpg 945w, https:\/\/wp.ufpel.edu.br\/museumaciel\/files\/2017\/09\/DSC_0089-600x902.jpg 600w\" sizes=\"auto, (max-width: 211px) 100vw, 211px\" \/><\/a><\/p>\n","protected":false},"excerpt":{"rendered":"<p>O Museu Gruppelli fica localizado no 7\u00b0 distrito da cidade de Pelotas e foi inaugurado em outubro de 1998, por iniciativa da comunidade local. O acervo do Museu foi reunido atrav\u00e9s da coleta e de doa\u00e7\u00f5es feitas por moradores da&#8230; <a class=\"more-link\" href=\"https:\/\/wp.ufpel.edu.br\/museumaciel\/museu-gruppelli\/\">Continue lendo &rarr;<\/a><\/p>\n","protected":false},"author":493,"featured_media":0,"parent":0,"menu_order":0,"comment_status":"closed","ping_status":"closed","template":"","meta":{"footnotes":""},"class_list":["post-230","page","type-page","status-publish","hentry"],"_links":{"self":[{"href":"https:\/\/wp.ufpel.edu.br\/museumaciel\/wp-json\/wp\/v2\/pages\/230","targetHints":{"allow":["GET"]}}],"collection":[{"href":"https:\/\/wp.ufpel.edu.br\/museumaciel\/wp-json\/wp\/v2\/pages"}],"about":[{"href":"https:\/\/wp.ufpel.edu.br\/museumaciel\/wp-json\/wp\/v2\/types\/page"}],"author":[{"embeddable":true,"href":"https:\/\/wp.ufpel.edu.br\/museumaciel\/wp-json\/wp\/v2\/users\/493"}],"replies":[{"embeddable":true,"href":"https:\/\/wp.ufpel.edu.br\/museumaciel\/wp-json\/wp\/v2\/comments?post=230"}],"version-history":[{"count":4,"href":"https:\/\/wp.ufpel.edu.br\/museumaciel\/wp-json\/wp\/v2\/pages\/230\/revisions"}],"predecessor-version":[{"id":435,"href":"https:\/\/wp.ufpel.edu.br\/museumaciel\/wp-json\/wp\/v2\/pages\/230\/revisions\/435"}],"wp:attachment":[{"href":"https:\/\/wp.ufpel.edu.br\/museumaciel\/wp-json\/wp\/v2\/media?parent=230"}],"curies":[{"name":"wp","href":"https:\/\/api.w.org\/{rel}","templated":true}]}}