{"id":91,"date":"2022-07-15T17:12:15","date_gmt":"2022-07-15T20:12:15","guid":{"rendered":"https:\/\/wp.ufpel.edu.br\/museugruppelli\/?page_id=91"},"modified":"2022-09-17T21:47:53","modified_gmt":"2022-09-18T00:47:53","slug":"sobre-o-projeto","status":"publish","type":"page","link":"https:\/\/wp.ufpel.edu.br\/museugruppelli\/sobre-o-museu\/sobre-o-projeto\/","title":{"rendered":"Sobre o Projeto"},"content":{"rendered":"<h2 style=\"text-align: center;\"><strong>O Projeto: &#8220;Revitaliza\u00e7\u00e3o do Museu Gruppelli&#8221;<\/strong><\/h2>\n<p><img decoding=\"async\" src=\"https:\/\/wp.ufpel.edu.br\/museugruppelli\/files\/2022\/09\/Logos.png\" \/><\/p>\n<p>O Museu Gruppelli, localizado no 7\u00ba Distrito de Pelotas, foi formalmente inaugurado em outubro de 1998. Os primeiros contornos do Museu foram delineados pela popula\u00e7\u00e3o local, por um grupo de empreendedores patrimoniais que se ocupou da coleta de objetos significativos para a mem\u00f3ria local, objetivando preservar os modos de vida da zona rural.<\/p>\n<p>O acervo do Museu compreende itens como a antiga cadeira de barbeiro local, fotografias, documentos, trof\u00e9us do Gr\u00eamio Esportivo Boa Esperan\u00e7a, instrumentos agr\u00edcolas, utens\u00edlios dom\u00e9sticos, dentre outros. Em 2008, ano em que foi comemorado o d\u00e9cimo anivers\u00e1rio do Museu, houve uma forte demanda comunit\u00e1ria no sentido de revitaliz\u00e1-lo. A comunidade solicitou apoio t\u00e9cnico-cient\u00edfico \u00e0 Universidade Federal de Pelotas, por interm\u00e9dio do Curso de Bacharelado em Museologia, visando a recupera\u00e7\u00e3o da exposi\u00e7\u00e3o e a gest\u00e3o t\u00e9cnico-cient\u00edfica das cole\u00e7\u00f5es.<\/p>\n<p>Foi criado, ent\u00e3o, no mesmo ano, o projeto de Extens\u00e3o &#8220;Revitaliza\u00e7\u00e3o do Museu Gruppelli&#8221;, que funciona ininterruptamente desde esta data. Atualmente o projeto se desdobra em tr\u00eas principais frentes de trabalho: concep\u00e7\u00e3o e montagem de exposi\u00e7\u00f5es tempor\u00e1rias; desenvolvimento de atividades educativas e culturais, sobretudo com o p\u00fablico idoso e infanto-juvenil; e a pesquisa do acervo por interm\u00e9dio de estudo dos itens da cole\u00e7\u00e3o e coleta de depoimentos.<\/p>\n","protected":false},"excerpt":{"rendered":"<p>O Projeto: &#8220;Revitaliza\u00e7\u00e3o do Museu Gruppelli&#8221; O Museu Gruppelli, localizado no 7\u00ba Distrito de Pelotas, foi formalmente inaugurado em outubro de 1998. Os primeiros contornos do Museu foram delineados pela popula\u00e7\u00e3o local, por um grupo de empreendedores patrimoniais que se ocupou da coleta de objetos significativos para a mem\u00f3ria local, objetivando preservar os modos de<a class=\"more-link\" href=\"https:\/\/wp.ufpel.edu.br\/museugruppelli\/sobre-o-museu\/sobre-o-projeto\/\">Continue reading <span class=\"screen-reader-text\">&#8220;Sobre o Projeto&#8221;<\/span><\/a><\/p>\n","protected":false},"author":812,"featured_media":0,"parent":88,"menu_order":1,"comment_status":"closed","ping_status":"closed","template":"","meta":{"footnotes":""},"tags":[],"class_list":["post-91","page","type-page","status-publish","hentry"],"jetpack_sharing_enabled":true,"_links":{"self":[{"href":"https:\/\/wp.ufpel.edu.br\/museugruppelli\/wp-json\/wp\/v2\/pages\/91","targetHints":{"allow":["GET"]}}],"collection":[{"href":"https:\/\/wp.ufpel.edu.br\/museugruppelli\/wp-json\/wp\/v2\/pages"}],"about":[{"href":"https:\/\/wp.ufpel.edu.br\/museugruppelli\/wp-json\/wp\/v2\/types\/page"}],"author":[{"embeddable":true,"href":"https:\/\/wp.ufpel.edu.br\/museugruppelli\/wp-json\/wp\/v2\/users\/812"}],"replies":[{"embeddable":true,"href":"https:\/\/wp.ufpel.edu.br\/museugruppelli\/wp-json\/wp\/v2\/comments?post=91"}],"version-history":[{"count":8,"href":"https:\/\/wp.ufpel.edu.br\/museugruppelli\/wp-json\/wp\/v2\/pages\/91\/revisions"}],"predecessor-version":[{"id":178,"href":"https:\/\/wp.ufpel.edu.br\/museugruppelli\/wp-json\/wp\/v2\/pages\/91\/revisions\/178"}],"up":[{"embeddable":true,"href":"https:\/\/wp.ufpel.edu.br\/museugruppelli\/wp-json\/wp\/v2\/pages\/88"}],"wp:attachment":[{"href":"https:\/\/wp.ufpel.edu.br\/museugruppelli\/wp-json\/wp\/v2\/media?parent=91"}],"wp:term":[{"taxonomy":"post_tag","embeddable":true,"href":"https:\/\/wp.ufpel.edu.br\/museugruppelli\/wp-json\/wp\/v2\/tags?post=91"}],"curies":[{"name":"wp","href":"https:\/\/api.w.org\/{rel}","templated":true}]}}

<h2 style="text-align: center;"><strong>O Projeto: &#8220;Revitalização do Museu Gruppelli&#8221;</strong></h2>
<p><img decoding="async" src="https://wp.ufpel.edu.br/museugruppelli/files/2022/09/Logos.png" /></p>
<p>O Museu Gruppelli, localizado no 7º Distrito de Pelotas, foi formalmente inaugurado em outubro de 1998. Os primeiros contornos do Museu foram delineados pela população local, por um grupo de empreendedores patrimoniais que se ocupou da coleta de objetos significativos para a memória local, objetivando preservar os modos de vida da zona rural.</p>
<p>O acervo do Museu compreende itens como a antiga cadeira de barbeiro local, fotografias, documentos, troféus do Grêmio Esportivo Boa Esperança, instrumentos agrícolas, utensílios domésticos, dentre outros. Em 2008, ano em que foi comemorado o décimo aniversário do Museu, houve uma forte demanda comunitária no sentido de revitalizá-lo. A comunidade solicitou apoio técnico-científico à Universidade Federal de Pelotas, por intermédio do Curso de Bacharelado em Museologia, visando a recuperação da exposição e a gestão técnico-científica das coleções.</p>
<p>Foi criado, então, no mesmo ano, o projeto de Extensão &#8220;Revitalização do Museu Gruppelli&#8221;, que funciona ininterruptamente desde esta data. Atualmente o projeto se desdobra em três principais frentes de trabalho: concepção e montagem de exposições temporárias; desenvolvimento de atividades educativas e culturais, sobretudo com o público idoso e infanto-juvenil; e a pesquisa do acervo por intermédio de estudo dos itens da coleção e coleta de depoimentos.</p>

<p>O Projeto: &#8220;Revitalização do Museu Gruppelli&#8221; O Museu Gruppelli, localizado no 7º Distrito de Pelotas, foi formalmente inaugurado em outubro de 1998. Os primeiros contornos do Museu foram delineados pela população local, por um grupo de empreendedores patrimoniais que se ocupou da coleta de objetos significativos para a memória local, objetivando preservar os modos de<a class="more-link" href="https://wp.ufpel.edu.br/museugruppelli/sobre-o-museu/sobre-o-projeto/">Continue reading <span class="screen-reader-text">&#8220;Sobre o Projeto&#8221;</span></a></p>
