{"id":88,"date":"2022-07-15T17:11:11","date_gmt":"2022-07-15T20:11:11","guid":{"rendered":"https:\/\/wp.ufpel.edu.br\/museugruppelli\/?page_id=88"},"modified":"2023-02-22T23:23:27","modified_gmt":"2023-02-23T02:23:27","slug":"sobre-o-museu","status":"publish","type":"page","link":"https:\/\/wp.ufpel.edu.br\/museugruppelli\/sobre-o-museu\/","title":{"rendered":"Sobre o Museu"},"content":{"rendered":"<h2 style=\"text-align: center;\"><strong>Hist\u00f3ria do Museu\u00a0<\/strong><\/h2>\n<p dir=\"ltr\"><img decoding=\"async\" src=\"https:\/\/wp.ufpel.edu.br\/museugruppelli\/files\/2022\/09\/imagem_2022-09-17_212548317.png\" \/><\/p>\n<p class=\"CDt4Ke zfr3Q\" dir=\"ltr\" style=\"text-align: justify;\">Com o objetivo de preservar a mem\u00f3ria da regi\u00e3o colonial da cidade de Pelotas, no ano de 1998 foi inaugurado o Museu Gruppelli, por iniciativa da comunidade local e capitaneada pela Fam\u00edlia Gruppelli e dois incentivadores, a professora Neiva Vieira e o fot\u00f3grafo Neco Tavares.<br \/>\nO Museu atualmente funciona em uma adega centen\u00e1ria em um pr\u00e9dio que, na d\u00e9cada de 30, funcionava uma hospedaria para viajantes. A ideia da cria\u00e7\u00e3o do Museu surgiu devido a muitas pessoas que vinham relembrar sua inf\u00e2ncia na col\u00f4nia, como no caso de parentes, vizinhos e veranistas. A maioria dos objetos que faz parte do Museu j\u00e1 se encontrava no pr\u00e9dio em que ele se situa hoje. Com o decorrer do tempo, o n\u00famero de objetos salvaguardados foi aumentando gradativamente, seja por doa\u00e7\u00e3o da pr\u00f3pria fam\u00edlia Gruppelli, ou mesmo, por iniciativa de moradores locais que tiveram despertado o interesse em preservar as mem\u00f3rias do cotidiano dessa regi\u00e3o.<\/p>\n<p class=\"CDt4Ke zfr3Q\" dir=\"ltr\" style=\"text-align: justify;\">O Museu Gruppelli possui v\u00ednculo com a UFPel desde 2008, com o in\u00edcio do projeto de extens\u00e3o coordenado pelo professor Diego Lemos Ribeiro, do curso de Museologia, em parceria com o professor Wilson Miranda, j\u00e1 aposentado mas ainda colaborador. O projeto tem a\u00e7\u00e3o ininterrupta no museu Gruppelli h\u00e1 mais de dez anos, e mant\u00e9m suas a\u00e7\u00f5es atrav\u00e9s de a\u00e7\u00e3o colaborativa, que inclui professores e alunos dos cursos de Museologia e de Conserva\u00e7\u00e3o e Restaura\u00e7\u00e3o, da Universidade.<\/p>\n<p class=\"CDt4Ke zfr3Q\" dir=\"ltr\" style=\"text-align: justify;\">O acervo do Museu foi reunido atrav\u00e9s da coleta e de doa\u00e7\u00f5es feitas por moradores da regi\u00e3o, cujo objetivo era reunir refer\u00eancias do patrim\u00f4nio rural que fossem significativas para a popula\u00e7\u00e3o circunvizinha. Composto por cole\u00e7\u00f5es diversas que tem como tema o modo de vida da zona rural, mais especificamente as diversas manifesta\u00e7\u00f5es do trabalho, seja no campo, no armaz\u00e9m e nos afazeres dom\u00e9stico, e tamb\u00e9m na mercearia, na produ\u00e7\u00e3o de vinho e na hospedaria. O esporte tamb\u00e9m \u00e9 representado, em especial o Gr\u00eamio Esportivo Boa Esperan\u00e7a, fundado e sediado junto a Casa Gruppelli. O time da regi\u00e3o completar\u00e1 seu centen\u00e1rio em 2024, jogando ininterruptamente.<\/p>\n<p dir=\"ltr\" style=\"text-align: justify;\">Fonte: UFPEL<\/p>\n<h3 dir=\"ltr\" style=\"text-align: center;\">Sobre a Casa<\/h3>\n<p><img decoding=\"async\" src=\"https:\/\/wp.ufpel.edu.br\/museugruppelli\/files\/2022\/09\/imagem_2022-09-17_223947356.png\" \/><\/p>\n<p>Fonte da foto: Sheron Files Fotografia<\/p>\n<p>&nbsp;<\/p>\n<div class=\"message-2CShn3 cozyMessage-1DWF9U wrapper-30-Nkg cozy-VmLDNB zalgo-26OfGz\" tabindex=\"-1\" role=\"article\" data-list-item-id=\"chat-messages___chat-messages-1020870499649208381\" aria-setsize=\"-1\" aria-roledescription=\"Mensagem\" aria-labelledby=\"message-username-1020869221913206884 uid_1 message-content-1020870499649208381 uid_2 message-timestamp-1020870499649208381\">\n<div class=\"contents-2MsGLg\">\n<div id=\"message-content-1020870499649208381\" class=\"markup-eYLPri messageContent-2t3eCI\" style=\"text-align: justify;\">A casa que, hoje, abriga o Museu Gruppelli passou por diversas transforma\u00e7\u00f5es ao longo do tempo at\u00e9 chegar a sua forma e uso atuais. Constru\u00edda na primeira metade do s\u00e9culo passado, o espa\u00e7o t\u00e9rreo fora ocupado por uma vin\u00edcola, cuja simbologia se entrela\u00e7a com a pr\u00f3pria hist\u00f3ria da comunidade e da Col\u00f4nia Municipal. Atualmente, o Museu possui um nicho espec\u00edfico sobre a produ\u00e7\u00e3o de vinho, ambientado com objetos que eram utilizados na \u00e9poca. Entre os artefatos que comp\u00f5em esse cen\u00e1rio, figuram o amassador e a prensa manual de uvas. Segundo Celso Gruppelli, em entrevista com a equipe do Museu, esses instrumentos foram utilizados at\u00e9 1977, atravessando gera\u00e7\u00f5es dentro da fam\u00edlia, antes de encontrarem abrigo no Museu. No espa\u00e7o museal, n\u00e3o servem mais para fazer vinho, mas s\u00e3o \u00f3timos para nos conectarmos com outros tempos.<\/div>\n<\/div>\n<div class=\"buttonContainer-1502pf\">\n<div class=\"buttons-3dF5Kd container-2gUZhU\" style=\"text-align: justify;\" role=\"group\" aria-label=\"A\u00e7\u00f5es de mensagem\">\n<div class=\"wrapper-2vIMkT\">\n<div tabindex=\"0\" role=\"button\" aria-label=\"Mais\" aria-expanded=\"false\"><\/div>\n<div class=\"button-3bklZh\" tabindex=\"0\" role=\"button\" aria-label=\"Mais\" aria-expanded=\"false\">Marcos e Celso Gruppelli nos contaram, com algum tom de saudosismo, como era o processo de fabrica\u00e7\u00e3o de vinho. As uvas eram retiradas do parreiral e passavam por um processo de limpeza e separa\u00e7\u00e3o; posteriormente, eram colocadas no amassador de uvas para extrair o suco da fruta; no final do processo, tudo que sobrava era colocado na prensa manual, para retirada de todo suco remanescente, evitando o desperd\u00edcio; por fim, deixava-se fermentar por 3 a 7 dias. Com o vinho pronto, mais do que uma bebida, tem-se um bem cultural da regi\u00e3o. E esses artefatos t\u00eam uma biografia longa. Marcos Gruppelli conta que seu pai, Dorival Gruppelli produziu entre 5.000 e 10.000 mil litros de vinho nesses objetos, que hoje vivem no Museu. Sobre os usos e os gestos empregados no amassador, Marcos nos conta:<\/div>\n<div tabindex=\"0\" role=\"button\" aria-label=\"Mais\" aria-expanded=\"false\"><\/div>\n<\/div>\n<div class=\"wrapper-2vIMkT\">\n<blockquote>\n<div class=\"button-3bklZh\" style=\"text-align: justify;\" tabindex=\"0\" role=\"button\" aria-label=\"Mais\" aria-expanded=\"false\">\u201cn\u00f3s tir\u00e1vamos as folhas que \u00e0s vezes vinha junto com a uva, separ\u00e1vamos as uvas verdes, porque o pai sempre dizia que a uva verde sempre dava acidez no vinho, ent\u00e3o tinha que tirar. Depois de feito todo esse processo, a alavanca era girada e toda a uva era triturada, mo\u00edda.\u201d<\/div>\n<\/blockquote>\n<\/div>\n<\/div>\n<div style=\"text-align: justify;\" tabindex=\"0\" role=\"button\" aria-label=\"Mais\" aria-expanded=\"false\"><\/div>\n<div class=\"buttons-3dF5Kd container-2gUZhU\" role=\"group\" aria-label=\"A\u00e7\u00f5es de mensagem\">\n<div class=\"wrapper-2vIMkT\">\n<div class=\"button-3bklZh\" style=\"text-align: justify;\" tabindex=\"0\" role=\"button\" aria-label=\"Mais\" aria-expanded=\"false\">Os entrevistados comentam tamb\u00e9m, a modo de curiosidade, as transforma\u00e7\u00f5es que a paisagem sofreu com o tempo. Segundo os depoentes, grande parte dos parreirais da fam\u00edlia ocupavam o espa\u00e7o em que, atualmente, se localiza o campo de futebol do Gr\u00eamio Esportivo Boa Esperan\u00e7a. Ainda hoje a fam\u00edlia Gruppelli produz vinhos para consumo, por\u00e9m, suas atividades econ\u00f4micas tamb\u00e9m sofreram mudan\u00e7as. Atualmente, a fam\u00edlia concentra suas atividades no turismo rural e no com\u00e9rcio de produtos e mercadorias variadas.<\/div>\n<div style=\"text-align: justify;\" tabindex=\"0\" role=\"button\" aria-label=\"Mais\" aria-expanded=\"false\"><\/div>\n<div class=\"button-3bklZh\" style=\"text-align: justify;\" tabindex=\"0\" role=\"button\" aria-label=\"Mais\" aria-expanded=\"false\">*As entrevistas foram realizadas por membros da equipe em 2016.<\/div>\n<\/div>\n<\/div>\n<\/div>\n<\/div>\n","protected":false},"excerpt":{"rendered":"<p>Hist\u00f3ria do Museu\u00a0 Com o objetivo de preservar a mem\u00f3ria da regi\u00e3o colonial da cidade de Pelotas, no ano de 1998 foi inaugurado o Museu Gruppelli, por iniciativa da comunidade local e capitaneada pela Fam\u00edlia Gruppelli e dois incentivadores, a professora Neiva Vieira e o fot\u00f3grafo Neco Tavares. O Museu atualmente funciona em uma adega<a class=\"more-link\" href=\"https:\/\/wp.ufpel.edu.br\/museugruppelli\/sobre-o-museu\/\">Continue reading <span class=\"screen-reader-text\">&#8220;Sobre o Museu&#8221;<\/span><\/a><\/p>\n","protected":false},"author":812,"featured_media":0,"parent":0,"menu_order":1,"comment_status":"closed","ping_status":"closed","template":"","meta":{"footnotes":""},"tags":[],"class_list":["post-88","page","type-page","status-publish","hentry"],"jetpack_sharing_enabled":true,"_links":{"self":[{"href":"https:\/\/wp.ufpel.edu.br\/museugruppelli\/wp-json\/wp\/v2\/pages\/88","targetHints":{"allow":["GET"]}}],"collection":[{"href":"https:\/\/wp.ufpel.edu.br\/museugruppelli\/wp-json\/wp\/v2\/pages"}],"about":[{"href":"https:\/\/wp.ufpel.edu.br\/museugruppelli\/wp-json\/wp\/v2\/types\/page"}],"author":[{"embeddable":true,"href":"https:\/\/wp.ufpel.edu.br\/museugruppelli\/wp-json\/wp\/v2\/users\/812"}],"replies":[{"embeddable":true,"href":"https:\/\/wp.ufpel.edu.br\/museugruppelli\/wp-json\/wp\/v2\/comments?post=88"}],"version-history":[{"count":11,"href":"https:\/\/wp.ufpel.edu.br\/museugruppelli\/wp-json\/wp\/v2\/pages\/88\/revisions"}],"predecessor-version":[{"id":257,"href":"https:\/\/wp.ufpel.edu.br\/museugruppelli\/wp-json\/wp\/v2\/pages\/88\/revisions\/257"}],"wp:attachment":[{"href":"https:\/\/wp.ufpel.edu.br\/museugruppelli\/wp-json\/wp\/v2\/media?parent=88"}],"wp:term":[{"taxonomy":"post_tag","embeddable":true,"href":"https:\/\/wp.ufpel.edu.br\/museugruppelli\/wp-json\/wp\/v2\/tags?post=88"}],"curies":[{"name":"wp","href":"https:\/\/api.w.org\/{rel}","templated":true}]}}

<h2 style="text-align: center;"><strong>História do Museu </strong></h2>
<p dir="ltr"><img decoding="async" src="https://wp.ufpel.edu.br/museugruppelli/files/2022/09/imagem_2022-09-17_212548317.png" /></p>
<p class="CDt4Ke zfr3Q" dir="ltr" style="text-align: justify;">Com o objetivo de preservar a memória da região colonial da cidade de Pelotas, no ano de 1998 foi inaugurado o Museu Gruppelli, por iniciativa da comunidade local e capitaneada pela Família Gruppelli e dois incentivadores, a professora Neiva Vieira e o fotógrafo Neco Tavares.<br />
O Museu atualmente funciona em uma adega centenária em um prédio que, na década de 30, funcionava uma hospedaria para viajantes. A ideia da criação do Museu surgiu devido a muitas pessoas que vinham relembrar sua infância na colônia, como no caso de parentes, vizinhos e veranistas. A maioria dos objetos que faz parte do Museu já se encontrava no prédio em que ele se situa hoje. Com o decorrer do tempo, o número de objetos salvaguardados foi aumentando gradativamente, seja por doação da própria família Gruppelli, ou mesmo, por iniciativa de moradores locais que tiveram despertado o interesse em preservar as memórias do cotidiano dessa região.</p>
<p class="CDt4Ke zfr3Q" dir="ltr" style="text-align: justify;">O Museu Gruppelli possui vínculo com a UFPel desde 2008, com o início do projeto de extensão coordenado pelo professor Diego Lemos Ribeiro, do curso de Museologia, em parceria com o professor Wilson Miranda, já aposentado mas ainda colaborador. O projeto tem ação ininterrupta no museu Gruppelli há mais de dez anos, e mantém suas ações através de ação colaborativa, que inclui professores e alunos dos cursos de Museologia e de Conservação e Restauração, da Universidade.</p>
<p class="CDt4Ke zfr3Q" dir="ltr" style="text-align: justify;">O acervo do Museu foi reunido através da coleta e de doações feitas por moradores da região, cujo objetivo era reunir referências do patrimônio rural que fossem significativas para a população circunvizinha. Composto por coleções diversas que tem como tema o modo de vida da zona rural, mais especificamente as diversas manifestações do trabalho, seja no campo, no armazém e nos afazeres doméstico, e também na mercearia, na produção de vinho e na hospedaria. O esporte também é representado, em especial o Grêmio Esportivo Boa Esperança, fundado e sediado junto a Casa Gruppelli. O time da região completará seu centenário em 2024, jogando ininterruptamente.</p>
<p dir="ltr" style="text-align: justify;">Fonte: UFPEL</p>
<h3 dir="ltr" style="text-align: center;">Sobre a Casa</h3>
<p><img decoding="async" src="https://wp.ufpel.edu.br/museugruppelli/files/2022/09/imagem_2022-09-17_223947356.png" /></p>
<p>Fonte da foto: Sheron Files Fotografia</p>
<p>&nbsp;</p>
<div class="message-2CShn3 cozyMessage-1DWF9U wrapper-30-Nkg cozy-VmLDNB zalgo-26OfGz" tabindex="-1" role="article" data-list-item-id="chat-messages___chat-messages-1020870499649208381" aria-setsize="-1" aria-roledescription="Mensagem" aria-labelledby="message-username-1020869221913206884 uid_1 message-content-1020870499649208381 uid_2 message-timestamp-1020870499649208381">
<div class="contents-2MsGLg">
<div id="message-content-1020870499649208381" class="markup-eYLPri messageContent-2t3eCI" style="text-align: justify;">A casa que, hoje, abriga o Museu Gruppelli passou por diversas transformações ao longo do tempo até chegar a sua forma e uso atuais. Construída na primeira metade do século passado, o espaço térreo fora ocupado por uma vinícola, cuja simbologia se entrelaça com a própria história da comunidade e da Colônia Municipal. Atualmente, o Museu possui um nicho específico sobre a produção de vinho, ambientado com objetos que eram utilizados na época. Entre os artefatos que compõem esse cenário, figuram o amassador e a prensa manual de uvas. Segundo Celso Gruppelli, em entrevista com a equipe do Museu, esses instrumentos foram utilizados até 1977, atravessando gerações dentro da família, antes de encontrarem abrigo no Museu. No espaço museal, não servem mais para fazer vinho, mas são ótimos para nos conectarmos com outros tempos.</div>
</div>
<div class="buttonContainer-1502pf">
<div class="buttons-3dF5Kd container-2gUZhU" style="text-align: justify;" role="group" aria-label="Ações de mensagem">
<div class="wrapper-2vIMkT">
<div tabindex="0" role="button" aria-label="Mais" aria-expanded="false"></div>
<div class="button-3bklZh" tabindex="0" role="button" aria-label="Mais" aria-expanded="false">Marcos e Celso Gruppelli nos contaram, com algum tom de saudosismo, como era o processo de fabricação de vinho. As uvas eram retiradas do parreiral e passavam por um processo de limpeza e separação; posteriormente, eram colocadas no amassador de uvas para extrair o suco da fruta; no final do processo, tudo que sobrava era colocado na prensa manual, para retirada de todo suco remanescente, evitando o desperdício; por fim, deixava-se fermentar por 3 a 7 dias. Com o vinho pronto, mais do que uma bebida, tem-se um bem cultural da região. E esses artefatos têm uma biografia longa. Marcos Gruppelli conta que seu pai, Dorival Gruppelli produziu entre 5.000 e 10.000 mil litros de vinho nesses objetos, que hoje vivem no Museu. Sobre os usos e os gestos empregados no amassador, Marcos nos conta:</div>
<div tabindex="0" role="button" aria-label="Mais" aria-expanded="false"></div>
</div>
<div class="wrapper-2vIMkT">
<blockquote>
<div class="button-3bklZh" style="text-align: justify;" tabindex="0" role="button" aria-label="Mais" aria-expanded="false">“nós tirávamos as folhas que às vezes vinha junto com a uva, separávamos as uvas verdes, porque o pai sempre dizia que a uva verde sempre dava acidez no vinho, então tinha que tirar. Depois de feito todo esse processo, a alavanca era girada e toda a uva era triturada, moída.”</div>
</blockquote>
</div>
</div>
<div style="text-align: justify;" tabindex="0" role="button" aria-label="Mais" aria-expanded="false"></div>
<div class="buttons-3dF5Kd container-2gUZhU" role="group" aria-label="Ações de mensagem">
<div class="wrapper-2vIMkT">
<div class="button-3bklZh" style="text-align: justify;" tabindex="0" role="button" aria-label="Mais" aria-expanded="false">Os entrevistados comentam também, a modo de curiosidade, as transformações que a paisagem sofreu com o tempo. Segundo os depoentes, grande parte dos parreirais da família ocupavam o espaço em que, atualmente, se localiza o campo de futebol do Grêmio Esportivo Boa Esperança. Ainda hoje a família Gruppelli produz vinhos para consumo, porém, suas atividades econômicas também sofreram mudanças. Atualmente, a família concentra suas atividades no turismo rural e no comércio de produtos e mercadorias variadas.</div>
<div style="text-align: justify;" tabindex="0" role="button" aria-label="Mais" aria-expanded="false"></div>
<div class="button-3bklZh" style="text-align: justify;" tabindex="0" role="button" aria-label="Mais" aria-expanded="false">*As entrevistas foram realizadas por membros da equipe em 2016.</div>
</div>
</div>
</div>
</div>

<p>História do Museu  Com o objetivo de preservar a memória da região colonial da cidade de Pelotas, no ano de 1998 foi inaugurado o Museu Gruppelli, por iniciativa da comunidade local e capitaneada pela Família Gruppelli e dois incentivadores, a professora Neiva Vieira e o fotógrafo Neco Tavares. O Museu atualmente funciona em uma adega<a class="more-link" href="https://wp.ufpel.edu.br/museugruppelli/sobre-o-museu/">Continue reading <span class="screen-reader-text">&#8220;Sobre o Museu&#8221;</span></a></p>
