{"id":808,"date":"2020-11-24T17:21:38","date_gmt":"2020-11-24T20:21:38","guid":{"rendered":"https:\/\/wp.ufpel.edu.br\/museudodoce\/?page_id=808"},"modified":"2020-11-25T13:23:54","modified_gmt":"2020-11-25T16:23:54","slug":"casa-do-conselheiro-2","status":"publish","type":"page","link":"https:\/\/wp.ufpel.edu.br\/museudodoce\/casa-do-conselheiro-2\/","title":{"rendered":"A CASA DO CONSELHEIRO"},"content":{"rendered":"<div id=\"pl-808\"  class=\"panel-layout\" ><div id=\"pg-808-0\"  class=\"panel-grid panel-no-style\" ><div id=\"pgc-808-0-0\"  class=\"panel-grid-cell\" ><div id=\"panel-808-0-0-0\" class=\"so-panel widget widget_sow-headline panel-first-child\" data-index=\"0\" ><div\n\t\t\t\n\t\t\tclass=\"so-widget-sow-headline so-widget-sow-headline-default-6649cea9e56b-808\"\n\t\t\t\n\t\t><div class=\"sow-headline-container \">\n\t\t\t\t\t\t\t<h3 class=\"sow-headline\">\n\t\t\t\t\t\tDESCUBRA SOBRE O MUSEU\t\t\t\t\t\t<\/h3>\n\t\t\t\t\t\t<\/div>\n<\/div><\/div><div id=\"panel-808-0-0-1\" class=\"so-panel widget widget_sow-headline panel-last-child\" data-index=\"1\" ><div class=\"panel-widget-style panel-widget-style-for-808-0-0-1\" ><div\n\t\t\t\n\t\t\tclass=\"so-widget-sow-headline so-widget-sow-headline-default-3088c3b9d20f-808\"\n\t\t\t\n\t\t><div class=\"sow-headline-container \">\n\t\t\t\t\t\t\t<h2 class=\"sow-headline\">\n\t\t\t\t\t\tCASA DO CONSELHEIRO EM \u00c1UDIO DESCRI\u00c7\u00c3O\t\t\t\t\t\t<\/h2>\n\t\t\t\t\t\t<\/div>\n<\/div><\/div><\/div><\/div><\/div><div id=\"pg-808-1\"  class=\"panel-grid panel-no-style\" ><div id=\"pgc-808-1-0\"  class=\"panel-grid-cell\" ><div id=\"panel-808-1-0-0\" class=\"so-panel widget widget_sow-editor panel-first-child\" data-index=\"2\" ><div\n\t\t\t\n\t\t\tclass=\"so-widget-sow-editor so-widget-sow-editor-base\"\n\t\t\t\n\t\t>\n<div class=\"siteorigin-widget-tinymce textwidget\">\n\t<p style=\"text-align: justify\"><span style=\"font-weight: 400\">A Casa do Conselheiro \u00e9 um livro inclusivo, l\u00fadico e did\u00e1tico financiado pelo Edital Sedac n\u00ba 08\/2016 de Concurso \"Pr\u00f3-cultura RS FAC dos Museus\", sobre a sede do Museu do Doce da UFPEl. Ele visa estimular a compreens\u00e3o e a aceita\u00e7\u00e3o das diferen\u00e7as, bem como incentivar a inclus\u00e3o entre crian\u00e7as com e sem defici\u00eancia. Ele \u00e9 o primeiro livro multiformato para crian\u00e7as, sobre patrim\u00f4nio cultural, de um museu universit\u00e1rio no Brasil. Aqui est\u00e3o as vers\u00f5es em Libras e audiodescri\u00e7\u00e3o da publica\u00e7\u00e3o.<\/span><\/p>\n<\/div>\n<\/div><\/div><div id=\"panel-808-1-0-1\" class=\"so-panel widget widget_sow-video\" data-index=\"3\" ><div\n\t\t\t\n\t\t\tclass=\"so-widget-sow-video so-widget-sow-video-default-c08170c47cfb-808\"\n\t\t\t\n\t\t>\n<div class=\"sow-video-wrapper\n\">\n\t\t\t<iframe loading=\"lazy\" title=\"A casa do Conselheiro  \u00e1udiodescri\u00e7\u00e3o*\" width=\"720\" height=\"405\" src=\"https:\/\/www.youtube.com\/embed\/PKqssgIvI2o?feature=oembed&enablejsapi=1\" frameborder=\"0\" allow=\"accelerometer; autoplay; clipboard-write; encrypted-media; gyroscope; picture-in-picture; web-share\" referrerpolicy=\"strict-origin-when-cross-origin\" allowfullscreen allowfullscreen mozallowfullscreen webkitallowfullscreen sandbox=\"allow-scripts allow-same-origin allow-presentation\"><\/iframe>\t<\/div>\n<\/div><\/div><div id=\"panel-808-1-0-2\" class=\"so-panel widget widget_sow-video panel-last-child\" data-index=\"4\" ><div\n\t\t\t\n\t\t\tclass=\"so-widget-sow-video so-widget-sow-video-default-c08170c47cfb-808\"\n\t\t\t\n\t\t>\n<div class=\"sow-video-wrapper\n\">\n\t\t\t\t<\/div>\n<\/div><\/div><\/div><\/div><\/div>","protected":false},"excerpt":{"rendered":"<p>A Casa do Conselheiro \u00e9 um livro inclusivo, l\u00fadico e did\u00e1tico financiado pelo Edital Sedac n\u00ba 08\/2016 de Concurso &#8220;Pr\u00f3-cultura RS FAC dos Museus&#8221;, sobre a sede do Museu do Doce da UFPEl. Ele visa estimular a compreens\u00e3o e a aceita\u00e7\u00e3o das diferen\u00e7as, bem como incentivar a inclus\u00e3o entre crian\u00e7as com e sem defici\u00eancia. Ele [&hellip;]<\/p>\n","protected":false},"author":1000,"featured_media":0,"parent":0,"menu_order":0,"comment_status":"closed","ping_status":"closed","template":"","meta":{"footnotes":""},"class_list":["post-808","page","type-page","status-publish","hentry","post"],"jetpack_sharing_enabled":true,"jetpack_likes_enabled":true,"_links":{"self":[{"href":"https:\/\/wp.ufpel.edu.br\/museudodoce\/wp-json\/wp\/v2\/pages\/808","targetHints":{"allow":["GET"]}}],"collection":[{"href":"https:\/\/wp.ufpel.edu.br\/museudodoce\/wp-json\/wp\/v2\/pages"}],"about":[{"href":"https:\/\/wp.ufpel.edu.br\/museudodoce\/wp-json\/wp\/v2\/types\/page"}],"author":[{"embeddable":true,"href":"https:\/\/wp.ufpel.edu.br\/museudodoce\/wp-json\/wp\/v2\/users\/1000"}],"replies":[{"embeddable":true,"href":"https:\/\/wp.ufpel.edu.br\/museudodoce\/wp-json\/wp\/v2\/comments?post=808"}],"version-history":[{"count":3,"href":"https:\/\/wp.ufpel.edu.br\/museudodoce\/wp-json\/wp\/v2\/pages\/808\/revisions"}],"predecessor-version":[{"id":871,"href":"https:\/\/wp.ufpel.edu.br\/museudodoce\/wp-json\/wp\/v2\/pages\/808\/revisions\/871"}],"wp:attachment":[{"href":"https:\/\/wp.ufpel.edu.br\/museudodoce\/wp-json\/wp\/v2\/media?parent=808"}],"curies":[{"name":"wp","href":"https:\/\/api.w.org\/{rel}","templated":true}]}}

<div id="pl-808"  class="panel-layout" ><div id="pg-808-0"  class="panel-grid panel-no-style" ><div id="pgc-808-0-0"  class="panel-grid-cell" ><div id="panel-808-0-0-0" class="so-panel widget widget_sow-headline panel-first-child" data-index="0" ><div
			
			class="so-widget-sow-headline so-widget-sow-headline-default-6649cea9e56b-808"
			
		><div class="sow-headline-container ">
							<h3 class="sow-headline">
						DESCUBRA SOBRE O MUSEU						</h3>
						</div>
</div></div><div id="panel-808-0-0-1" class="so-panel widget widget_sow-headline panel-last-child" data-index="1" ><div class="panel-widget-style panel-widget-style-for-808-0-0-1" ><div
			
			class="so-widget-sow-headline so-widget-sow-headline-default-3088c3b9d20f-808"
			
		><div class="sow-headline-container ">
							<h2 class="sow-headline">
						CASA DO CONSELHEIRO EM ÁUDIO DESCRIÇÃO						</h2>
						</div>
</div></div></div></div></div><div id="pg-808-1"  class="panel-grid panel-no-style" ><div id="pgc-808-1-0"  class="panel-grid-cell" ><div id="panel-808-1-0-0" class="so-panel widget widget_sow-editor panel-first-child" data-index="2" ><div
			
			class="so-widget-sow-editor so-widget-sow-editor-base"
			
		>
<div class="siteorigin-widget-tinymce textwidget">
	<p style="text-align: justify"><span style="font-weight: 400">A Casa do Conselheiro é um livro inclusivo, lúdico e didático financiado pelo Edital Sedac nº 08/2016 de Concurso "Pró-cultura RS FAC dos Museus", sobre a sede do Museu do Doce da UFPEl. Ele visa estimular a compreensão e a aceitação das diferenças, bem como incentivar a inclusão entre crianças com e sem deficiência. Ele é o primeiro livro multiformato para crianças, sobre patrimônio cultural, de um museu universitário no Brasil. Aqui estão as versões em Libras e audiodescrição da publicação.</span></p>
</div>
</div></div><div id="panel-808-1-0-1" class="so-panel widget widget_sow-video" data-index="3" ><div
			
			class="so-widget-sow-video so-widget-sow-video-default-c08170c47cfb-808"
			
		>
<div class="sow-video-wrapper
">
			<iframe loading="lazy" title="A casa do Conselheiro  áudiodescrição*" width="720" height="405" src="https://www.youtube.com/embed/PKqssgIvI2o?feature=oembed&enablejsapi=1" frameborder="0" allow="accelerometer; autoplay; clipboard-write; encrypted-media; gyroscope; picture-in-picture; web-share" referrerpolicy="strict-origin-when-cross-origin" allowfullscreen allowfullscreen mozallowfullscreen webkitallowfullscreen sandbox="allow-scripts allow-same-origin allow-presentation"></iframe>	</div>
</div></div><div id="panel-808-1-0-2" class="so-panel widget widget_sow-video panel-last-child" data-index="4" ><div
			
			class="so-widget-sow-video so-widget-sow-video-default-c08170c47cfb-808"
			
		>
<div class="sow-video-wrapper
">
				</div>
</div></div></div></div></div>

<p>A Casa do Conselheiro é um livro inclusivo, lúdico e didático financiado pelo Edital Sedac nº 08/2016 de Concurso &#8220;Pró-cultura RS FAC dos Museus&#8221;, sobre a sede do Museu do Doce da UFPEl. Ele visa estimular a compreensão e a aceitação das diferenças, bem como incentivar a inclusão entre crianças com e sem deficiência. Ele [&hellip;]</p>
