{"id":1670,"date":"2021-11-30T15:00:05","date_gmt":"2021-11-30T18:00:05","guid":{"rendered":"https:\/\/wp.ufpel.edu.br\/museudodoce\/?page_id=1670"},"modified":"2021-12-07T23:50:01","modified_gmt":"2021-12-08T02:50:01","slug":"ciencia-do-patrimonio","status":"publish","type":"page","link":"https:\/\/wp.ufpel.edu.br\/museudodoce\/ciencia-do-patrimonio\/","title":{"rendered":"CI\u00caNCIA DO PATRIM\u00d4NIO"},"content":{"rendered":"<div id=\"pl-1670\"  class=\"panel-layout\" ><div id=\"pg-1670-0\"  class=\"panel-grid panel-has-style\" ><div class=\"siteorigin-panels-stretch panel-row-style panel-row-style-for-1670-0\" data-stretch-type=\"full-stretched-padded\" ><div id=\"pgc-1670-0-0\"  class=\"panel-grid-cell\" ><div id=\"panel-1670-0-0-0\" class=\"so-panel widget widget_sow-headline panel-first-child panel-last-child\" data-index=\"0\" ><div\n\t\t\t\n\t\t\tclass=\"so-widget-sow-headline so-widget-sow-headline-default-20b8c325e2af-1670\"\n\t\t\t\n\t\t><div class=\"sow-headline-container \">\n\t\t\t\t\t\t\t<h2 class=\"sow-headline\">\n\t\t\t\t\t\tCI\u00caNCIA DO PATRIM\u00d4NIO \t\t\t\t\t\t<\/h2>\n\t\t\t\t\t\t\t\t\t\t\t<div class=\"decoration\">\n\t\t\t\t\t\t<div class=\"decoration-inside\"><\/div>\n\t\t\t\t\t<\/div>\n\t\t\t\t\t<\/div>\n<\/div><\/div><\/div><\/div><\/div><div id=\"pg-1670-1\"  class=\"panel-grid panel-has-style\" ><div class=\"wide-grey panel-row-style panel-row-style-for-1670-1\" ><div id=\"pgc-1670-1-0\"  class=\"panel-grid-cell panel-grid-cell-empty\" ><\/div><\/div><\/div><div id=\"pg-1670-2\"  class=\"panel-grid panel-no-style\" ><div id=\"pgc-1670-2-0\"  class=\"panel-grid-cell\" ><div id=\"panel-1670-2-0-0\" class=\"so-panel widget widget_sow-editor panel-first-child panel-last-child\" data-index=\"1\" ><div\n\t\t\t\n\t\t\tclass=\"so-widget-sow-editor so-widget-sow-editor-base\"\n\t\t\t\n\t\t>\n<div class=\"siteorigin-widget-tinymce textwidget\">\n\t<p style=\"text-align: justify\"><span style=\"font-weight: 400;font-family: georgia, palatino, serif;font-size: 12pt\">O museu do Doce apresenta a s\u00e9rie \u201cCi\u00eancia do Patrim\u00f4nio: Projetos realizados no GEGRADI'', onde conhecemos a\u00e7\u00f5es e investiga\u00e7\u00f5es que est\u00e3o sendo desenvolvidas no GEGRADI (Grupo de Estudos para o Ensino\/aprendizagem de Gr\u00e1fica Digital) e que exploram o patrim\u00f4nio cultural ligado ao Museu do Doce. Dentre esses projetos, ser\u00e3o divulgados produtos de pesquisa tais como a demonstra\u00e7\u00e3o por meio de representa\u00e7\u00e3o digital das geometrias impl\u00edcitas do casar\u00e3o que \u00e9 sede do Museu, de modelos interativos dos detalhes arquitet\u00f4nicos da casa, de aplicativos que permitem a intera\u00e7\u00e3o e o aprendizado sobre quest\u00f5es patrimoniais, dentre outros. Teremos contato com materiais digitais e audiovisuais desenvolvidos pelos colaboradores. Acesse abaixo:<\/span><\/p>\n<\/div>\n<\/div><\/div><\/div><\/div><div id=\"pg-1670-3\"  class=\"panel-grid panel-no-style\" ><div id=\"pgc-1670-3-0\"  class=\"panel-grid-cell\" ><div id=\"panel-1670-3-0-0\" class=\"so-panel widget widget_sow-button panel-first-child\" data-index=\"2\" ><div\n\t\t\t\n\t\t\tclass=\"so-widget-sow-button so-widget-sow-button-atom-ffbaf676394e-1670\"\n\t\t\t\n\t\t><div class=\"ow-button-base ow-button-align-center\"\n>\n\t\t\t<a\n\t\t\t\t\thref=\"https:\/\/wp.ufpel.edu.br\/museudodoce\/motivacaoapp\/\"\n\t\t\t\t\tclass=\"sowb-button ow-icon-placement-left ow-button-hover\" \t>\n\t\t<span>\n\t\t\t\n\t\t\tMOTIVA\u00c7\u00c3O PATRIM\u00d4NIO CULTURAL\t\t<\/span>\n\t\t\t<\/a>\n\t<\/div>\n<\/div><\/div><div id=\"panel-1670-3-0-1\" class=\"so-panel widget widget_sow-button panel-last-child\" data-index=\"3\" ><div\n\t\t\t\n\t\t\tclass=\"so-widget-sow-button so-widget-sow-button-atom-ffbaf676394e-1670\"\n\t\t\t\n\t\t><div class=\"ow-button-base ow-button-align-center\"\n>\n\t\t\t<a\n\t\t\t\t\thref=\"https:\/\/wp.ufpel.edu.br\/museudodoce\/projeto-modela-pelotas-vi\/\"\n\t\t\t\t\tclass=\"sowb-button ow-icon-placement-left ow-button-hover\" \t>\n\t\t<span>\n\t\t\t\n\t\t\tPROJETO MODELA PELOTAS VI\t\t<\/span>\n\t\t\t<\/a>\n\t<\/div>\n<\/div><\/div><\/div><\/div><div id=\"pg-1670-4\"  class=\"panel-grid panel-no-style\" ><div id=\"pgc-1670-4-0\"  class=\"panel-grid-cell\" ><div id=\"panel-1670-4-0-0\" class=\"so-panel widget widget_sow-editor panel-first-child panel-last-child\" data-index=\"4\" ><div\n\t\t\t\n\t\t\tclass=\"so-widget-sow-editor so-widget-sow-editor-base\"\n\t\t\t\n\t\t>\n<div class=\"siteorigin-widget-tinymce textwidget\">\n\t<\/div>\n<\/div><\/div><\/div><\/div><\/div>","protected":false},"excerpt":{"rendered":"<p>CI\u00caNCIA DO PATRIM\u00d4NIO O museu do Doce apresenta a s\u00e9rie \u201cCi\u00eancia do Patrim\u00f4nio: Projetos realizados no GEGRADI&#8221;, onde conhecemos a\u00e7\u00f5es e investiga\u00e7\u00f5es que est\u00e3o sendo desenvolvidas no GEGRADI (Grupo de Estudos para o Ensino\/aprendizagem de Gr\u00e1fica Digital) e que exploram o patrim\u00f4nio cultural ligado ao Museu do Doce. Dentre esses projetos, ser\u00e3o divulgados produtos de [&hellip;]<\/p>\n","protected":false},"author":1000,"featured_media":0,"parent":0,"menu_order":0,"comment_status":"closed","ping_status":"closed","template":"","meta":{"footnotes":""},"class_list":["post-1670","page","type-page","status-publish","hentry","post"],"jetpack_sharing_enabled":true,"jetpack_likes_enabled":true,"_links":{"self":[{"href":"https:\/\/wp.ufpel.edu.br\/museudodoce\/wp-json\/wp\/v2\/pages\/1670","targetHints":{"allow":["GET"]}}],"collection":[{"href":"https:\/\/wp.ufpel.edu.br\/museudodoce\/wp-json\/wp\/v2\/pages"}],"about":[{"href":"https:\/\/wp.ufpel.edu.br\/museudodoce\/wp-json\/wp\/v2\/types\/page"}],"author":[{"embeddable":true,"href":"https:\/\/wp.ufpel.edu.br\/museudodoce\/wp-json\/wp\/v2\/users\/1000"}],"replies":[{"embeddable":true,"href":"https:\/\/wp.ufpel.edu.br\/museudodoce\/wp-json\/wp\/v2\/comments?post=1670"}],"version-history":[{"count":6,"href":"https:\/\/wp.ufpel.edu.br\/museudodoce\/wp-json\/wp\/v2\/pages\/1670\/revisions"}],"predecessor-version":[{"id":1677,"href":"https:\/\/wp.ufpel.edu.br\/museudodoce\/wp-json\/wp\/v2\/pages\/1670\/revisions\/1677"}],"wp:attachment":[{"href":"https:\/\/wp.ufpel.edu.br\/museudodoce\/wp-json\/wp\/v2\/media?parent=1670"}],"curies":[{"name":"wp","href":"https:\/\/api.w.org\/{rel}","templated":true}]}}