{"id":1067,"date":"2020-12-09T14:29:09","date_gmt":"2020-12-09T17:29:09","guid":{"rendered":"https:\/\/wp.ufpel.edu.br\/museudodoce\/?page_id=1067"},"modified":"2023-06-22T15:32:22","modified_gmt":"2023-06-22T18:32:22","slug":"inicio-2","status":"publish","type":"page","link":"https:\/\/wp.ufpel.edu.br\/museudodoce\/inicio-2\/","title":{"rendered":"IN\u00cdCIO 2"},"content":{"rendered":"<div id=\"pl-1067\"  class=\"panel-layout\" ><div id=\"pg-1067-0\"  class=\"panel-grid panel-no-style\" ><div id=\"pgc-1067-0-0\"  class=\"panel-grid-cell\" ><div id=\"panel-1067-0-0-0\" class=\"so-panel widget widget_sow-headline panel-first-child\" data-index=\"0\" ><div\n\t\t\t\n\t\t\tclass=\"so-widget-sow-headline so-widget-sow-headline-default-6649cea9e56b-1067\"\n\t\t\t\n\t\t><div class=\"sow-headline-container \">\n\t\t\t\t\t\t\t<h3 class=\"sow-headline\">\n\t\t\t\t\t\tSOBRE O MUSEU DO DOCE\t\t\t\t\t\t<\/h3>\n\t\t\t\t\t\t<\/div>\n<\/div><\/div><div id=\"panel-1067-0-0-1\" class=\"so-panel widget widget_sow-headline\" data-index=\"1\" ><div class=\"panel-widget-style panel-widget-style-for-1067-0-0-1\" ><div\n\t\t\t\n\t\t\tclass=\"so-widget-sow-headline so-widget-sow-headline-default-3088c3b9d20f-1067\"\n\t\t\t\n\t\t><div class=\"sow-headline-container \">\n\t\t\t\t\t\t\t<h2 class=\"sow-headline\">\n\t\t\t\t\t\tHIST\u00d3RIA\t\t\t\t\t\t<\/h2>\n\t\t\t\t\t\t<\/div>\n<\/div><\/div><\/div><div id=\"panel-1067-0-0-2\" class=\"so-panel widget widget_sow-editor panel-last-child\" data-index=\"2\" ><div\n\t\t\t\n\t\t\tclass=\"so-widget-sow-editor so-widget-sow-editor-base\"\n\t\t\t\n\t\t>\n<div class=\"siteorigin-widget-tinymce textwidget\">\n\t<p style=\"text-align: justify\">O Museu do Doce da Universidade Federal de Pelotas \u2013 situado na Pra\u00e7a Coronel Pedro Os\u00f3rio, n\u00famero 8 \u2013 foi criado em 30 de dezembro de 2011.<br \/>\nConfigura-se como \u00f3rg\u00e3o suplementar do Instituto de Ci\u00eancias Humanas da UFPel e tem como miss\u00e3o salvaguardar os suportes de mem\u00f3ria da tradi\u00e7\u00e3o doceira de Pelotas e da regi\u00e3o e como compromisso, produzir conhecimento sobre esse patrim\u00f4nio.<br \/>\nA casa hist\u00f3rica que sedia o Museu do Doce foi constru\u00edda em 1878 a mando de Francisco Antunes Maciel, pol\u00edtico pelotense que foi Conselheiro do Imperador. Em 1950, a fam\u00edlia mudou-se para o Rio de Janeiro e alugou a casa para uso do Comando da atual 8 Brigada de Infantaria Motorizada do Ex\u00e9rcito Brasileiro\u201d. Em 1977, a casa foi tombada em n\u00edvel federal pelo Iphan e comprada pela UFPel em 2006. Em 2010, a UFPel deu in\u00edcio ao processo de restaura\u00e7\u00e3o e adequa\u00e7\u00e3o das instala\u00e7\u00f5es para uso do Museu. Em 2013, o restauro foi conclu\u00eddo e o Museu do Doce instalou-se na casa.<\/p>\n<\/div>\n<\/div><\/div><\/div><\/div><div id=\"pg-1067-1\"  class=\"panel-grid panel-has-style\" ><div class=\"siteorigin-panels-stretch panel-row-style panel-row-style-for-1067-1\" data-stretch-type=\"full-stretched-padded\" ><div id=\"pgc-1067-1-0\"  class=\"panel-grid-cell\" ><div id=\"panel-1067-1-0-0\" class=\"so-panel widget widget_sow-headline panel-first-child panel-last-child\" data-index=\"3\" ><div\n\t\t\t\n\t\t\tclass=\"so-widget-sow-headline so-widget-sow-headline-default-aa5180c98029-1067 so-widget-fittext-wrapper\"\n\t\t\t data-fit-text-compressor=\"0.85\"\n\t\t><div class=\"sow-headline-container \">\n\t<\/div>\n<\/div><\/div><\/div><\/div><\/div><div id=\"pg-1067-2\"  class=\"panel-grid panel-no-style\" ><div id=\"pgc-1067-2-0\"  class=\"panel-grid-cell\" ><div id=\"panel-1067-2-0-0\" class=\"so-panel widget widget_sow-headline panel-first-child\" data-index=\"4\" ><div class=\"panel-widget-style panel-widget-style-for-1067-2-0-0\" ><div\n\t\t\t\n\t\t\tclass=\"so-widget-sow-headline so-widget-sow-headline-default-3088c3b9d20f-1067\"\n\t\t\t\n\t\t><div class=\"sow-headline-container \">\n\t<\/div>\n<\/div><\/div><\/div><div id=\"panel-1067-2-0-1\" class=\"so-panel widget widget_sow-headline\" data-index=\"5\" ><div class=\"panel-widget-style panel-widget-style-for-1067-2-0-1\" ><div\n\t\t\t\n\t\t\tclass=\"so-widget-sow-headline so-widget-sow-headline-default-3088c3b9d20f-1067\"\n\t\t\t\n\t\t><div class=\"sow-headline-container \">\n\t<\/div>\n<\/div><\/div><\/div><div id=\"panel-1067-2-0-2\" class=\"so-panel widget widget_sow-headline\" data-index=\"6\" ><div class=\"panel-widget-style panel-widget-style-for-1067-2-0-2\" ><div\n\t\t\t\n\t\t\tclass=\"so-widget-sow-headline so-widget-sow-headline-default-3088c3b9d20f-1067\"\n\t\t\t\n\t\t><div class=\"sow-headline-container \">\n\t\t\t\t\t\t\t<h2 class=\"sow-headline\">\n\t\t\t\t\t\tGEST\u00c3O\t\t\t\t\t\t<\/h2>\n\t\t\t\t\t\t<\/div>\n<\/div><\/div><\/div><div id=\"panel-1067-2-0-3\" class=\"so-panel widget widget_sow-editor panel-last-child\" data-index=\"7\" ><div\n\t\t\t\n\t\t\tclass=\"so-widget-sow-editor so-widget-sow-editor-base\"\n\t\t\t\n\t\t>\n<div class=\"siteorigin-widget-tinymce textwidget\">\n\t<p><strong>Noris Mara Pacheco Martins Leal <\/strong>\u00a0\u2013 Diretora<\/p>\n<p>E-mail: norismara@gmail.com<\/p>\n<p><strong>Annelise Costa Montone<\/strong> \u2013 Vice-diretora<\/p>\n<p>E-mail: annelise.montone@ufpel.edu.br<\/p>\n<p><strong>Matheus Cruz<\/strong> \u2013 Muse\u00f3logo<\/p>\n<p>E-mail: mathcruz@gmail.com<\/p>\n<p><strong>Gilberto Lu\u00eds da Silva Carvalho<\/strong> \u2013 Secret\u00e1rio<\/p>\n<p>E-mail: beto@ufpel.edu.br<\/p>\n<p>&nbsp;<\/p>\n<\/div>\n<\/div><\/div><\/div><\/div><\/div>","protected":false},"excerpt":{"rendered":"<p>O Museu do Doce da Universidade Federal de Pelotas \u2013 situado na Pra\u00e7a Coronel Pedro Os\u00f3rio, n\u00famero 8 \u2013 foi criado em 30 de dezembro de 2011. Configura-se como \u00f3rg\u00e3o suplementar do Instituto de Ci\u00eancias Humanas da UFPel e tem como miss\u00e3o salvaguardar os suportes de mem\u00f3ria da tradi\u00e7\u00e3o doceira de Pelotas e da regi\u00e3o [&hellip;]<\/p>\n","protected":false},"author":1000,"featured_media":0,"parent":0,"menu_order":0,"comment_status":"closed","ping_status":"closed","template":"home-panels.php","meta":{"footnotes":""},"class_list":["post-1067","page","type-page","status-publish","hentry","post"],"jetpack_sharing_enabled":true,"jetpack_likes_enabled":true,"_links":{"self":[{"href":"https:\/\/wp.ufpel.edu.br\/museudodoce\/wp-json\/wp\/v2\/pages\/1067","targetHints":{"allow":["GET"]}}],"collection":[{"href":"https:\/\/wp.ufpel.edu.br\/museudodoce\/wp-json\/wp\/v2\/pages"}],"about":[{"href":"https:\/\/wp.ufpel.edu.br\/museudodoce\/wp-json\/wp\/v2\/types\/page"}],"author":[{"embeddable":true,"href":"https:\/\/wp.ufpel.edu.br\/museudodoce\/wp-json\/wp\/v2\/users\/1000"}],"replies":[{"embeddable":true,"href":"https:\/\/wp.ufpel.edu.br\/museudodoce\/wp-json\/wp\/v2\/comments?post=1067"}],"version-history":[{"count":10,"href":"https:\/\/wp.ufpel.edu.br\/museudodoce\/wp-json\/wp\/v2\/pages\/1067\/revisions"}],"predecessor-version":[{"id":1849,"href":"https:\/\/wp.ufpel.edu.br\/museudodoce\/wp-json\/wp\/v2\/pages\/1067\/revisions\/1849"}],"wp:attachment":[{"href":"https:\/\/wp.ufpel.edu.br\/museudodoce\/wp-json\/wp\/v2\/media?parent=1067"}],"curies":[{"name":"wp","href":"https:\/\/api.w.org\/{rel}","templated":true}]}}

INÍCIO 2

<div id="pl-1067"  class="panel-layout" ><div id="pg-1067-0"  class="panel-grid panel-no-style" ><div id="pgc-1067-0-0"  class="panel-grid-cell" ><div id="panel-1067-0-0-0" class="so-panel widget widget_sow-headline panel-first-child" data-index="0" ><div
			
			class="so-widget-sow-headline so-widget-sow-headline-default-6649cea9e56b-1067"
			
		><div class="sow-headline-container ">
							<h3 class="sow-headline">
						SOBRE O MUSEU DO DOCE						</h3>
						</div>
</div></div><div id="panel-1067-0-0-1" class="so-panel widget widget_sow-headline" data-index="1" ><div class="panel-widget-style panel-widget-style-for-1067-0-0-1" ><div
			
			class="so-widget-sow-headline so-widget-sow-headline-default-3088c3b9d20f-1067"
			
		><div class="sow-headline-container ">
							<h2 class="sow-headline">
						HISTÓRIA						</h2>
						</div>
</div></div></div><div id="panel-1067-0-0-2" class="so-panel widget widget_sow-editor panel-last-child" data-index="2" ><div
			
			class="so-widget-sow-editor so-widget-sow-editor-base"
			
		>
<div class="siteorigin-widget-tinymce textwidget">
	<p style="text-align: justify">O Museu do Doce da Universidade Federal de Pelotas – situado na Praça Coronel Pedro Osório, número 8 – foi criado em 30 de dezembro de 2011.<br />
Configura-se como órgão suplementar do Instituto de Ciências Humanas da UFPel e tem como missão salvaguardar os suportes de memória da tradição doceira de Pelotas e da região e como compromisso, produzir conhecimento sobre esse patrimônio.<br />
A casa histórica que sedia o Museu do Doce foi construída em 1878 a mando de Francisco Antunes Maciel, político pelotense que foi Conselheiro do Imperador. Em 1950, a família mudou-se para o Rio de Janeiro e alugou a casa para uso do Comando da atual 8 Brigada de Infantaria Motorizada do Exército Brasileiro”. Em 1977, a casa foi tombada em nível federal pelo Iphan e comprada pela UFPel em 2006. Em 2010, a UFPel deu início ao processo de restauração e adequação das instalações para uso do Museu. Em 2013, o restauro foi concluído e o Museu do Doce instalou-se na casa.</p>
</div>
</div></div></div></div><div id="pg-1067-1"  class="panel-grid panel-has-style" ><div class="siteorigin-panels-stretch panel-row-style panel-row-style-for-1067-1" data-stretch-type="full-stretched-padded" ><div id="pgc-1067-1-0"  class="panel-grid-cell" ><div id="panel-1067-1-0-0" class="so-panel widget widget_sow-headline panel-first-child panel-last-child" data-index="3" ><div
			
			class="so-widget-sow-headline so-widget-sow-headline-default-aa5180c98029-1067 so-widget-fittext-wrapper"
			 data-fit-text-compressor="0.85"
		><div class="sow-headline-container ">
	</div>
</div></div></div></div></div><div id="pg-1067-2"  class="panel-grid panel-no-style" ><div id="pgc-1067-2-0"  class="panel-grid-cell" ><div id="panel-1067-2-0-0" class="so-panel widget widget_sow-headline panel-first-child" data-index="4" ><div class="panel-widget-style panel-widget-style-for-1067-2-0-0" ><div
			
			class="so-widget-sow-headline so-widget-sow-headline-default-3088c3b9d20f-1067"
			
		><div class="sow-headline-container ">
	</div>
</div></div></div><div id="panel-1067-2-0-1" class="so-panel widget widget_sow-headline" data-index="5" ><div class="panel-widget-style panel-widget-style-for-1067-2-0-1" ><div
			
			class="so-widget-sow-headline so-widget-sow-headline-default-3088c3b9d20f-1067"
			
		><div class="sow-headline-container ">
	</div>
</div></div></div><div id="panel-1067-2-0-2" class="so-panel widget widget_sow-headline" data-index="6" ><div class="panel-widget-style panel-widget-style-for-1067-2-0-2" ><div
			
			class="so-widget-sow-headline so-widget-sow-headline-default-3088c3b9d20f-1067"
			
		><div class="sow-headline-container ">
							<h2 class="sow-headline">
						GESTÃO						</h2>
						</div>
</div></div></div><div id="panel-1067-2-0-3" class="so-panel widget widget_sow-editor panel-last-child" data-index="7" ><div
			
			class="so-widget-sow-editor so-widget-sow-editor-base"
			
		>
<div class="siteorigin-widget-tinymce textwidget">
	<p><strong>Noris Mara Pacheco Martins Leal </strong> – Diretora</p>
<p>E-mail: norismara@gmail.com</p>
<p><strong>Annelise Costa Montone</strong> – Vice-diretora</p>
<p>E-mail: annelise.montone@ufpel.edu.br</p>
<p><strong>Matheus Cruz</strong> – Museólogo</p>
<p>E-mail: mathcruz@gmail.com</p>
<p><strong>Gilberto Luís da Silva Carvalho</strong> – Secretário</p>
<p>E-mail: beto@ufpel.edu.br</p>
<p>&nbsp;</p>
</div>
</div></div></div></div></div>

<p>O Museu do Doce da Universidade Federal de Pelotas – situado na Praça Coronel Pedro Osório, número 8 – foi criado em 30 de dezembro de 2011. Configura-se como órgão suplementar do Instituto de Ciências Humanas da UFPel e tem como missão salvaguardar os suportes de memória da tradição doceira de Pelotas e da região [&hellip;]</p>
