{"id":46,"date":"2016-07-06T19:58:58","date_gmt":"2016-07-06T22:58:58","guid":{"rendered":"https:\/\/wp.ufpel.edu.br\/museudoconhecimentoparatodos\/?page_id=46"},"modified":"2016-07-06T19:58:58","modified_gmt":"2016-07-06T22:58:58","slug":"equipe","status":"publish","type":"page","link":"https:\/\/wp.ufpel.edu.br\/museudoconhecimentoparatodos\/equipe\/","title":{"rendered":"Equipe"},"content":{"rendered":"<p><strong>2012<\/strong><\/p>\n<p><strong>Professores<\/strong><\/p>\n<p>Francisca Ferreira Michelon &#8211; ICH &#8211; Coordenadora<\/p>\n<p>Adriane Borda Almeida da Silva &#8211; FAURB &#8211; Projeto Maquetes T\u00e1teis<\/p>\n<p>Celina Britto C\u00f4rrea \u2013 FAURB &#8211; Projeto Expogr\u00e1fico Memorial do Anglo<\/p>\n<p>Jos\u00e9 Luiz de Pellegrin &#8211; CEArt &#8211; Colaborador<\/p>\n<p>N\u00f3ris Mara Pacheco Martins Leal &#8211; ICH &#8211; Museologia<\/p>\n<p>Tatiana Bolivar Lebedeff\u00a0 &#8211; CLC &#8211; Projeto de Audiodescri\u00e7\u00e3o<\/p>\n<p>V\u00edrginia de Melo Alves &#8211; IFM &#8211; Colaboradora<\/p>\n<p>&nbsp;<\/p>\n<p><strong>Estudantes<\/strong><\/p>\n<p><strong>Curso de Arquitetura e Urbanismo<\/strong><\/p>\n<p>Monica Mendes Veiga<\/p>\n<p>Lilianni Chaves Nicoletti<\/p>\n<p>Ta\u00edla Vicari<\/p>\n<p><strong>Bacharelado em Canto <\/strong><\/p>\n<p>Fernando de Paula Zamboni<\/p>\n<p>Marcos Gabriel Nunes Schmalfus<\/p>\n<p><strong>Curso de Computa\u00e7\u00e3o Gr\u00e1fica<\/strong><\/p>\n<p>Matheus Jose Krumenauer Weber<\/p>\n<p><strong>Curso de Conserva\u00e7\u00e3o e Restaura\u00e7\u00e3o de Bens Culturais M\u00f3veis<\/strong><\/p>\n<p>Ana Paula da Rosa Leal<\/p>\n<p>Caroline Peixoto Pires<\/p>\n<p>Claudia da Silva Nogueira<\/p>\n<p>Degli M\u00e1rcia S. de Quevedo<\/p>\n<p>Fabiane Rodrigues Moraes<\/p>\n<p>Joana Andrea Bielecki Brakling<\/p>\n<p>Juliana Corr\u00eaa Vergara<\/p>\n<p>Rosaura Isquierdo Rocha<\/p>\n<p>Su\u00e9len Neubert<\/p>\n<p><strong>Curso de Design Gr\u00e1fico <\/strong><\/p>\n<p>Grazielle Rosa Gomes<\/p>\n<p><strong>Curso de F\u00edsica<\/strong><\/p>\n<p>Ana Paula Malvina dos Santos<\/p>\n<p><strong>Curso de Museologia<\/strong><\/p>\n<p>Bernardo Maia de Cerqueira<\/p>\n<p>Bettina Afonso Garcia<\/p>\n<p>Luhana Oliveira de Arruda<\/p>\n<p>Jos\u00e9 Paulo Siefert Brahm<\/p>\n<p>Jossana Peil Coelho<\/p>\n<p><strong>Curso de Pedagogia<\/strong><\/p>\n<p>Ana Paula da Silva Nogueira<\/p>\n<p>Taiane Oliveira de Arruda<\/p>\n<p><strong>Curso de Terapia Ocupacional<\/strong><\/p>\n<p>Desir\u00e9e Nobre Salasar<\/p>\n<p><strong>\u00a0<\/strong><\/p>\n<p><strong>2013<\/strong><\/p>\n<p><strong>Professores<\/strong><\/p>\n<p>Francisca Ferreira Michelon &#8211; ICH &#8211; Coordenadora<\/p>\n<p>Adriane Borda Almeida da Silva &#8211; FAURB &#8211; Projeto Maquetes T\u00e1teis<\/p>\n<p>Celina Britto C\u00f4rrea \u2013 FAURB &#8211; Projeto Expogr\u00e1fico Memorial do Anglo<\/p>\n<p>Tatiana Bolivar Lebedeff\u00a0 &#8211; CLC &#8211; Projeto de Audiodescri\u00e7\u00e3o<\/p>\n<p>&nbsp;<\/p>\n<p><strong>Programa de P\u00f3s-Gradua\u00e7\u00e3o em Mem\u00f3ria Social e Patrim\u00f4nio Cultural <\/strong><\/p>\n<p>P\u00f3s-doutoranda Ana Maria Sosa Gonz\u00e1lez<\/p>\n<p>&nbsp;<\/p>\n<p><strong>Estudantes<\/strong><\/p>\n<p><strong>Curso de Arquitetura e Urbanismo<\/strong><\/p>\n<p>Monica Mendes Veiga<\/p>\n<p><strong>Bacharelado em Canto <\/strong><\/p>\n<p>Fernando de Paula Zamboni<\/p>\n<p><strong>Curso de Computa\u00e7\u00e3o Gr\u00e1fica<\/strong><\/p>\n<p>Matheus Jose Krumenauer Weber<\/p>\n<p><strong>Curso de Conserva\u00e7\u00e3o e Restaura\u00e7\u00e3o de Bens Culturais M\u00f3veis<\/strong><\/p>\n<p>Adriano Konrath<\/p>\n<p>Degli M\u00e1rcia S. de Quevedo<\/p>\n<p>J\u00falia Figueiredo Cavallieri<\/p>\n<p>Rosaura Isquierdo Rocha<\/p>\n<p>Su\u00e9len Neubert<\/p>\n<p><strong>Curso de Design Gr\u00e1fico <\/strong><\/p>\n<p>Patrick Fernandes de C. Moura<\/p>\n<p><strong>Curso de Museologia<\/strong><\/p>\n<p>Bernardo Maia de Cerqueira<\/p>\n<p>Jos\u00e9 Paulo Siefert Brahm<\/p>\n<p>Jossana Peil Coelho<\/p>\n<p><strong>Curso de Terapia Ocupacional<\/strong><\/p>\n<p>Desir\u00e9e Nobre Salasar<\/p>\n<p><strong>\u00a0<\/strong><\/p>\n<p><strong>2014<\/strong><\/p>\n<p><strong>Professores<\/strong><\/p>\n<p>Francisca Ferreira Michelon &#8211; ICH &#8211; Coordenadora<\/p>\n<p>Celina Britto C\u00f4rrea \u2013 FAURB &#8211; Projeto Expogr\u00e1fico Memorial do Anglo<\/p>\n<p>Adriane Borda da Silva &#8211; FAURB &#8211; Projeto Maquetes T\u00e1teis<\/p>\n<p>Jo\u00e3o Fernando Igansi Nunes &#8211; CA &#8211; Identidade Visual e Sinaliza\u00e7\u00e3o<\/p>\n<p>N\u00f3ris Mara Pacheco Martins Leal &#8211; ICH &#8211; Museologia<\/p>\n<p>&nbsp;<\/p>\n<p><strong>Curso de Terapia Ocupacional<\/strong><\/p>\n<p>Desir\u00e9e Nobre Salasar<\/p>\n<p><strong>\u00a0<\/strong><\/p>\n<p><strong>2015<\/strong><\/p>\n<p><strong>Professores<\/strong><\/p>\n<p>Francisca Ferreira Michelon &#8211; ICH &#8211; Coordenadora<\/p>\n<p>Adriane Borda da Silva &#8211; FAURB &#8211; Projeto Maquetes T\u00e1teis<\/p>\n<p>Elcio Alteris dos Santos- FM &#8211; Terapia ocupacional<\/p>\n<p>Jo\u00e3o Fernando Igansi Nunes &#8211; CA &#8211; Identidade Visual e Sinaliza\u00e7\u00e3o<\/p>\n<p>Larissa Dall\u2019Agnol da Silva &#8211; FM\u00a0 &#8211; Terapia Ocupacional<\/p>\n<p>Nirce Saffer Medvedoviski &#8211; FAURB<\/p>\n<p>N\u00f3ris Mara Pacheco Martins Leal &#8211; ICH &#8211; Museologia<\/p>\n<p>&nbsp;<\/p>\n<p><strong>Estudantes<\/strong><\/p>\n<p><strong><em>Curso de Arquitetura e Urbanismo<\/em><\/strong><\/p>\n<p>Fernanda Siebert<\/p>\n<p>Gabriela Gonzalez Peronti<\/p>\n<p>Graziele Parker Leitzke<\/p>\n<p>Leticia de Farias Borges<\/p>\n<p><strong><em>Curso de Design Gr\u00e1fico e Digital<\/em><\/strong><\/p>\n<p>Desir\u00e9e Freitas dos Santos,<\/p>\n<p>Keroulaine de Avila Gomes<\/p>\n<p><strong><em>Curso de Cinema<\/em><\/strong><\/p>\n<p>Fernando Milani Marrera<\/p>\n<p><strong><em>Curso de Letras<\/em><\/strong><\/p>\n<p>Larissa Gon\u00e7alves Medeiros<\/p>\n<p><strong><em>Curso de Conserva\u00e7\u00e3o e Restauro<\/em><\/strong><\/p>\n<p>Eduarda Gon\u00e7alves<\/p>\n<p><strong><em>Curso de Terapia Ocupacional<\/em><\/strong><\/p>\n<p>Carla Serpa Costa<\/p>\n<p>Cec\u00edlia Rechilinsk Pinto<\/p>\n<p>Desir\u00e9e Nobre Salasar<\/p>\n<p>&nbsp;<\/p>\n<p><strong>2016<\/strong><\/p>\n<p><strong>Professores<\/strong><\/p>\n<p>Francisca Ferreira Michelon &#8211; ICH &#8211; Coordenadora<\/p>\n<p>Adriane Borda da Silva &#8211; FAURB &#8211; Projeto Maquetes T\u00e1teis<\/p>\n<p>Elcio Alteris dos Santos- FM &#8211; Terapia ocupacional<\/p>\n<p>Jo\u00e3o Fernando Igansi Nunes &#8211; CA &#8211; Identidade Visual e Sinaliza\u00e7\u00e3o<\/p>\n<p>Larissa Dall\u2019Agnol da Silva &#8211; FM\u00a0 &#8211; Terapia Ocupacional<\/p>\n<p>N\u00f3ris Mara Pacheco Martins Leal &#8211; ICH &#8211; Museologia<\/p>\n<p>Tatiana Aires Tavares &#8211; CDTec &#8211; Ci\u00eancia da Computa\u00e7\u00e3o<\/p>\n<p>&nbsp;<\/p>\n<p><strong>Programa de P\u00f3s-Gradua\u00e7\u00e3o em Mem\u00f3ria Social e Patrim\u00f4nio Cultural<\/strong><\/p>\n<p>Mestranda Jossana Peil Coelho<\/p>\n<p>&nbsp;<\/p>\n<p><strong>Estudantes<\/strong><\/p>\n<p><strong>Curso de Arquitetura e Urbanismo<\/strong><\/p>\n<p>Arthur Romariz Davesac<\/p>\n<p>Francielle Martins Silveira Arquitetura e Urbanismo<\/p>\n<p>L\u00edvia \u00c1vila Cava Arquitetura e Urbanism<\/p>\n<p>Karina dos Santos Moura Arquitetura e Urbanismo<\/p>\n<p><strong>Museologia<\/strong><\/p>\n<p>Carolina da Motta Tavares<\/p>\n<p>Carolina Gomes Nogueira<\/p>\n<p>Leandro Freitas Pereira<\/p>\n<p>Rafael Teixeira Chaves<\/p>\n<p><strong>Curso de Ci\u00eancia da Computa\u00e7\u00e3o<\/strong><\/p>\n<p>Edemar Dias Xavier Junior<\/p>\n<p><strong>Curso de Cinema e Audivisual<\/strong><\/p>\n<p>Mar\u00edlia Sheila dos Santos<\/p>\n<p><strong>Curso de Design Digital<\/strong><\/p>\n<p>Mariana Coreixas Valente<\/p>\n<p>Mariana Lemos Brasil<\/p>\n","protected":false},"excerpt":{"rendered":"<p>2012 Professores Francisca Ferreira Michelon &#8211; ICH &#8211; Coordenadora Adriane Borda Almeida da Silva &#8211; FAURB &#8211; Projeto Maquetes T\u00e1teis Celina Britto C\u00f4rrea \u2013 FAURB &#8211; Projeto Expogr\u00e1fico Memorial do Anglo Jos\u00e9 Luiz de Pellegrin &#8211; CEArt &#8211; Colaborador N\u00f3ris Mara Pacheco Martins Leal &#8211; ICH &#8211; Museologia Tatiana Bolivar Lebedeff\u00a0 &#8211; CLC &#8211; Projeto [&hellip;]<\/p>\n","protected":false},"author":666,"featured_media":0,"parent":0,"menu_order":0,"comment_status":"closed","ping_status":"closed","template":"page-templates\/front-page.php","meta":{"footnotes":""},"class_list":["post-46","page","type-page","status-publish","hentry"],"_links":{"self":[{"href":"https:\/\/wp.ufpel.edu.br\/museudoconhecimentoparatodos\/wp-json\/wp\/v2\/pages\/46","targetHints":{"allow":["GET"]}}],"collection":[{"href":"https:\/\/wp.ufpel.edu.br\/museudoconhecimentoparatodos\/wp-json\/wp\/v2\/pages"}],"about":[{"href":"https:\/\/wp.ufpel.edu.br\/museudoconhecimentoparatodos\/wp-json\/wp\/v2\/types\/page"}],"author":[{"embeddable":true,"href":"https:\/\/wp.ufpel.edu.br\/museudoconhecimentoparatodos\/wp-json\/wp\/v2\/users\/666"}],"replies":[{"embeddable":true,"href":"https:\/\/wp.ufpel.edu.br\/museudoconhecimentoparatodos\/wp-json\/wp\/v2\/comments?post=46"}],"version-history":[{"count":1,"href":"https:\/\/wp.ufpel.edu.br\/museudoconhecimentoparatodos\/wp-json\/wp\/v2\/pages\/46\/revisions"}],"predecessor-version":[{"id":49,"href":"https:\/\/wp.ufpel.edu.br\/museudoconhecimentoparatodos\/wp-json\/wp\/v2\/pages\/46\/revisions\/49"}],"wp:attachment":[{"href":"https:\/\/wp.ufpel.edu.br\/museudoconhecimentoparatodos\/wp-json\/wp\/v2\/media?parent=46"}],"curies":[{"name":"wp","href":"https:\/\/api.w.org\/{rel}","templated":true}]}}