{"id":28,"date":"2016-07-06T19:50:37","date_gmt":"2016-07-06T22:50:37","guid":{"rendered":"https:\/\/wp.ufpel.edu.br\/museudoconhecimentoparatodos\/?page_id=28"},"modified":"2016-07-06T19:50:49","modified_gmt":"2016-07-06T22:50:49","slug":"memorial-do-anglo","status":"publish","type":"page","link":"https:\/\/wp.ufpel.edu.br\/museudoconhecimentoparatodos\/memorial-do-anglo\/","title":{"rendered":"Memorial do Anglo"},"content":{"rendered":"<p>O Memorial do Anglo \u00e9 constitu\u00eddo de um espa\u00e7o f\u00edsico, situado no 3\u00ba andar do Pr\u00e9dio do Campus Porto da Universidade Federal de Pelotas, no local onde durante o funcionamento do Frigor\u00edfico localizavam-se algumas das c\u00e2maras frias; e desta p\u00e1gina que disponibiliza informa\u00e7\u00e3o oriunda dos projetos vinculados ao tema, bem como exp\u00f5e fotografias atuais ou n\u00e3o, que registrem todo e qualquer assunto relacionado ao Frigor\u00edfico ou a outras unidades frigor\u00edficas do Anglo.<\/p>\n<p>O espa\u00e7o onde se encontra a Sala de Exposi\u00e7\u00e3o foi institu\u00eddo quando da reforma feita pela UFPel para adequar o uso \u00e0s necessidades da Universidade. O Memorial, propriamente dito, foi organizado a partir de um projeto de extens\u00e3o, apoiado financeiramente no Edital ProExt MEC\/SESu 2011, intitulado O Museu do Conhecimento para Todos.<\/p>\n<p>O Memorial apresenta-se, nos dois espa\u00e7os em que opera (f\u00edsico e virtual) como uma circunst\u00e2ncia de registro e exposi\u00e7\u00e3o da mem\u00f3ria que se est\u00e1 construindo sobre o extinto Frigor\u00edfico Anglo de Pelotas.<\/p>\n<p><strong>A MISS\u00c3O<\/strong><\/p>\n<p>O Memorial do Anglo tem como miss\u00e3o informar a natureza do pr\u00e9dio onde se encontra e apresentar resultados de pesquisa sobre o trabalho neste frigor\u00edfico. Cumpre, desta forma, o papel de um suporte de mem\u00f3ria do trabalho, das t\u00e9cnicas construtivas, da produ\u00e7\u00e3o industrial de alimentos de origem animal e da trajet\u00f3ria do capital estrangeiro no Brasil. Igualmente, objetiva instituir valor ao patrim\u00f4nio industrial que a Universidade Federal de Pelotas possui, afirmando o compromisso que a Institui\u00e7\u00e3o tem com sua guarda e preserva\u00e7\u00e3o.<\/p>\n","protected":false},"excerpt":{"rendered":"<p>O Memorial do Anglo \u00e9 constitu\u00eddo de um espa\u00e7o f\u00edsico, situado no 3\u00ba andar do Pr\u00e9dio do Campus Porto da Universidade Federal de Pelotas, no local onde durante o funcionamento do Frigor\u00edfico localizavam-se algumas das c\u00e2maras frias; e desta p\u00e1gina que disponibiliza informa\u00e7\u00e3o oriunda dos projetos vinculados ao tema, bem como exp\u00f5e fotografias atuais ou [&hellip;]<\/p>\n","protected":false},"author":666,"featured_media":0,"parent":0,"menu_order":0,"comment_status":"closed","ping_status":"closed","template":"page-templates\/front-page.php","meta":{"footnotes":""},"class_list":["post-28","page","type-page","status-publish","hentry"],"_links":{"self":[{"href":"https:\/\/wp.ufpel.edu.br\/museudoconhecimentoparatodos\/wp-json\/wp\/v2\/pages\/28","targetHints":{"allow":["GET"]}}],"collection":[{"href":"https:\/\/wp.ufpel.edu.br\/museudoconhecimentoparatodos\/wp-json\/wp\/v2\/pages"}],"about":[{"href":"https:\/\/wp.ufpel.edu.br\/museudoconhecimentoparatodos\/wp-json\/wp\/v2\/types\/page"}],"author":[{"embeddable":true,"href":"https:\/\/wp.ufpel.edu.br\/museudoconhecimentoparatodos\/wp-json\/wp\/v2\/users\/666"}],"replies":[{"embeddable":true,"href":"https:\/\/wp.ufpel.edu.br\/museudoconhecimentoparatodos\/wp-json\/wp\/v2\/comments?post=28"}],"version-history":[{"count":2,"href":"https:\/\/wp.ufpel.edu.br\/museudoconhecimentoparatodos\/wp-json\/wp\/v2\/pages\/28\/revisions"}],"predecessor-version":[{"id":32,"href":"https:\/\/wp.ufpel.edu.br\/museudoconhecimentoparatodos\/wp-json\/wp\/v2\/pages\/28\/revisions\/32"}],"wp:attachment":[{"href":"https:\/\/wp.ufpel.edu.br\/museudoconhecimentoparatodos\/wp-json\/wp\/v2\/media?parent=28"}],"curies":[{"name":"wp","href":"https:\/\/api.w.org\/{rel}","templated":true}]}}