{"id":19,"date":"2016-07-06T19:44:49","date_gmt":"2016-07-06T22:44:49","guid":{"rendered":"https:\/\/wp.ufpel.edu.br\/museudoconhecimentoparatodos\/?page_id=19"},"modified":"2016-07-06T19:44:49","modified_gmt":"2016-07-06T22:44:49","slug":"acoes","status":"publish","type":"page","link":"https:\/\/wp.ufpel.edu.br\/museudoconhecimentoparatodos\/acoes\/","title":{"rendered":"A\u00e7\u00f5es"},"content":{"rendered":"<p>1.\tProjeto de Media\u00e7\u00e3o Acess\u00edvel<br \/>\n2.\tProjeto de Maquetes e Esquemas T\u00e1teis<br \/>\n3.\tProjeto de \u00c1udio-descri\u00e7\u00e3o<br \/>\n4.\tProjeto Realidade Aumentada<br \/>\n5.\tProjeto Exposi\u00e7\u00e3o do Sal ao A\u00e7\u00facar<\/p>\n","protected":false},"excerpt":{"rendered":"<p>1. Projeto de Media\u00e7\u00e3o Acess\u00edvel 2. Projeto de Maquetes e Esquemas T\u00e1teis 3. Projeto de \u00c1udio-descri\u00e7\u00e3o 4. Projeto Realidade Aumentada 5. Projeto Exposi\u00e7\u00e3o do Sal ao A\u00e7\u00facar<\/p>\n","protected":false},"author":666,"featured_media":0,"parent":0,"menu_order":0,"comment_status":"closed","ping_status":"closed","template":"page-templates\/front-page.php","meta":{"footnotes":""},"class_list":["post-19","page","type-page","status-publish","hentry"],"_links":{"self":[{"href":"https:\/\/wp.ufpel.edu.br\/museudoconhecimentoparatodos\/wp-json\/wp\/v2\/pages\/19","targetHints":{"allow":["GET"]}}],"collection":[{"href":"https:\/\/wp.ufpel.edu.br\/museudoconhecimentoparatodos\/wp-json\/wp\/v2\/pages"}],"about":[{"href":"https:\/\/wp.ufpel.edu.br\/museudoconhecimentoparatodos\/wp-json\/wp\/v2\/types\/page"}],"author":[{"embeddable":true,"href":"https:\/\/wp.ufpel.edu.br\/museudoconhecimentoparatodos\/wp-json\/wp\/v2\/users\/666"}],"replies":[{"embeddable":true,"href":"https:\/\/wp.ufpel.edu.br\/museudoconhecimentoparatodos\/wp-json\/wp\/v2\/comments?post=19"}],"version-history":[{"count":1,"href":"https:\/\/wp.ufpel.edu.br\/museudoconhecimentoparatodos\/wp-json\/wp\/v2\/pages\/19\/revisions"}],"predecessor-version":[{"id":21,"href":"https:\/\/wp.ufpel.edu.br\/museudoconhecimentoparatodos\/wp-json\/wp\/v2\/pages\/19\/revisions\/21"}],"wp:attachment":[{"href":"https:\/\/wp.ufpel.edu.br\/museudoconhecimentoparatodos\/wp-json\/wp\/v2\/media?parent=19"}],"curies":[{"name":"wp","href":"https:\/\/api.w.org\/{rel}","templated":true}]}}