{"id":45,"date":"2020-07-17T12:03:25","date_gmt":"2020-07-17T15:03:25","guid":{"rendered":"https:\/\/wp.ufpel.edu.br\/museudesolosrochaseminerais\/?page_id=45"},"modified":"2021-01-18T10:01:10","modified_gmt":"2021-01-18T13:01:10","slug":"minerais","status":"publish","type":"page","link":"https:\/\/wp.ufpel.edu.br\/museudesolosrochaseminerais\/minerais\/","title":{"rendered":"Minerais"},"content":{"rendered":"<div id=\"pl-45\" class=\"panel-layout\">\n<div id=\"pg-45-0\" class=\"panel-grid panel-no-style\">\n<div id=\"pgc-45-0-0\" class=\"panel-grid-cell\" data-weight=\"1\">\n<div id=\"panel-45-0-0-0\" class=\"so-panel widget widget_sow-editor panel-first-child panel-last-child\" data-index=\"0\">\n<div class=\"so-widget-sow-editor so-widget-sow-editor-base\">\n<div class=\"siteorigin-widget-tinymce textwidget\">\n<p>O que \u00e9 um Mineral ?<\/p>\n<blockquote>\n<p style=\"text-align: justify\">&#8220;Um mineral \u00e9 um s\u00f3lido homog\u00eaneo de ocorr\u00eancia natural, formado inorg\u00e2nico, com uma composi\u00e7\u00e3o qu\u00edmica definida e um arranjo at\u00f4mico ordenado&#8221; (<strong>Mason et al. 1968<\/strong>).<\/p>\n<\/blockquote>\n<p><strong>Mineralogia<\/strong> \u2013 ci\u00eancia que estuda as propriedades, composi\u00e7\u00e3o, maneira de ocorr\u00eancia e g\u00eanese dos minerais.<\/p>\n<p><strong>Cristal<\/strong>: Formados quando h\u00e1 um ambiente favor\u00e1vel (lento aquecimento).Os grupos de \u00e1tomos (mol\u00e9culas) se juntam em forma ordenada. \u00c9 definido numa geometria em que as faces s\u00e3o planas.<\/p>\n<blockquote>\n<p style=\"text-align: justify\">&#8220;Toda forma\u00e7\u00e3o em Cristal \u00e9 identificado como mat\u00e9ria mineral, mas<br \/>\nnem todo mineral se apresenta em forma de cristais&#8221;.<\/p>\n<\/blockquote>\n<p>Os minerais se formam por cristaliza\u00e7\u00e3o, a partir de l\u00edquidos magm\u00e1ticos ou solu\u00e7\u00f5es termais, pela recristaliza\u00e7\u00e3o em estado s\u00f3lido e ainda, como produto de rea\u00e7\u00f5es qu\u00edmicas entre s\u00f3lidos e l\u00edquidos.<\/p>\n<p style=\"text-align: left\">As rochas podem ser identificadas pelo tipo de mineral que as integra:<\/p>\n<ul>\n<li style=\"text-align: left\"><strong>Mineral essencial<\/strong>: o mineral caracteriza um tipo de rocha, como por exemplo, o granito que \u00e9 constitu\u00eddo pelo quartzo, micas e feldspatos;<\/li>\n<li style=\"text-align: left\"><strong>Minerais acess\u00f3rios:<\/strong> revelam condi\u00e7\u00f5es especiais de cristaliza\u00e7\u00e3o;<\/li>\n<li style=\"text-align: left\"><strong>Minerais secund\u00e1rios:<\/strong> aparecem na rocha depois de sua forma\u00e7\u00e3o, ou seja, s\u00e3o formados da altera\u00e7\u00e3o de outros minerais.<\/li>\n<\/ul>\n<h3 style=\"text-align: center\"><strong>PROPRIEDADES DOS MINERAIS<\/strong><\/h3>\n<p style=\"text-align: left\"><strong>PROPRIEDADES MORFOL\u00d3GICAS <\/strong><\/p>\n<p style=\"text-align: left\">H\u00e1bito: Maneira mais frequente com que um mineral ou cristal se apresenta. Todos minerais est\u00e3o enquadrados em um dos tipos de sistema cristalino.<\/p>\n<p style=\"text-align: left\">Ex. <strong>Quartzo:<\/strong> Prism\u00e1tico, terminando por faces de romboedro.<br \/>\n<strong>Feldspatos:<\/strong> Prismas monocl\u00ednicos ou tricl\u00ednicos.<br \/>\n<strong>Micas<\/strong>: Placas tabulares.<\/p>\n<p>Os cristais, com base nos elementos de simetria, foram reunidos em sete grupos, denominados sistemas cristalinos.<\/p>\n<div id=\"attachment_1514\" style=\"width: 410px\" class=\"wp-caption aligncenter\"><img loading=\"lazy\" decoding=\"async\" aria-describedby=\"caption-attachment-1514\" class=\"size-medium wp-image-1514\" src=\"https:\/\/wp.ufpel.edu.br\/museudesolosrochaseminerais\/files\/2020\/10\/sistema-cristalino-400x350.jpg\" alt=\"\" width=\"400\" height=\"350\" srcset=\"https:\/\/wp.ufpel.edu.br\/museudesolosrochaseminerais\/files\/2020\/10\/sistema-cristalino-400x350.jpg 400w, https:\/\/wp.ufpel.edu.br\/museudesolosrochaseminerais\/files\/2020\/10\/sistema-cristalino-1024x895.jpg 1024w, https:\/\/wp.ufpel.edu.br\/museudesolosrochaseminerais\/files\/2020\/10\/sistema-cristalino-768x671.jpg 768w, https:\/\/wp.ufpel.edu.br\/museudesolosrochaseminerais\/files\/2020\/10\/sistema-cristalino.jpg 1110w\" sizes=\"auto, (max-width: 400px) 100vw, 400px\" \/><p id=\"caption-attachment-1514\" class=\"wp-caption-text\">Fonte: https:\/\/regenerando.com.br\/cristaloterapia\/sistema-cristalino\/<\/p><\/div>\n<\/div>\n<div class=\"siteorigin-widget-tinymce textwidget\">\n<p style=\"text-align: left\"><strong>PROPRIEDADES F\u00cdSICAS <\/strong><\/p>\n<p><strong>Dureza:<\/strong> \u00c9 a resist\u00eancia ao risco. \u00c9 dada pela escala emp\u00edrica de <a href=\"https:\/\/wp.ufpel.edu.br\/museudesolosrochaseminerais\/tabela-de-mohs\/\">MOHS<\/a>.<\/p>\n<p style=\"text-align: left\"><strong>Obs.:<\/strong> \u2022 A varia\u00e7\u00e3o da dureza dessa escala n\u00e3o \u00e9 gradativa ou proporcional<\/p>\n<p style=\"text-align: center\"><strong>\u2022 Dureza fun\u00e7\u00e3o de: &#8211; composi\u00e7\u00e3o qu\u00edmica<\/strong><br \/>\n<strong>\u00a0 \u00a0&#8211; estrutura cristalina<\/strong><br \/>\n<strong>Ex.: Diamante e grafita &#8211; carbono<\/strong><br \/>\n<strong>10\u00a0 \u00a0 \u00a0 \u00a0 \u00a0 \u00a0 \u00a0 \u00a01 a 2<\/strong><\/p>\n<p><strong>Tra\u00e7o:<\/strong> \u00c9 a propriedade de o mineral deixar um risco de p\u00f3, quando friccionado contra uma superf\u00edcie n\u00e3o polida de porcelana branca.<\/p>\n<p style=\"text-align: left\">\u2022 Dureza superior ao da porcelana (7) \u2013 incolor (provoca um sulco na porcelana).<br \/>\n\u2022 O tra\u00e7o nem sempre apresenta a cor do mineral.<\/p>\n<p style=\"text-align: center\"><strong>Ex.: Hematita (preto &#8211; cinzento)<\/strong><br \/>\n<strong>Tra\u00e7o Vermelho &#8211; Sangue<\/strong><\/p>\n<\/div>\n<\/div>\n<\/div>\n<\/div>\n<\/div>\n<\/div>\n<div id=\"pl-45\" class=\"panel-layout\">\n<div id=\"pg-45-0\" class=\"panel-grid panel-no-style\">\n<div id=\"pgc-45-0-0\" class=\"panel-grid-cell\" data-weight=\"1\">\n<div id=\"panel-45-0-0-0\" class=\"so-panel widget widget_sow-editor panel-first-child panel-last-child\" data-index=\"0\">\n<div class=\"so-widget-sow-editor so-widget-sow-editor-base\">\n<div class=\"siteorigin-widget-tinymce textwidget\">\n<p><strong>Clivagem:<\/strong> \u00c9 a propriedade de os minerais se partirem em determinados planos ou j\u00e1 apresentarem esses pl, de acordo com suas dire\u00e7\u00f5es de fraqueza.<\/p>\n<p>Proeminente\u00a0 \u00a0 \u00a0 \u00a0 \u00a0 \u00a0 \u00a0 \u00a0 \u00a0 \u00a0 \u00a0 \u00a0 \u00a0 \u00a0 \u00a0 Mica\/calcita<br \/>\nPerfeita (aspereza)\u00a0 \u00a0 \u00a0 \u00a0 \u00a0 \u00a0 \u00a0 \u00a0 \u00a0 \u00a0 Feldspatos<br \/>\nDistinta (escalonamento)\u00a0 \u00a0 \u00a0 \u00a0 Fluorita<br \/>\nIndistinta\u00a0 \u00a0 \u00a0 \u00a0 \u00a0 \u00a0 \u00a0 \u00a0 \u00a0 \u00a0 \u00a0 \u00a0 \u00a0 \u00a0 \u00a0 \u00a0 \u00a0 \u00a0 \u00a0Apatita<\/p>\n<div id=\"attachment_1524\" style=\"width: 410px\" class=\"wp-caption aligncenter\"><img loading=\"lazy\" decoding=\"async\" aria-describedby=\"caption-attachment-1524\" class=\"wp-image-1524 size-medium\" src=\"https:\/\/wp.ufpel.edu.br\/museudesolosrochaseminerais\/files\/2020\/10\/estuda-mineralogia-geologia-cap3-8-638-2-400x319.jpg\" alt=\"\" width=\"400\" height=\"319\" srcset=\"https:\/\/wp.ufpel.edu.br\/museudesolosrochaseminerais\/files\/2020\/10\/estuda-mineralogia-geologia-cap3-8-638-2-400x319.jpg 400w, https:\/\/wp.ufpel.edu.br\/museudesolosrochaseminerais\/files\/2020\/10\/estuda-mineralogia-geologia-cap3-8-638-2.jpg 620w\" sizes=\"auto, (max-width: 400px) 100vw, 400px\" \/><p id=\"caption-attachment-1524\" class=\"wp-caption-text\">Fonte: https:\/\/www.ufjf.br\/nugeo\/files\/2009\/11\/Geologia-Cap3.pdf<\/p><\/div>\n<p><strong>Fratura:<\/strong> Quando os minerais n\u00e3o se partem em planos, mas segundo uma superf\u00edcie irregular.<\/p>\n<p><strong>Tenacidade:<\/strong> \u00c9 a resist\u00eancia ao choque de um martelo, ou ao corte de uma l\u00e2mina de a\u00e7o.<\/p>\n<\/div>\n<\/div>\n<p><strong>Flexibilidade:<\/strong> Propriedade que os minerais possuem de sofrerem deforma\u00e7\u00f5es.<\/p>\n<p>&nbsp;<\/p>\n<p style=\"text-align: left\"><strong>PROPRIEDADES \u00d3PTICAS<\/strong><\/p>\n<p><strong>Brilho:<\/strong> \u00c9 o aspecto da reflex\u00e3o da luz na superf\u00edcie do mineral.<\/p>\n<p><strong>Cor:<\/strong> Observa\u00e7\u00e3o em superf\u00edcie de fratura recente. A superf\u00edcie exposta ao ar se transforma, formando pel\u00edculas de altera\u00e7\u00e3o.<\/p>\n<p>&nbsp;<\/p>\n<p style=\"text-align: left\"><strong>PROPRIEDADES QU\u00cdMICAS<\/strong><\/p>\n<p>Existem 12 grupos qu\u00edmicos baseados na radical qu\u00edmico, o \u00e2nion da composi\u00e7\u00e3o do mineral. Por exemplo o mineral Quartzo, cuja f\u00f3rmula qu\u00edmica \u00e9 SiO2, sendo a carga positivo o \u00edon de Sil\u00edcio, e a carga negativa o \u00edon de Oxig\u00eanio. Em toda f\u00f3rmula qu\u00edmica, as cargas negativas ficam sempre no final da f\u00f3rmula, como no caso do Quartzo.<\/p>\n<p>Os grupos qu\u00edmicos s\u00e3o esses:<\/p>\n<ul>\n<li style=\"list-style-type: none\">\n<ul>\n<li><strong>Elementos Nativos<\/strong>: minerais que possuem somente um elemento qu\u00edmico. Ex.: Ouro, diamante, grafite;<\/li>\n<li><strong>Sulfetos<\/strong>: minerais que possuem radical S(enxofre). Ex.: Pirita, Bornita;<\/li>\n<li><strong>Sulfossais:<\/strong> minerais que possuem radical Pb, Cu ou Ag, combinados com S, As, Bi, etc. Ex.: Enargita, Tetraedita;<\/li>\n<li><strong>\u00d3xidos:<\/strong> combina\u00e7\u00e3o de um metal com o oxig\u00eanio. Ex. gelo, cuprita, corindon, etc. Hidr\u00f3xidos: presen\u00e7a da \u00e1gua ou hidroxila. Ex. bauxita;<\/li>\n<li><strong>Haloides:<\/strong> cloretos, fluoretos, brometos e iodetos. Ex. halita, silvita, fluorita, etc.<\/li>\n<li><strong>Carbonatos<\/strong>:\u00a0minerais com o radical CO3. Ex. calcita, dolomita, etc.<\/li>\n<li><strong>Nitratos:<\/strong>\u00a0minerais com o radical NO3. Ex. nitro de s\u00f3dio.<\/li>\n<li><strong>Boratos:<\/strong>\u00a0minerais com o radical BO3. Ex. boracita.<\/li>\n<li><strong>Fosfatos<\/strong>:\u00a0minerais com o radical PO4. Ex. Apatita.<\/li>\n<li><strong>Tungstatos:<\/strong>\u00a0minerais com o radical WO4. Ex. scheelita.<\/li>\n<li><strong>Sulfatos:<\/strong> minerais com o radical SO4. Ex. barita.<\/li>\n<\/ul>\n<\/li>\n<\/ul>\n<h3 style=\"text-align: center\"><a href=\"https:\/\/wp.ufpel.edu.br\/museudesolosrochaseminerais\/silicatos\/\">Silicatos: Principal classe de minerais <\/a><\/h3>\n<div><\/div>\n<div><\/div>\n<div><strong>F<span style=\"font-size: 10pt\">onte:<\/span><\/strong><\/div>\n<div><span style=\"font-size: 10pt\"> https:\/\/www.ufjf.br\/nugeo\/files\/2009\/11\/Geologia-Cap3.pdf<\/span><\/div>\n<\/div>\n<\/div>\n<\/div>\n<div id=\"pg-45-0\" class=\"panel-grid panel-no-style\">\n<div id=\"pgc-45-0-0\" class=\"panel-grid-cell\" data-weight=\"1\">\n<div id=\"panel-45-0-0-0\" class=\"so-panel widget widget_sow-editor panel-first-child panel-last-child\" data-index=\"0\">\n<div class=\"so-widget-sow-editor so-widget-sow-editor-base\">\n<p style=\"text-align: left\"><span style=\"font-size: 10pt\">https:\/\/www.sobregeologia.com.br\/2016\/12\/mineralogia-classificacao-quimica-dos.html<\/span><\/p>\n<\/div>\n<\/div>\n<\/div>\n<\/div>\n<\/div>\n","protected":false},"excerpt":{"rendered":"<p>O que \u00e9 um Mineral ? &#8220;Um mineral \u00e9 um s\u00f3lido homog\u00eaneo de ocorr\u00eancia natural, formado inorg\u00e2nico, com uma composi\u00e7\u00e3o qu\u00edmica definida e um arranjo at\u00f4mico ordenado&#8221; (Mason et al. 1968). Mineralogia \u2013 ci\u00eancia que estuda as propriedades, composi\u00e7\u00e3o, maneira de ocorr\u00eancia e g\u00eanese dos minerais. Cristal: Formados quando h\u00e1 um ambiente favor\u00e1vel (lento aquecimento).Os [&hellip;]<\/p>\n","protected":false},"author":1048,"featured_media":0,"parent":0,"menu_order":0,"comment_status":"closed","ping_status":"closed","template":"","meta":{"footnotes":""},"class_list":["post-45","page","type-page","status-publish","hentry","post"],"_links":{"self":[{"href":"https:\/\/wp.ufpel.edu.br\/museudesolosrochaseminerais\/wp-json\/wp\/v2\/pages\/45","targetHints":{"allow":["GET"]}}],"collection":[{"href":"https:\/\/wp.ufpel.edu.br\/museudesolosrochaseminerais\/wp-json\/wp\/v2\/pages"}],"about":[{"href":"https:\/\/wp.ufpel.edu.br\/museudesolosrochaseminerais\/wp-json\/wp\/v2\/types\/page"}],"author":[{"embeddable":true,"href":"https:\/\/wp.ufpel.edu.br\/museudesolosrochaseminerais\/wp-json\/wp\/v2\/users\/1048"}],"replies":[{"embeddable":true,"href":"https:\/\/wp.ufpel.edu.br\/museudesolosrochaseminerais\/wp-json\/wp\/v2\/comments?post=45"}],"version-history":[{"count":20,"href":"https:\/\/wp.ufpel.edu.br\/museudesolosrochaseminerais\/wp-json\/wp\/v2\/pages\/45\/revisions"}],"predecessor-version":[{"id":1963,"href":"https:\/\/wp.ufpel.edu.br\/museudesolosrochaseminerais\/wp-json\/wp\/v2\/pages\/45\/revisions\/1963"}],"wp:attachment":[{"href":"https:\/\/wp.ufpel.edu.br\/museudesolosrochaseminerais\/wp-json\/wp\/v2\/media?parent=45"}],"curies":[{"name":"wp","href":"https:\/\/api.w.org\/{rel}","templated":true}]}}