{"id":218,"date":"2020-08-01T18:47:33","date_gmt":"2020-08-01T21:47:33","guid":{"rendered":"https:\/\/wp.ufpel.edu.br\/museudesolosrochaseminerais\/?page_id=218"},"modified":"2020-09-10T18:59:12","modified_gmt":"2020-09-10T21:59:12","slug":"quem-somos","status":"publish","type":"page","link":"https:\/\/wp.ufpel.edu.br\/museudesolosrochaseminerais\/quem-somos\/","title":{"rendered":"Quem Somos"},"content":{"rendered":"<p><img loading=\"lazy\" decoding=\"async\" class=\" wp-image-1056 alignleft\" src=\"https:\/\/wp.ufpel.edu.br\/museudesolosrochaseminerais\/files\/2020\/09\/WhatsApp-Image-2020-09-10-at-13.29.07-400x225.jpeg\" alt=\"\" width=\"327\" height=\"184\" srcset=\"https:\/\/wp.ufpel.edu.br\/museudesolosrochaseminerais\/files\/2020\/09\/WhatsApp-Image-2020-09-10-at-13.29.07-400x225.jpeg 400w, https:\/\/wp.ufpel.edu.br\/museudesolosrochaseminerais\/files\/2020\/09\/WhatsApp-Image-2020-09-10-at-13.29.07-1024x576.jpeg 1024w, https:\/\/wp.ufpel.edu.br\/museudesolosrochaseminerais\/files\/2020\/09\/WhatsApp-Image-2020-09-10-at-13.29.07-768x432.jpeg 768w, https:\/\/wp.ufpel.edu.br\/museudesolosrochaseminerais\/files\/2020\/09\/WhatsApp-Image-2020-09-10-at-13.29.07.jpeg 1032w\" sizes=\"auto, (max-width: 327px) 100vw, 327px\" \/>O Museu Virtual de Solos, Rochas e Minerais \u00e9 uma espa\u00e7o destinado a exposi\u00e7\u00e3o do acervo hist\u00f3rico que se encontra no Departamento de Solos da Faculdade de Agronomia Eliseu Maciel (FAEM), pertencente a Universidade Federal de Pelotas (UFPEL).<\/p>\n<p>O Museu foi criado para disponibilizar o acesso ao acervo existente para os alunos, com o intuito de auxiliar nas disciplinas de Morfologia e G\u00eanese do solos e Classifica\u00e7\u00e3o do Solos sendo tamb\u00e9m a inclus\u00e3o de outras disciplinas ofertadas pelo Departamento de Solos. O acervo \u00e9 composto por pe\u00e7as de cole\u00e7\u00e3o did\u00e1ticas e cole\u00e7\u00e3o de acervo pessoal no qual foram doadas para o departamento de solos, tais como exemplares de\u00a0 minerais e rochas\u00a0 que abrangem v\u00e1rias partes do Brasil e do mundo, incluindo tamb\u00e9m equipamentos que foram utilizado no decorrer da exist\u00eancia da FAEM.<img loading=\"lazy\" decoding=\"async\" class=\" wp-image-1057 alignright\" src=\"https:\/\/wp.ufpel.edu.br\/museudesolosrochaseminerais\/files\/2020\/09\/WhatsApp-Image-2020-09-10-at-13.29.06-400x225.jpeg\" alt=\"\" width=\"271\" height=\"152\" srcset=\"https:\/\/wp.ufpel.edu.br\/museudesolosrochaseminerais\/files\/2020\/09\/WhatsApp-Image-2020-09-10-at-13.29.06-400x225.jpeg 400w, https:\/\/wp.ufpel.edu.br\/museudesolosrochaseminerais\/files\/2020\/09\/WhatsApp-Image-2020-09-10-at-13.29.06-1024x576.jpeg 1024w, https:\/\/wp.ufpel.edu.br\/museudesolosrochaseminerais\/files\/2020\/09\/WhatsApp-Image-2020-09-10-at-13.29.06-768x432.jpeg 768w, https:\/\/wp.ufpel.edu.br\/museudesolosrochaseminerais\/files\/2020\/09\/WhatsApp-Image-2020-09-10-at-13.29.06.jpeg 1032w\" sizes=\"auto, (max-width: 271px) 100vw, 271px\" \/><\/p>\n<p style=\"text-align: left\">O museu tem o objetivo\u00a0 de expandir suas informa\u00e7\u00f5es afim de auxiliar cada vez mais o ensino, pesquisa e extens\u00e3o.<\/p>\n<p>&nbsp;<\/p>\n","protected":false},"excerpt":{"rendered":"<p>O Museu Virtual de Solos, Rochas e Minerais \u00e9 uma espa\u00e7o destinado a exposi\u00e7\u00e3o do acervo hist\u00f3rico que se encontra no Departamento de Solos da Faculdade de Agronomia Eliseu Maciel (FAEM), pertencente a Universidade Federal de Pelotas (UFPEL). O Museu foi criado para disponibilizar o acesso ao acervo existente para os alunos, com o intuito [&hellip;]<\/p>\n","protected":false},"author":1048,"featured_media":0,"parent":0,"menu_order":0,"comment_status":"closed","ping_status":"closed","template":"","meta":{"footnotes":""},"class_list":["post-218","page","type-page","status-publish","hentry","post"],"_links":{"self":[{"href":"https:\/\/wp.ufpel.edu.br\/museudesolosrochaseminerais\/wp-json\/wp\/v2\/pages\/218","targetHints":{"allow":["GET"]}}],"collection":[{"href":"https:\/\/wp.ufpel.edu.br\/museudesolosrochaseminerais\/wp-json\/wp\/v2\/pages"}],"about":[{"href":"https:\/\/wp.ufpel.edu.br\/museudesolosrochaseminerais\/wp-json\/wp\/v2\/types\/page"}],"author":[{"embeddable":true,"href":"https:\/\/wp.ufpel.edu.br\/museudesolosrochaseminerais\/wp-json\/wp\/v2\/users\/1048"}],"replies":[{"embeddable":true,"href":"https:\/\/wp.ufpel.edu.br\/museudesolosrochaseminerais\/wp-json\/wp\/v2\/comments?post=218"}],"version-history":[{"count":5,"href":"https:\/\/wp.ufpel.edu.br\/museudesolosrochaseminerais\/wp-json\/wp\/v2\/pages\/218\/revisions"}],"predecessor-version":[{"id":1058,"href":"https:\/\/wp.ufpel.edu.br\/museudesolosrochaseminerais\/wp-json\/wp\/v2\/pages\/218\/revisions\/1058"}],"wp:attachment":[{"href":"https:\/\/wp.ufpel.edu.br\/museudesolosrochaseminerais\/wp-json\/wp\/v2\/media?parent=218"}],"curies":[{"name":"wp","href":"https:\/\/api.w.org\/{rel}","templated":true}]}}