{"id":1749,"date":"2020-10-23T13:54:05","date_gmt":"2020-10-23T16:54:05","guid":{"rendered":"https:\/\/wp.ufpel.edu.br\/museudesolosrochaseminerais\/?page_id=1749"},"modified":"2021-02-03T16:30:00","modified_gmt":"2021-02-03T19:30:00","slug":"zeolitos-em-malafitos","status":"publish","type":"page","link":"https:\/\/wp.ufpel.edu.br\/museudesolosrochaseminerais\/zeolitos-em-malafitos\/","title":{"rendered":"Zeolitos em Malaf\u00edtos"},"content":{"rendered":"<div id=\"pl-1749\"  class=\"panel-layout\" ><div id=\"pg-1749-0\"  class=\"panel-grid panel-no-style\" ><div id=\"pgc-1749-0-0\"  class=\"panel-grid-cell\" ><div id=\"panel-1749-0-0-0\" class=\"so-panel widget widget_sow-editor panel-first-child panel-last-child\" data-index=\"0\" ><div\n\t\t\t\n\t\t\tclass=\"so-widget-sow-editor so-widget-sow-editor-base\"\n\t\t\t\n\t\t>\n<div class=\"siteorigin-widget-tinymce textwidget\">\n\t<p><span style=\"font-size: 14pt\"><strong>Descri\u00e7\u00e3o:\u00a0<\/strong><span style=\"font-size: 12pt\">Os<\/span><\/span>\u00a0ze\u00f3litos,\u00a0ze\u00f3litas\u00a0ou\u00a0zeolites<span style=\"font-size: 14pt\"><span style=\"font-size: 12pt\"> [dos termos gregos <i>zein<\/i>\u00a0(ferver) +\u00a0<i>lithos<\/i> (pedra)] constituem um grupo numeroso de minerais \u00a0que possuem uma estrutura porosa. O termo foi aplicado pela primeira vez pelo\u00a0 <a title=\"Mineralogia\" href=\"https:\/\/pt.wikipedia.org\/wiki\/Mineralogia\">mineralogista<\/a> <a title=\"Su\u00e9cia\" href=\"https:\/\/pt.wikipedia.org\/wiki\/Su%C3%A9cia\">sueco<\/a> <a title=\"Axel Fredrik Cronstedt\" href=\"https:\/\/pt.wikipedia.org\/wiki\/Axel_Fredrik_Cronstedt\">Axel Fredrik Cronstedt<\/a> depois de observar que, ap\u00f3s o aquecimento r\u00e1pido de um mineral natural, as pedras come\u00e7avam a saltitar \u00e0 medida que a \u00e1gua\u00a0se evaporava. Usando as palavras gregas significando \"pedra que ferve\", chamou este material ze\u00f3lito.<\/span><\/span><\/p>\n<p style=\"text-align: right\"><span style=\"font-size: 10pt\">Fonte:https:\/\/pt.wikipedia.org\/wiki\/Zeolito<\/span><\/p>\n\n\t\t<style type=\"text\/css\">\n\t\t\t#gallery-1 {\n\t\t\t\tmargin: auto;\n\t\t\t}\n\t\t\t#gallery-1 .gallery-item {\n\t\t\t\tfloat: left;\n\t\t\t\tmargin-top: 10px;\n\t\t\t\ttext-align: center;\n\t\t\t\twidth: 33%;\n\t\t\t}\n\t\t\t#gallery-1 img {\n\t\t\t\tborder: 2px solid #cfcfcf;\n\t\t\t}\n\t\t\t#gallery-1 .gallery-caption {\n\t\t\t\tmargin-left: 0;\n\t\t\t}\n\t\t\t\/* see gallery_shortcode() in wp-includes\/media.php *\/\n\t\t<\/style>\n\t\t<div id='gallery-1' class='gallery galleryid-1749 gallery-columns-3 gallery-size-medium'><dl class='gallery-item'>\n\t\t\t<dt class='gallery-icon landscape'>\n\t\t\t\t<a href='https:\/\/wp.ufpel.edu.br\/museudesolosrochaseminerais\/zeolitos-em-malafitos\/zeolito-1\/#main'><img loading=\"lazy\" decoding=\"async\" width=\"400\" height=\"268\" src=\"https:\/\/wp.ufpel.edu.br\/museudesolosrochaseminerais\/files\/2021\/01\/ZEOLITO-1-400x268.jpg\" class=\"attachment-medium size-medium\" alt=\"\" aria-describedby=\"gallery-1-2080\" srcset=\"https:\/\/wp.ufpel.edu.br\/museudesolosrochaseminerais\/files\/2021\/01\/ZEOLITO-1-400x268.jpg 400w, https:\/\/wp.ufpel.edu.br\/museudesolosrochaseminerais\/files\/2021\/01\/ZEOLITO-1-1024x685.jpg 1024w, https:\/\/wp.ufpel.edu.br\/museudesolosrochaseminerais\/files\/2021\/01\/ZEOLITO-1-768x514.jpg 768w, https:\/\/wp.ufpel.edu.br\/museudesolosrochaseminerais\/files\/2021\/01\/ZEOLITO-1-272x182.jpg 272w, https:\/\/wp.ufpel.edu.br\/museudesolosrochaseminerais\/files\/2021\/01\/ZEOLITO-1.jpg 1536w\" sizes=\"auto, (max-width: 400px) 100vw, 400px\" \/><\/a>\n\t\t\t<\/dt>\n\t\t\t\t<dd class='wp-caption-text gallery-caption' id='gallery-1-2080'>\n\t\t\t\tCol. Drs. Jos\u00e9 Emil\u00edo Araujo e Enerts Pontsch Obs. Ponte Palmital\n\t\t\t\t<\/dd><\/dl><dl class='gallery-item'>\n\t\t\t<dt class='gallery-icon landscape'>\n\t\t\t\t<a href='https:\/\/wp.ufpel.edu.br\/museudesolosrochaseminerais\/zeolitos-em-malafitos\/zeolito-2\/#main'><img loading=\"lazy\" decoding=\"async\" width=\"400\" height=\"268\" src=\"https:\/\/wp.ufpel.edu.br\/museudesolosrochaseminerais\/files\/2021\/01\/ZEOLITO-2-400x268.jpg\" class=\"attachment-medium size-medium\" alt=\"\" aria-describedby=\"gallery-1-2081\" srcset=\"https:\/\/wp.ufpel.edu.br\/museudesolosrochaseminerais\/files\/2021\/01\/ZEOLITO-2-400x268.jpg 400w, https:\/\/wp.ufpel.edu.br\/museudesolosrochaseminerais\/files\/2021\/01\/ZEOLITO-2-1024x685.jpg 1024w, https:\/\/wp.ufpel.edu.br\/museudesolosrochaseminerais\/files\/2021\/01\/ZEOLITO-2-768x514.jpg 768w, https:\/\/wp.ufpel.edu.br\/museudesolosrochaseminerais\/files\/2021\/01\/ZEOLITO-2-272x182.jpg 272w, https:\/\/wp.ufpel.edu.br\/museudesolosrochaseminerais\/files\/2021\/01\/ZEOLITO-2.jpg 1536w\" sizes=\"auto, (max-width: 400px) 100vw, 400px\" \/><\/a>\n\t\t\t<\/dt>\n\t\t\t\t<dd class='wp-caption-text gallery-caption' id='gallery-1-2081'>\n\t\t\t\tCol. Drs. Jos\u00e9 Emil\u00edo Araujo e Enerts Pontsch Obs. Ponte Palmital\n\t\t\t\t<\/dd><\/dl><dl class='gallery-item'>\n\t\t\t<dt class='gallery-icon landscape'>\n\t\t\t\t<a href='https:\/\/wp.ufpel.edu.br\/museudesolosrochaseminerais\/zeolitos-em-malafitos\/zeolito-3\/#main'><img loading=\"lazy\" decoding=\"async\" width=\"400\" height=\"268\" src=\"https:\/\/wp.ufpel.edu.br\/museudesolosrochaseminerais\/files\/2021\/01\/ZEOLITO-3-400x268.jpg\" class=\"attachment-medium size-medium\" alt=\"\" aria-describedby=\"gallery-1-2082\" srcset=\"https:\/\/wp.ufpel.edu.br\/museudesolosrochaseminerais\/files\/2021\/01\/ZEOLITO-3-400x268.jpg 400w, https:\/\/wp.ufpel.edu.br\/museudesolosrochaseminerais\/files\/2021\/01\/ZEOLITO-3-1024x685.jpg 1024w, https:\/\/wp.ufpel.edu.br\/museudesolosrochaseminerais\/files\/2021\/01\/ZEOLITO-3-768x514.jpg 768w, https:\/\/wp.ufpel.edu.br\/museudesolosrochaseminerais\/files\/2021\/01\/ZEOLITO-3-272x182.jpg 272w, https:\/\/wp.ufpel.edu.br\/museudesolosrochaseminerais\/files\/2021\/01\/ZEOLITO-3.jpg 1536w\" sizes=\"auto, (max-width: 400px) 100vw, 400px\" \/><\/a>\n\t\t\t<\/dt>\n\t\t\t\t<dd class='wp-caption-text gallery-caption' id='gallery-1-2082'>\n\t\t\t\tCol. Drs. Jos\u00e9 Emil\u00edo Araujo e Enerts Pontsch Obs. Ponte Palmital\n\t\t\t\t<\/dd><\/dl><br style=\"clear: both\" \/><dl class='gallery-item'>\n\t\t\t<dt class='gallery-icon landscape'>\n\t\t\t\t<a href='https:\/\/wp.ufpel.edu.br\/museudesolosrochaseminerais\/zeolitos-em-malafitos\/zeolito-5\/#main'><img loading=\"lazy\" decoding=\"async\" width=\"400\" height=\"268\" src=\"https:\/\/wp.ufpel.edu.br\/museudesolosrochaseminerais\/files\/2021\/01\/ZEOLITO-5-400x268.jpg\" class=\"attachment-medium size-medium\" alt=\"\" aria-describedby=\"gallery-1-2083\" srcset=\"https:\/\/wp.ufpel.edu.br\/museudesolosrochaseminerais\/files\/2021\/01\/ZEOLITO-5-400x268.jpg 400w, https:\/\/wp.ufpel.edu.br\/museudesolosrochaseminerais\/files\/2021\/01\/ZEOLITO-5-1024x685.jpg 1024w, https:\/\/wp.ufpel.edu.br\/museudesolosrochaseminerais\/files\/2021\/01\/ZEOLITO-5-768x514.jpg 768w, https:\/\/wp.ufpel.edu.br\/museudesolosrochaseminerais\/files\/2021\/01\/ZEOLITO-5-272x182.jpg 272w, https:\/\/wp.ufpel.edu.br\/museudesolosrochaseminerais\/files\/2021\/01\/ZEOLITO-5.jpg 1536w\" sizes=\"auto, (max-width: 400px) 100vw, 400px\" \/><\/a>\n\t\t\t<\/dt>\n\t\t\t\t<dd class='wp-caption-text gallery-caption' id='gallery-1-2083'>\n\t\t\t\tCol. Drs. Jos\u00e9 Emil\u00edo Araujo e Enerts Pontsch Obs. Ponte Palmital\n\t\t\t\t<\/dd><\/dl><dl class='gallery-item'>\n\t\t\t<dt class='gallery-icon landscape'>\n\t\t\t\t<a href='https:\/\/wp.ufpel.edu.br\/museudesolosrochaseminerais\/zeolitos-em-malafitos\/zeolito-6\/#main'><img loading=\"lazy\" decoding=\"async\" width=\"400\" height=\"268\" src=\"https:\/\/wp.ufpel.edu.br\/museudesolosrochaseminerais\/files\/2021\/01\/ZEOLITO-6-400x268.jpg\" class=\"attachment-medium size-medium\" alt=\"\" aria-describedby=\"gallery-1-2084\" srcset=\"https:\/\/wp.ufpel.edu.br\/museudesolosrochaseminerais\/files\/2021\/01\/ZEOLITO-6-400x268.jpg 400w, https:\/\/wp.ufpel.edu.br\/museudesolosrochaseminerais\/files\/2021\/01\/ZEOLITO-6-1024x685.jpg 1024w, https:\/\/wp.ufpel.edu.br\/museudesolosrochaseminerais\/files\/2021\/01\/ZEOLITO-6-768x514.jpg 768w, https:\/\/wp.ufpel.edu.br\/museudesolosrochaseminerais\/files\/2021\/01\/ZEOLITO-6-272x182.jpg 272w, https:\/\/wp.ufpel.edu.br\/museudesolosrochaseminerais\/files\/2021\/01\/ZEOLITO-6.jpg 1536w\" sizes=\"auto, (max-width: 400px) 100vw, 400px\" \/><\/a>\n\t\t\t<\/dt>\n\t\t\t\t<dd class='wp-caption-text gallery-caption' id='gallery-1-2084'>\n\t\t\t\tCol. Drs. Jos\u00e9 Emil\u00edo Araujo e Enerts Pontsch Obs. Ponte Palmital\n\t\t\t\t<\/dd><\/dl><dl class='gallery-item'>\n\t\t\t<dt class='gallery-icon landscape'>\n\t\t\t\t<a href='https:\/\/wp.ufpel.edu.br\/museudesolosrochaseminerais\/zeolitos-em-malafitos\/zeolito-i\/#main'><img loading=\"lazy\" decoding=\"async\" width=\"400\" height=\"268\" src=\"https:\/\/wp.ufpel.edu.br\/museudesolosrochaseminerais\/files\/2021\/01\/ZEOLITO-I-400x268.jpg\" class=\"attachment-medium size-medium\" alt=\"\" aria-describedby=\"gallery-1-2085\" srcset=\"https:\/\/wp.ufpel.edu.br\/museudesolosrochaseminerais\/files\/2021\/01\/ZEOLITO-I-400x268.jpg 400w, https:\/\/wp.ufpel.edu.br\/museudesolosrochaseminerais\/files\/2021\/01\/ZEOLITO-I-1024x685.jpg 1024w, https:\/\/wp.ufpel.edu.br\/museudesolosrochaseminerais\/files\/2021\/01\/ZEOLITO-I-768x514.jpg 768w, https:\/\/wp.ufpel.edu.br\/museudesolosrochaseminerais\/files\/2021\/01\/ZEOLITO-I-272x182.jpg 272w, https:\/\/wp.ufpel.edu.br\/museudesolosrochaseminerais\/files\/2021\/01\/ZEOLITO-I.jpg 1536w\" sizes=\"auto, (max-width: 400px) 100vw, 400px\" \/><\/a>\n\t\t\t<\/dt>\n\t\t\t\t<dd class='wp-caption-text gallery-caption' id='gallery-1-2085'>\n\t\t\t\tDescri\u00e7\u00e3o: Zeolitos no Mal\u00edrifo  Local: Vale do Rio das Antas, Bento Gon\u00e7alves- RS  Cole\u00e7\u00e3o: Elisabeth Poestch- 1955  Acervo: Departamento de Solos- UFPel\n\t\t\t\t<\/dd><\/dl><br style=\"clear: both\" \/><dl class='gallery-item'>\n\t\t\t<dt class='gallery-icon landscape'>\n\t\t\t\t<a href='https:\/\/wp.ufpel.edu.br\/museudesolosrochaseminerais\/zeolitos-em-malafitos\/zeolito-ii\/#main'><img loading=\"lazy\" decoding=\"async\" width=\"400\" height=\"268\" src=\"https:\/\/wp.ufpel.edu.br\/museudesolosrochaseminerais\/files\/2021\/01\/ZEOLITO-II-400x268.jpg\" class=\"attachment-medium size-medium\" alt=\"\" aria-describedby=\"gallery-1-2086\" srcset=\"https:\/\/wp.ufpel.edu.br\/museudesolosrochaseminerais\/files\/2021\/01\/ZEOLITO-II-400x268.jpg 400w, https:\/\/wp.ufpel.edu.br\/museudesolosrochaseminerais\/files\/2021\/01\/ZEOLITO-II-1024x685.jpg 1024w, https:\/\/wp.ufpel.edu.br\/museudesolosrochaseminerais\/files\/2021\/01\/ZEOLITO-II-768x514.jpg 768w, https:\/\/wp.ufpel.edu.br\/museudesolosrochaseminerais\/files\/2021\/01\/ZEOLITO-II-272x182.jpg 272w, https:\/\/wp.ufpel.edu.br\/museudesolosrochaseminerais\/files\/2021\/01\/ZEOLITO-II.jpg 1536w\" sizes=\"auto, (max-width: 400px) 100vw, 400px\" \/><\/a>\n\t\t\t<\/dt>\n\t\t\t\t<dd class='wp-caption-text gallery-caption' id='gallery-1-2086'>\n\t\t\t\tDescri\u00e7\u00e3o: Zeolitos no Mal\u00edrifo  Local: Vale do Rio das Antas, Bento Gon\u00e7alves- RS  Cole\u00e7\u00e3o: Elisabeth Poestch- 1955  Acervo: Departamento de Solos- UFPel\n\t\t\t\t<\/dd><\/dl><dl class='gallery-item'>\n\t\t\t<dt class='gallery-icon landscape'>\n\t\t\t\t<a href='https:\/\/wp.ufpel.edu.br\/museudesolosrochaseminerais\/zeolitos-em-malafitos\/zeolito-iii\/#main'><img loading=\"lazy\" decoding=\"async\" width=\"400\" height=\"268\" src=\"https:\/\/wp.ufpel.edu.br\/museudesolosrochaseminerais\/files\/2021\/01\/ZEOLITO-III-400x268.jpg\" class=\"attachment-medium size-medium\" alt=\"\" aria-describedby=\"gallery-1-2087\" srcset=\"https:\/\/wp.ufpel.edu.br\/museudesolosrochaseminerais\/files\/2021\/01\/ZEOLITO-III-400x268.jpg 400w, https:\/\/wp.ufpel.edu.br\/museudesolosrochaseminerais\/files\/2021\/01\/ZEOLITO-III-1024x685.jpg 1024w, https:\/\/wp.ufpel.edu.br\/museudesolosrochaseminerais\/files\/2021\/01\/ZEOLITO-III-768x514.jpg 768w, https:\/\/wp.ufpel.edu.br\/museudesolosrochaseminerais\/files\/2021\/01\/ZEOLITO-III-272x182.jpg 272w, https:\/\/wp.ufpel.edu.br\/museudesolosrochaseminerais\/files\/2021\/01\/ZEOLITO-III.jpg 1536w\" sizes=\"auto, (max-width: 400px) 100vw, 400px\" \/><\/a>\n\t\t\t<\/dt>\n\t\t\t\t<dd class='wp-caption-text gallery-caption' id='gallery-1-2087'>\n\t\t\t\tDescri\u00e7\u00e3o: Zeolitos no Mal\u00edrifo  Local: Vale do Rio das Antas, Bento Gon\u00e7alves- RS  Cole\u00e7\u00e3o: Elisabeth Poestch- 1955  Acervo: Departamento de Solos- UFPel\n\t\t\t\t<\/dd><\/dl><dl class='gallery-item'>\n\t\t\t<dt class='gallery-icon landscape'>\n\t\t\t\t<a href='https:\/\/wp.ufpel.edu.br\/museudesolosrochaseminerais\/zeolitos-em-malafitos\/zeolito-iv\/#main'><img loading=\"lazy\" decoding=\"async\" width=\"400\" height=\"268\" src=\"https:\/\/wp.ufpel.edu.br\/museudesolosrochaseminerais\/files\/2021\/01\/ZEOLITO-IV-400x268.jpg\" class=\"attachment-medium size-medium\" alt=\"\" aria-describedby=\"gallery-1-2088\" srcset=\"https:\/\/wp.ufpel.edu.br\/museudesolosrochaseminerais\/files\/2021\/01\/ZEOLITO-IV-400x268.jpg 400w, https:\/\/wp.ufpel.edu.br\/museudesolosrochaseminerais\/files\/2021\/01\/ZEOLITO-IV-1024x685.jpg 1024w, https:\/\/wp.ufpel.edu.br\/museudesolosrochaseminerais\/files\/2021\/01\/ZEOLITO-IV-768x514.jpg 768w, https:\/\/wp.ufpel.edu.br\/museudesolosrochaseminerais\/files\/2021\/01\/ZEOLITO-IV-272x182.jpg 272w, https:\/\/wp.ufpel.edu.br\/museudesolosrochaseminerais\/files\/2021\/01\/ZEOLITO-IV.jpg 1536w\" sizes=\"auto, (max-width: 400px) 100vw, 400px\" \/><\/a>\n\t\t\t<\/dt>\n\t\t\t\t<dd class='wp-caption-text gallery-caption' id='gallery-1-2088'>\n\t\t\t\tDescri\u00e7\u00e3o: Zeolitos no Mal\u00edrifo  Local: Vale do Rio das Antas, Bento Gon\u00e7alves- RS  Cole\u00e7\u00e3o: Elisabeth Poestch- 1955  Acervo: Departamento de Solos- UFPel\n\t\t\t\t<\/dd><\/dl><br style=\"clear: both\" \/><dl class='gallery-item'>\n\t\t\t<dt class='gallery-icon landscape'>\n\t\t\t\t<a href='https:\/\/wp.ufpel.edu.br\/museudesolosrochaseminerais\/zeolitos-em-malafitos\/zeolito-v\/#main'><img loading=\"lazy\" decoding=\"async\" width=\"400\" height=\"268\" src=\"https:\/\/wp.ufpel.edu.br\/museudesolosrochaseminerais\/files\/2021\/01\/ZEOLITO-V-400x268.jpg\" class=\"attachment-medium size-medium\" alt=\"\" aria-describedby=\"gallery-1-2089\" srcset=\"https:\/\/wp.ufpel.edu.br\/museudesolosrochaseminerais\/files\/2021\/01\/ZEOLITO-V-400x268.jpg 400w, https:\/\/wp.ufpel.edu.br\/museudesolosrochaseminerais\/files\/2021\/01\/ZEOLITO-V-1024x685.jpg 1024w, https:\/\/wp.ufpel.edu.br\/museudesolosrochaseminerais\/files\/2021\/01\/ZEOLITO-V-768x514.jpg 768w, https:\/\/wp.ufpel.edu.br\/museudesolosrochaseminerais\/files\/2021\/01\/ZEOLITO-V-272x182.jpg 272w, https:\/\/wp.ufpel.edu.br\/museudesolosrochaseminerais\/files\/2021\/01\/ZEOLITO-V.jpg 1536w\" sizes=\"auto, (max-width: 400px) 100vw, 400px\" \/><\/a>\n\t\t\t<\/dt>\n\t\t\t\t<dd class='wp-caption-text gallery-caption' id='gallery-1-2089'>\n\t\t\t\tDescri\u00e7\u00e3o: Zeolitos no Mal\u00edrifo  Local: Vale do Rio das Antas, Bento Gon\u00e7alves- RS  Cole\u00e7\u00e3o: Elisabeth Poestch- 1955  Acervo: Departamento de Solos- UFPel\n\t\t\t\t<\/dd><\/dl>\n\t\t\t<br style='clear: both' \/>\n\t\t<\/div>\n\n<p style=\"text-align: center\"><a href=\"https:\/\/wp.ufpel.edu.br\/museudesolosrochaseminerais\/colecaominerais\/\">Voltar<\/a><\/p>\n<\/div>\n<\/div><\/div><\/div><\/div><\/div>","protected":false},"excerpt":{"rendered":"<p>Descri\u00e7\u00e3o:\u00a0Os\u00a0ze\u00f3litos,\u00a0ze\u00f3litas\u00a0ou\u00a0zeolites [dos termos gregos zein\u00a0(ferver) +\u00a0lithos (pedra)] constituem um grupo numeroso de minerais \u00a0que possuem uma estrutura porosa. O termo foi aplicado pela primeira vez pelo\u00a0 mineralogista sueco Axel Fredrik Cronstedt depois de observar que, ap\u00f3s o aquecimento r\u00e1pido de um mineral natural, as pedras come\u00e7avam a saltitar \u00e0 medida que a \u00e1gua\u00a0se evaporava. Usando [&hellip;]<\/p>\n","protected":false},"author":1048,"featured_media":0,"parent":0,"menu_order":0,"comment_status":"closed","ping_status":"closed","template":"","meta":{"footnotes":""},"class_list":["post-1749","page","type-page","status-publish","hentry","post"],"_links":{"self":[{"href":"https:\/\/wp.ufpel.edu.br\/museudesolosrochaseminerais\/wp-json\/wp\/v2\/pages\/1749","targetHints":{"allow":["GET"]}}],"collection":[{"href":"https:\/\/wp.ufpel.edu.br\/museudesolosrochaseminerais\/wp-json\/wp\/v2\/pages"}],"about":[{"href":"https:\/\/wp.ufpel.edu.br\/museudesolosrochaseminerais\/wp-json\/wp\/v2\/types\/page"}],"author":[{"embeddable":true,"href":"https:\/\/wp.ufpel.edu.br\/museudesolosrochaseminerais\/wp-json\/wp\/v2\/users\/1048"}],"replies":[{"embeddable":true,"href":"https:\/\/wp.ufpel.edu.br\/museudesolosrochaseminerais\/wp-json\/wp\/v2\/comments?post=1749"}],"version-history":[{"count":8,"href":"https:\/\/wp.ufpel.edu.br\/museudesolosrochaseminerais\/wp-json\/wp\/v2\/pages\/1749\/revisions"}],"predecessor-version":[{"id":2132,"href":"https:\/\/wp.ufpel.edu.br\/museudesolosrochaseminerais\/wp-json\/wp\/v2\/pages\/1749\/revisions\/2132"}],"wp:attachment":[{"href":"https:\/\/wp.ufpel.edu.br\/museudesolosrochaseminerais\/wp-json\/wp\/v2\/media?parent=1749"}],"curies":[{"name":"wp","href":"https:\/\/api.w.org\/{rel}","templated":true}]}}