{"id":173,"date":"2020-07-24T17:44:44","date_gmt":"2020-07-24T20:44:44","guid":{"rendered":"https:\/\/wp.ufpel.edu.br\/museudesolosrochaseminerais\/?page_id=173"},"modified":"2020-10-07T13:44:30","modified_gmt":"2020-10-07T16:44:30","slug":"intrusiva","status":"publish","type":"page","link":"https:\/\/wp.ufpel.edu.br\/museudesolosrochaseminerais\/intrusiva\/","title":{"rendered":"Intrusiva"},"content":{"rendered":"<p dir=\"ltr\">O resfriamento do magma intrusivo \u00e9 lento, dando tempo para que os minerais em forma\u00e7\u00e3o cres\u00e7am o suficiente para serem facilmente vis\u00edveis.<\/p>\n<div id=\"attachment_175\" style=\"width: 390px\" class=\"wp-caption aligncenter\"><img loading=\"lazy\" decoding=\"async\" aria-describedby=\"caption-attachment-175\" class=\"size-full wp-image-175\" src=\"https:\/\/wp.ufpel.edu.br\/museudesolosrochaseminerais\/files\/2020\/07\/rocha-ignea-intrusiva.jpg\" alt=\"\" width=\"380\" height=\"321\" \/><p id=\"caption-attachment-175\" class=\"wp-caption-text\">Fonte:https:\/\/brasilescola.uol.com.br\/<\/p><\/div>\n<p>&nbsp;<\/p>\n<p>&nbsp;<\/p>\n<p>&nbsp;<\/p>\n","protected":false},"excerpt":{"rendered":"<p>O resfriamento do magma intrusivo \u00e9 lento, dando tempo para que os minerais em forma\u00e7\u00e3o cres\u00e7am o suficiente para serem facilmente vis\u00edveis. &nbsp; &nbsp; &nbsp;<\/p>\n","protected":false},"author":1048,"featured_media":0,"parent":0,"menu_order":0,"comment_status":"closed","ping_status":"closed","template":"","meta":{"footnotes":""},"class_list":["post-173","page","type-page","status-publish","hentry","post"],"_links":{"self":[{"href":"https:\/\/wp.ufpel.edu.br\/museudesolosrochaseminerais\/wp-json\/wp\/v2\/pages\/173","targetHints":{"allow":["GET"]}}],"collection":[{"href":"https:\/\/wp.ufpel.edu.br\/museudesolosrochaseminerais\/wp-json\/wp\/v2\/pages"}],"about":[{"href":"https:\/\/wp.ufpel.edu.br\/museudesolosrochaseminerais\/wp-json\/wp\/v2\/types\/page"}],"author":[{"embeddable":true,"href":"https:\/\/wp.ufpel.edu.br\/museudesolosrochaseminerais\/wp-json\/wp\/v2\/users\/1048"}],"replies":[{"embeddable":true,"href":"https:\/\/wp.ufpel.edu.br\/museudesolosrochaseminerais\/wp-json\/wp\/v2\/comments?post=173"}],"version-history":[{"count":5,"href":"https:\/\/wp.ufpel.edu.br\/museudesolosrochaseminerais\/wp-json\/wp\/v2\/pages\/173\/revisions"}],"predecessor-version":[{"id":1105,"href":"https:\/\/wp.ufpel.edu.br\/museudesolosrochaseminerais\/wp-json\/wp\/v2\/pages\/173\/revisions\/1105"}],"wp:attachment":[{"href":"https:\/\/wp.ufpel.edu.br\/museudesolosrochaseminerais\/wp-json\/wp\/v2\/media?parent=173"}],"curies":[{"name":"wp","href":"https:\/\/api.w.org\/{rel}","templated":true}]}}